000
CXUS53 KEAX 020337 RRA
CLMIRK

CLIMATE REPORT
NATIONAL WEATHER SERVICE KANSAS CITY/PLEASANT HILL MO
1026 PM CDT MON AUG 1 2016

...................................

...THE KIRKSVILLE CLIMATE SUMMARY FOR THE MONTH OF JULY 2016...

CLIMATE NORMAL PERIOD 1981 TO 2010
CLIMATE RECORD PERIOD 9999 TO 9999

WEATHER         OBSERVED          NORMAL  DEPART  LAST YEAR`S
                 VALUE   DATE(S)  VALUE   FROM    VALUE  DATE(S)
                                          NORMAL
................................................................
TEMPERATURE (F)
HIGHEST            96   07/23        95       1       94  07/17
LOWEST             57   07/03        54       3       55  07/09
                                                          07/04
AVG. MAXIMUM     86.3              85.3     1.0     84.9
AVG. MINIMUM     66.0              64.8     1.2     65.7
MEAN             76.1              75.1     1.0     75.3
DAYS MAX >= 90     11               8.3     2.7        8
DAYS MAX <= 32      0               0.0     0.0        0
DAYS MIN <= 32      0               0.0     0.0        0
DAYS MIN <= 0       0               0.0     0.0        0

PRECIPITATION (INCHES)
TOTALS           2.22              4.66   -2.44     6.85
DAILY AVG.       0.07              0.15   -0.08     0.22
DAYS >= .01         9               9.5    -0.5       15
DAYS >= .10         5               5.7    -0.7       13
DAYS >= .50         1               2.5    -1.5        3
DAYS >= 1.00        0               1.0    -1.0        2
GREATEST
 24 HR. TOTAL    0.90   07/02 TO 07/03

DEGREE_DAYS
HEATING TOTAL       6                 1       5        5
 SINCE 7/1          6                 1       5        5
COOLING TOTAL     359               313      46      332
 SINCE 1/1        754               567     187      642
.................................................................

WIND (MPH)
AVERAGE WIND SPEED              6.7
HIGHEST WIND SPEED/DIRECTION    33/320    DATE  07/07
HIGHEST GUST SPEED/DIRECTION    49/320    DATE  07/07

SKY COVER
POSSIBLE SUNSHINE (PERCENT)   MM
AVERAGE SKY COVER           0.20
NUMBER OF DAYS FAIR           27
NUMBER OF DAYS PC              1
NUMBER OF DAYS CLOUDY          3

AVERAGE RH (PERCENT)     75

WEATHER CONDITIONS. NUMBER OF DAYS WITH
THUNDERSTORM             12     MIXED PRECIP               0
HEAVY RAIN               11     RAIN                       5
LIGHT RAIN               14     FREEZING RAIN              0
LT FREEZING RAIN          0     HAIL                       0
HEAVY SNOW                0     SNOW                       0
LIGHT SNOW                0     SLEET                      0
FOG                      18     FOG W/VIS <= 1/4 MILE      3
HAZE                      0

-  INDICATES NEGATIVE NUMBERS.
R  INDICATES RECORD WAS SET OR TIED.
MM INDICATES DATA IS MISSING.
T  INDICATES TRACE AMOUNT.

$$
