230
CXUS53 KEAX 011134 RRA
CLMIRK

CLIMATE REPORT
NATIONAL WEATHER SERVICE KANSAS CITY/PLEASANT HILL MO
627 AM CDT THU SEP 1 2016

...................................

...THE KIRKSVILLE CLIMATE SUMMARY FOR THE MONTH OF AUGUST 2016...

CLIMATE NORMAL PERIOD 1981 TO 2010
CLIMATE RECORD PERIOD 9999 TO 9999

WEATHER         OBSERVED          NORMAL  DEPART  LAST YEAR`S
                 VALUE   DATE(S)  VALUE   FROM    VALUE  DATE(S)
                                          NORMAL
................................................................
TEMPERATURE (F)
HIGHEST            96   08/04        95       1       90  08/31
                                                          08/02
                                                          08/01
LOWEST             54   08/22        52       2       48  08/26
                        08/21
AVG. MAXIMUM     84.9              84.4     0.5     82.4
AVG. MINIMUM     65.5              63.1     2.4     61.9
MEAN             75.2              73.7     1.5     72.1
DAYS MAX >= 90      5               7.2    -2.2        3
DAYS MAX <= 32      0               0.0     0.0        0
DAYS MIN <= 32      0               0.0     0.0        0
DAYS MIN <= 0       0               0.0     0.0        0

PRECIPITATION (INCHES)
TOTALS           7.14              3.82    3.32     2.43
DAILY AVG.       0.23              0.12    0.11     0.08
DAYS >= .01        15              11.5     3.5        9
DAYS >= .10        10               7.2     2.8        5
DAYS >= .50         8               3.2     4.8        2
DAYS >= 1.00        2               1.3     0.7        0
GREATEST
 24 HR. TOTAL    1.36   08/30 TO 08/30
                        08/29 TO 08/30
                        08/30 TO 08/30

DEGREE_DAYS
HEATING TOTAL       0                 6      -6        8
 SINCE 7/1          6                 7      -1       13
COOLING TOTAL     324               277      47      235
 SINCE 1/1       1078               844     234      877
.................................................................

WIND (MPH)
AVERAGE WIND SPEED              6.2
HIGHEST WIND SPEED/DIRECTION    26/300    DATE  08/05
HIGHEST GUST SPEED/DIRECTION    38/310    DATE  08/04

SKY COVER
POSSIBLE SUNSHINE (PERCENT)   MM
AVERAGE SKY COVER           0.30
NUMBER OF DAYS FAIR           17
NUMBER OF DAYS PC             11
NUMBER OF DAYS CLOUDY          3

AVERAGE RH (PERCENT)     77

WEATHER CONDITIONS. NUMBER OF DAYS WITH
THUNDERSTORM             12     MIXED PRECIP               0
HEAVY RAIN                9     RAIN                       8
LIGHT RAIN               14     FREEZING RAIN              0
LT FREEZING RAIN          0     HAIL                       0
HEAVY SNOW                0     SNOW                       0
LIGHT SNOW                0     SLEET                      0
FOG                      24     FOG W/VIS <= 1/4 MILE      4
HAZE                      3

-  INDICATES NEGATIVE NUMBERS.
R  INDICATES RECORD WAS SET OR TIED.
MM INDICATES DATA IS MISSING.
T  INDICATES TRACE AMOUNT.

$$
