489
CXUS53 KBIS 011319
CLMISN


CLIMATE REPORT
NATIONAL WEATHER SERVICE BISMARCK ND
818 AM CDT FRI APR 1 2016

...................................

...THE WILLISTON ND CLIMATE SUMMARY FOR THE MONTH OF MARCH 2016...

CLIMATE NORMAL PERIOD 1981 TO 2010
CLIMATE RECORD PERIOD 1894 TO 2016

WEATHER         OBSERVED          NORMAL  DEPART  LAST YEAR`S
                 VALUE   DATE(S)  VALUE   FROM    VALUE  DATE(S)
                                          NORMAL
................................................................
TEMPERATURE (F)
RECORD
 HIGH              84   03/22/1910
 LOW              -35   03/14/1897
HIGHEST            70   03/06                         79  03/28
LOWEST             11   03/01                        -10  03/04
AVG. MAXIMUM     49.9              40.4     9.5     50.4
AVG. MINIMUM     23.4              18.2     5.2     23.0
MEAN             36.7              29.3     7.4     36.7
DAYS MAX >= 90      0               0.0     0.0        0
DAYS MAX <= 32      1               7.9    -6.9        3
DAYS MIN <= 32     27              29.0    -2.0       27
DAYS MIN <= 0       0               3.0    -3.0        3

PRECIPITATION (INCHES)
RECORD
 MAXIMUM         2.26   1975
 MINIMUM         0.01   1966
TOTALS           0.18              0.71   -0.53     0.47
DAILY AVG.       0.01              0.02   -0.01     0.02
DAYS >= .01         6               7.6    -1.6        8
DAYS >= .10         0               2.1    -2.1        3
DAYS >= .50         0               0.2    -0.2        0
DAYS >= 1.00        0               0.1    -0.1        0
GREATEST
 24 HR. TOTAL    0.06   03/02 TO 03/02              0.13

SNOWFALL (INCHES)
TOTALS             MM
SINCE 7/1         0.0
SNOWDEPTH AVG.     MM
DAYS >= 1.0         0
GREATEST
 SNOW DEPTH        MM
 24 HR TOTAL       MM

DEGREE_DAYS
HEATING TOTAL     870              1107    -237
 SINCE 7/1       6480              7875   -1395
COOLING TOTAL       0                 0       0
 SINCE 1/1          0                 0       0
.................................................................

WIND (MPH)
HIGHEST WIND SPEED/DIRECTION    31/350    DATE  03/30
HIGHEST GUST SPEED/DIRECTION    40/300    DATE  03/14

SKY COVER
POSSIBLE SUNSHINE (PERCENT)   MM
NUMBER OF DAYS FAIR           12
NUMBER OF DAYS PC             13
NUMBER OF DAYS CLOUDY          6


WEATHER CONDITIONS. NUMBER OF DAYS WITH
THUNDERSTORM              0     MIXED PRECIP               0
HEAVY RAIN                0     RAIN                       0
LIGHT RAIN                9     FREEZING RAIN              0
LT FREEZING RAIN          0     HAIL                       0
HEAVY SNOW                0     SNOW                       0
LIGHT SNOW                7     SLEET                      0
FOG                       7     FOG W/VIS <= 1/4 MILE      1
HAZE                      3

-  INDICATES NEGATIVE NUMBERS.
R  INDICATES RECORD WAS SET OR TIED.
MM INDICATES DATA IS MISSING.
T  INDICATES TRACE AMOUNT.

$$
