000
CXHW53 PHFO 020222
CLMITO


CLIMATE REPORT
NATIONAL WEATHER SERVICE HONOLULU HI
422 PM HST MON DEC 1 2014

...................................

...THE HILO HI CLIMATE SUMMARY FOR THE MONTH OF NOVEMBER 2014...

CLIMATE NORMAL PERIOD 1981 TO 2010
CLIMATE RECORD PERIOD 1946 TO 2014

WEATHER         OBSERVED          NORMAL  DEPART  LAST YEAR`S
                 VALUE   DATE(S)  VALUE   FROM    VALUE  DATE(S)
                                          NORMAL
................................................................
TEMPERATURE (F)
RECORD
 HIGH              92   11/07/1996
 LOW               58   11/28/1985
HIGHEST            85   11/16        81       4       88  11/27
                        11/15
                        11/14
LOWEST             62   11/24        67      -5       65  11/16
AVG. MAXIMUM     80.7              80.8    -0.1     82.6
AVG. MINIMUM     67.9              67.3     0.6     68.7
MEAN             74.3              74.1     0.2     75.6
DAYS MAX >= 90      0               0.0     0.0        0
DAYS MAX <= 32      0               0.0     0.0        0
DAYS MIN <= 32      0               0.0     0.0        0
DAYS MIN <= 0       0               0.0     0.0        0

PRECIPITATION (INCHES)
RECORD
 MAXIMUM        45.90   2000
 MINIMUM         1.01   1989
TOTALS           9.03             15.50   -6.47     6.66
DAILY AVG.       0.30              0.52   -0.22     0.22
DAYS >= .01        23              23.0     0.0       17
DAYS >= .10        14              16.9    -2.9       12
DAYS >= .50         6               7.9    -1.9        5
DAYS >= 1.00        2               4.1    -2.1        2
GREATEST
 24 HR. TOTAL    2.35   10/31 TO 11/01              2.93

SNOWFALL (INCHES)
RECORDS
 TOTAL             MM   5
TOTALS            0.0               0.0     0.0      0.0
SINCE 7/1         0.0               0.0     0.0      0.0
SNOWDEPTH AVG.      0                MM      MM        0
DAYS >= 1.0         0               0.0     0.0        0
GREATEST
 SNOW DEPTH         0   MM                             0  MM
 24 HR TOTAL      0.0   11/30 TO 11/30               0.0

DEGREE_DAYS
HEATING TOTAL       0                 0       0        0
 SINCE 7/1          0                 0       0        0
COOLING TOTAL     284               272      12      304
 SINCE 1/1       3410              3007     403     3276
.................................................................

WIND (MPH)
AVERAGE WIND SPEED              6.7
HIGHEST WIND SPEED/DIRECTION    20/060    DATE  11/29
HIGHEST GUST SPEED/DIRECTION    24/060    DATE  11/29

SKY COVER
POSSIBLE SUNSHINE (PERCENT)   MM
AVERAGE SKY COVER           0.80
NUMBER OF DAYS FAIR            2
NUMBER OF DAYS PC             11
NUMBER OF DAYS CLOUDY         17

AVERAGE RH (PERCENT)     81

WEATHER CONDITIONS. NUMBER OF DAYS WITH
THUNDERSTORM              0     MIXED PRECIP               1
HEAVY RAIN               10     RAIN                      16
LIGHT RAIN               26     FREEZING RAIN              0
LT FREEZING RAIN          0     HAIL                       0
HEAVY SNOW                0     SNOW                       0
LIGHT SNOW                0     SLEET                      0
FOG                      22     FOG W/VIS <= 1/4 MILE      0
HAZE                      2

-  INDICATES NEGATIVE NUMBERS.
R  INDICATES RECORD WAS SET OR TIED.
MM INDICATES DATA IS MISSING.
T  INDICATES TRACE AMOUNT.

$$
