435
CXUS52 KJAX 012108
CLMJAX

CLIMATE REPORT
NATIONAL WEATHER SERVICE JACKSONVILLE FL
508 PM EDT MON AUG 1 2016

...................................

...THE JACKSONVILLE CLIMATE SUMMARY FOR THE MONTH OF JULY 2016...

CLIMATE NORMAL PERIOD 1981 TO 2010
CLIMATE RECORD PERIOD 1871 TO 2016

WEATHER         OBSERVED          NORMAL  DEPART  LAST YEAR`S
                 VALUE   DATE(S)  VALUE   FROM    VALUE  DATE(S)
                                          NORMAL
................................................................
TEMPERATURE (F)
RECORD
 HIGH             104   07/11/1879
                        07/28/1872
 LOW               61   07/08/1972
HIGHEST           101   07/28        91      10       98  07/12
LOWEST             69   07/23        72      -3       67  07/06
AVG. MAXIMUM     95.8              92.0     3.8     92.8
AVG. MINIMUM     72.8              72.6     0.2     72.5
MEAN             84.3              82.3     2.0     82.7
DAYS MAX >= 90     30              22.1     7.9       29
DAYS MAX <= 32      0               0.0     0.0        0
DAYS MIN <= 32      0               0.0     0.0        0
DAYS MIN <= 0       0               0.0     0.0        0

PRECIPITATION (INCHES)
RECORD
 MAXIMUM        16.21   1960
 MINIMUM         0.14   1875
TOTALS           2.14              6.55   -4.41     3.79
DAILY AVG.       0.07              0.21   -0.14     0.12
DAYS >= .01         9              13.8    -4.8       10
DAYS >= .10         3               9.8    -6.8        7
DAYS >= .50         1               4.2    -3.2        4
DAYS >= 1.00        0               2.2    -2.2        1
GREATEST
 24 HR. TOTAL    1.05

SNOWFALL (INCHES)
RECORDS
 TOTAL             MM   MM
TOTALS            0.0               0.0     0.0      0.0
SINCE 7/1         0.0               0.0     0.0      0.0
SNOWDEPTH AVG.      0                MM      MM        0
DAYS >= 1.0         0               0.0     0.0        0
GREATEST
 SNOW DEPTH         0   MM                             0  MM
 24 HR TOTAL      0.0

DEGREE_DAYS
HEATING TOTAL       0                 0       0        0
 SINCE 7/1          0                 0       0        0
COOLING TOTAL     606               536      70      556
 SINCE 1/1       1672              1469     203     1680
.................................................................

WIND (MPH)
AVERAGE WIND SPEED              5.7
HIGHEST WIND SPEED/DIRECTION    29/200    DATE  07/03
HIGHEST GUST SPEED/DIRECTION    42/190    DATE  07/03

SKY COVER
POSSIBLE SUNSHINE (PERCENT)   MM
AVERAGE SKY COVER           0.50
NUMBER OF DAYS FAIR           10
NUMBER OF DAYS PC             21
NUMBER OF DAYS CLOUDY          0

AVERAGE RH (PERCENT)     72

WEATHER CONDITIONS. NUMBER OF DAYS WITH
THUNDERSTORM              0     MIXED PRECIP               0
HEAVY RAIN                3     RAIN                       3
LIGHT RAIN                9     FREEZING RAIN              0
LT FREEZING RAIN          0     HAIL                       0
HEAVY SNOW                0     SNOW                       0
LIGHT SNOW                0     SLEET                      0
FOG                      14     FOG W/VIS <= 1/4 MILE      0
HAZE                      0

-  INDICATES NEGATIVE NUMBERS.
R  INDICATES RECORD WAS SET OR TIED.
MM INDICATES DATA IS MISSING.
T  INDICATES TRACE AMOUNT.

$$
