000
CXUS53 KIND 011610
CLMLAF


CLIMATE REPORT
NATIONAL WEATHER SERVICE INDIANAPOLIS IN
1110 AM EST WED MAR 1 2017

...................................

...THE LAFAYETTE IN CLIMATE SUMMARY FOR THE MONTH OF FEBRUARY 2017...

CLIMATE NORMAL PERIOD 1981 TO 2010
CLIMATE RECORD PERIOD 9999 TO 9999

WEATHER         OBSERVED          NORMAL  DEPART  LAST YEAR`S
                 VALUE   DATE(S)  VALUE   FROM    VALUE  DATE(S)
                                          NORMAL
................................................................
TEMPERATURE (F)
HIGHEST            68   02/20                         68  02/20
LOWEST              4   02/09                          4  02/13
AVG. MAXIMUM     50.5              38.6    11.9     40.3
AVG. MINIMUM     29.5              22.4     7.1     23.2
MEAN             40.0              30.5     9.5     31.8
DAYS MAX >= 90      0               0.0     0.0        0
DAYS MAX <= 32      3               7.7    -4.7       10
DAYS MIN <= 32     16              22.3    -6.3       25
DAYS MIN <= 0       0               1.2    -1.2        0

PRECIPITATION (INCHES)
TOTALS           0.90              1.76   -0.86     1.65
DAILY AVG.       0.03              0.06   -0.03     0.06
DAYS >= .01         5               8.2    -3.2        5
DAYS >= .10         2               4.2    -2.2        3
DAYS >= .50         1               0.8     0.2        1
DAYS >= 1.00        0               0.2    -0.2        1
GREATEST
 24 HR. TOTAL    0.64   02/07 TO 02/07

DEGREE_DAYS
HEATING TOTAL     691               966    -275      955
 SINCE 7/1       3688              4334    -646     3808
COOLING TOTAL       0                 0       0        0
 SINCE 1/1          0                 0       0        0
.................................................................

WIND (MPH)
AVERAGE WIND SPEED              8.0
HIGHEST WIND SPEED/DIRECTION    32/280    DATE  02/07
HIGHEST GUST SPEED/DIRECTION    43/290    DATE  02/12

SKY COVER
POSSIBLE SUNSHINE (PERCENT)   MM
AVERAGE SKY COVER           0.40
NUMBER OF DAYS FAIR           14
NUMBER OF DAYS PC             11
NUMBER OF DAYS CLOUDY          3

AVERAGE RH (PERCENT)     72

WEATHER CONDITIONS. NUMBER OF DAYS WITH
THUNDERSTORM              2     MIXED PRECIP               0
HEAVY RAIN                1     RAIN                       2
LIGHT RAIN                8     FREEZING RAIN              0
LT FREEZING RAIN          0     HAIL                       0
HEAVY SNOW                1     SNOW                       1
LIGHT SNOW                2     SLEET                      0
FOG                      12     FOG W/VIS <= 1/4 MILE      4
HAZE                      4

-  INDICATES NEGATIVE NUMBERS.
R  INDICATES RECORD WAS SET OR TIED.
MM INDICATES DATA IS MISSING.
T  INDICATES TRACE AMOUNT.

$$
