000
CXUS55 KCYS 061513
CLMLAR


CLIMATE REPORT
NATIONAL WEATHER SERVICE CHEYENNE WY
913 AM MDT MON JUL 6 2015

...................................

...THE LARAMIE WY AIRPORT CLIMATE SUMMARY FOR THE MONTH OF JUNE 2015...

CLIMATE NORMAL PERIOD 1981 TO 2010
CLIMATE RECORD PERIOD 1948 TO 2015

WEATHER         OBSERVED          NORMAL  DEPART  LAST YEAR`S
                 VALUE   DATE(S)  VALUE   FROM    VALUE
                                          NORMAL
.............................................................
TEMPERATURE (F)
RECORD
 HIGH              94   06/23/1954
 LOW               22   06/04/1984
                        06/03/1954
HIGHEST            89   06/21        MM      MM       86
LOWEST             37   06/03        MM      MM       29
AVG. MAXIMUM     77.3              72.5     4.8     72.6
AVG. MINIMUM     45.1              41.9     3.2     40.7
MEAN             61.2              57.2     4.0     56.7
DAYS MAX >= 90      0               0.2                0
DAYS MAX <= 32      0               0.0                0
DAYS MIN <= 32      0               1.3                3
DAYS MIN <= 0       0               0.0                0

PRECIPITATION (INCHES)
RECORD
 MAXIMUM         4.75   1991
 MINIMUM         0.24   2012
TOTALS           0.77              1.54   -0.77     0.76
DAYS >= .01         9               8.5     0.5        6
DAYS >= .10         3               4.0    -1.0        3
DAYS >= .50         0               0.7    -0.7        0
DAYS >= 1.00        0               0.2    -0.2        0
GREATEST
 24 HR. TOTAL    0.31   06/15 TO 06/16

DEGREE_DAYS
HEATING TOTAL     120               241    -121      242
 SINCE 7/1       8057              8830    -773     8632
COOLING TOTAL      14                 7       7        3
 SINCE 1/1         14                 7       7        3
..............................................................

WIND (MPH)
AVERAGE WIND SPEED              10.0
HIGHEST WIND SPEED/DIRECTION    36/150    DATE  06/05
HIGHEST GUST SPEED/DIRECTION    45/220    DATE  06/24

SKY COVER
POSSIBLE SUNSHINE (PERCENT)   MM
AVERAGE SKY COVER           0.20
NUMBER OF DAYS FAIR           26
NUMBER OF DAYS PC              3
NUMBER OF DAYS CLOUDY          0

AVERAGE RH (PERCENT)     59

WEATHER CONDITIONS. NUMBER OF DAYS WITH
THUNDERSTORM              0     MIXED PRECIP               0
HEAVY RAIN                1     RAIN                       4
LIGHT RAIN               14     FREEZING RAIN              0
LT FREEZING RAIN          0     HAIL                       0
HEAVY SNOW                0     SNOW                       0
LIGHT SNOW                0     SLEET                      0
FOG                       4     FOG W/VIS <= 1/4 MILE      1
HAZE                      1

-  INDICATES NEGATIVE NUMBERS.
R  INDICATES RECORD WAS SET OR TIED.
MM INDICATES DATA IS MISSING.
T  INDICATES TRACE AMOUNT.

$$
