000
CXUS53 KLBF 012049
CLMLBF


CLIMATE REPORT
NATIONAL WEATHER SERVICE NORTH PLATTE
239 PM CST THU FEB 1 2018

...................................

...THE NORTH PLATTE NE CLIMATE SUMMARY FOR THE MONTH OF JANUARY 2018...

CLIMATE NORMAL PERIOD 1981 TO 2010
CLIMATE RECORD PERIOD 1874 TO 2018

WEATHER         OBSERVED          NORMAL  DEPART  LAST YEAR`S
                 VALUE   DATE(S)  VALUE   FROM    VALUE  DATE(S)
                                          NORMAL
................................................................
TEMPERATURE (F)
RECORD
 HIGH              74   01/27/2015
 LOW              -35   01/15/1888
HIGHEST            59   01/09        59       0       60  01/30
LOWEST            -12   01/02       -10      -2      -21  01/06
AVG. MAXIMUM     35.6              38.9    -3.3     36.8
AVG. MINIMUM      9.9              11.1    -1.2     12.9
MEAN             22.8              25.0    -2.2     24.9
DAYS MAX >= 90      0               0.0     0.0        0
DAYS MAX <= 32     12               9.3     2.7        9
DAYS MIN <= 32     31              30.9     0.1       31
DAYS MIN <= 0       7               5.0     2.0        4

PRECIPITATION (INCHES)
RECORD
 MAXIMUM         2.33   1879
 MINIMUM            T   1997
                        1964
                        1961
TOTALS           1.05              0.34    0.71     0.67
DAILY AVG.       0.03              0.01    0.02     0.02
DAYS >= .01         5               4.1     0.9        7
DAYS >= .10         3               1.1     1.9        3
DAYS >= .50         1               0.1     0.9        0
DAYS >= 1.00        0               0.0     0.0        0
GREATEST
 24 HR. TOTAL    0.62   01/21 TO 01/21           01/15 TO 01/16
                                                          01/04 TO 01/04EATHER         OBSERVED          NORMAL  DEPART  LAST YEAR`S
                                                          01/04 TO 01/04EATHER         OBSERVED          NORMAL  DEPART  LAST YEAR`S

SNOWFALL (INCHES)
RECORDS
 TOTAL           21.2   1949
TOTALS           14.2               4.8     9.4      8.6
SINCE 7/1        22.7              15.6     7.1     14.4
SNOWDEPTH AVG.      3                 2       1        1
DAYS >= 1.0         3               1.4     1.6        2
GREATEST
 SNOW DEPTH        11   01/22                          5  01/05
 24 HR TOTAL      8.0   01/21 TO 01/21

DEGREE_DAYS
HEATING TOTAL    1300              1240      60     1236
 SINCE 7/1       3812              4020    -208     3503
COOLING TOTAL       0                 0       0        0
 SINCE 1/1          0                 0       0        0
.................................................................

WIND (MPH)
AVERAGE WIND SPEED              7.6
HIGHEST WIND SPEED/DIRECTION    35/340    DATE  01/10
HIGHEST GUST SPEED/DIRECTION    42/020    DATE  01/21

SKY COVER
POSSIBLE SUNSHINE (PERCENT)   MM
AVERAGE SKY COVER           0.30
NUMBER OF DAYS FAIR           20
NUMBER OF DAYS PC              6
NUMBER OF DAYS CLOUDY          4

AVERAGE RH (PERCENT)     72

WEATHER CONDITIONS. NUMBER OF DAYS WITH
  0
  0
  0
  0
  2
  0
  4
HAZE                     12

-  INDICATES NEGATIVE NUMBERS.
R  INDICATES RECORD WAS SET OR TIED.
MM INDICATES DATA IS MISSING.
T  INDICATES TRACE AMOUNT.

$$
