000
CXUS53 KOAX 060650
CLMLNK

CLIMATE REPORT
NATIONAL WEATHER SERVICE OMAHA NEBRASKA
1250 AM CST WED DEC 6 2017

...................................

...THE LINCOLN, NEBRASKA CLIMATE SUMMARY FOR THE MONTH OF NOVEMBER
2017...

CLIMATE NORMAL PERIOD 1981 TO 2010
CLIMATE RECORD PERIOD 1887 TO 2017

WEATHER         OBSERVED          NORMAL  DEPART
                 VALUE   DATE(S)  VALUE   FROM
                                          NORMAL
................................................
TEMPERATURE (F)
HIGHEST            75   11/24
LOWEST             12   11/22
AVG. MAXIMUM     54.4              50.3     4.1
AVG. MINIMUM     27.7              27.6     0.1
MEAN             41.0              38.9     2.1
DAYS MAX >= 90      0
DAYS MAX <= 32      0
DAYS MIN <= 32     24
DAYS MIN <= 0       0

PRECIPITATION (INCHES)
RECORD
 MAXIMUM         7.14   1909
 MINIMUM            T   1894
TOTALS           0.07              1.43   -1.36
DAILY AVG.       0.00
DAYS >= .01         2
DAYS >= .10         0
DAYS >= .50         0
DAYS >= 1.00        0
GREATEST
 24 HR. TOTAL    0.06   11/18 TO 11/18

SNOWFALL (INCHES)
RECORDS
 TOTAL           12.6   1957
TOTALS            0.0               2.1
SINCE 7/1           T
SNOWDEPTH AVG.      0
DAYS >= 1.0         0               0.7    -0.7
GREATEST
 SNOW DEPTH         0
 24 HR TOTAL      0.0

DEGREE DAYS
HEATING TOTAL     712               782     -70
 SINCE 7/1       1053              1261    -208
COOLING TOTAL       0                 0       0
 SINCE 1/1       1252              1173      79
.................................................

WIND (MPH)
AVERAGE WIND SPEED              MM
HIGHEST WIND SPEED/DIRECTION    38/340    DATE  11/24
HIGHEST GUST SPEED/DIRECTION    48/340    DATE  11/24

SKY COVER
AVERAGE SKY COVER           0.30


WEATHER CONDITIONS. NUMBER OF DAYS WITH
THUNDERSTORM              0     MIXED PRECIP               0
HEAVY RAIN                0     RAIN                       0
LIGHT RAIN                4     FREEZING RAIN              0
LT FREEZING RAIN          0     HAIL                       0
HEAVY SNOW                0     SNOW                       0
LIGHT SNOW                0     SLEET                      0
FOG                       9     FOG W/VIS <= 1/4 MILE      3
HAZE                      6

-  INDICATES NEGATIVE NUMBERS.
R  INDICATES RECORD WAS SET OR TIED.
MM INDICATES DATA IS MISSING.
T  INDICATES TRACE AMOUNT.
>= INDICATES GREATER THAN OR EQUAL TO.
<= INDICATES LESS THAN OR EQUAL TO.

&&

...NOVEMBER WAS MUCH DRIER AND SLIGHTLY WARMER THAN NORMAL...

WITH A TOTAL OF JUST 0.07 INCHES OF PRECIPITATION, NOVEMBER WAS THE
17TH DRIEST ON RECORD IN LINCOLN. THE AVERAGE TEMPERATURE OF 41.0
DEGREES WAS 2.1 DEGREES ABOVE NORMAL AND THE 47TH WARMEST. NO SNOW
WAS REPORTED IN NOVEMBER, WHICH HAS OCCURRED 4 OTHER TIMES SINCE
SNOW RECORDS BEGAN IN 1948.

TEMPERATURES WERE BELOW NORMAL ON MOST DAYS FROM THE 1ST THROUGH THE
13TH. THOUGH LARGELY A QUIET WEATHER PERIOD, A LIGHT 0.01 INCHES OF
RAIN DID FALL ON THE 11TH. FROM THE 14TH THROUGH THE 30TH, ALL BUT
FOUR DAYS HAD ABOVE-NORMAL TEMPERATURES. A COLD FRONT ON THE 17TH TO
18TH BROUGHT 0.06 INCHES OF RAIN, THE LAST MEASURABLE RAIN OF THE
MONTH. A BRIEF COOLDOWN ON THE 21ST AND 22ND BROUGHT THE LOWEST
TEMPERATURE OF THE MONTH, AT 12 DEGREES ON THE 22ND, BUT IT WAS
FOLLOWED BY SEVERAL DAYS OF MUCH ABOVE NORMAL TEMPERATURES CLOSE TO
THANKSGIVING. THE WARMEST TEMPERATURE OF THE MONTH WAS A DAILY
RECORD HIGH OF 75 DEGREES ON THE 24TH, AND RECORD HIGH TEMPERATURES
ALSO WERE SET ON THE 23RD (71 DEGREES) AND 27TH (72 DEGREES).


FOR THE FALL MONTHS OF SEPTEMBER THROUGH NOVEMBER, THE AVERAGE
TEMPERATURE WAS 55.6 DEGREES, WHICH WAS 2.9 DEGREES ABOVE NORMAL AND
THE 29TH WARMEST ON RECORD. THE TOTAL PRECIPITATION WAS 6.82 INCHES,
WHICH WAS 0.40 INCHES ABOVE NORMAL AND THE 48TH WETTEST ON RECORD AS
A VERY DRY NOVEMBER FOLLOWED A WET SEPTEMBER AND OCTOBER. ONLY A
TRACE OF SNOW WAS RECORDED.


DAILY RECORDS SET IN NOVEMBER 2017:
DATE          RECORD           READING  PREVIOUS RECORD
NOVEMBER 23   WARM MAX TEMP     71      68 (1914)
NOVEMBER 24   WARM MAX TEMP     75      72 (2011)
NOVEMBER 27   WARM MAX TEMP     72      68 (1998, 1963, 1933)


$$

MAYES/KLISH
