000
CXUS55 KBYZ 011003
CLMLVM


CLIMATE REPORT
NATIONAL WEATHER SERVICE BILLINGS MT
354 AM MDT MON AUG 1 2016

...................................

...THE LIVINGSTON MT CLIMATE SUMMARY FOR THE MONTH OF JULY 2016...

CLIMATE NORMAL PERIOD 1981 TO 2010
CLIMATE RECORD PERIOD 1948 TO 2016

WEATHER         OBSERVED          NORMAL  DEPART
                 VALUE   DATE(S)  VALUE   FROM
                                          NORMAL
................................................
TEMPERATURE (F)
HIGHEST           100   07/22
LOWEST             39   07/07
AVG. MAXIMUM     87.3              84.6     2.7
AVG. MINIMUM     49.9              49.2     0.7
MEAN             68.6              66.9     1.7
DAYS MAX >= 90     15
DAYS MAX <= 32      0
DAYS MIN <= 32      0
DAYS MIN <= 0       0

PRECIPITATION (INCHES)
TOTALS           1.39              1.47   -0.08
DAYS >= .01         9
DAYS >= .10         3
DAYS >= .50         1
DAYS >= 1.00        0
GREATEST
 24 HR. TOTAL    0.88   07/09 TO 07/10

DEGREE_DAYS
HEATING TOTAL      33                50     -17
 SINCE 7/1         33                50     -17
COOLING TOTAL     152               109      43
 SINCE 1/1        222               129      93
.................................................

WIND (MPH)
AVERAGE WIND SPEED              10.1
HIGHEST WIND SPEED/DIRECTION    51/230    DATE  07/03
HIGHEST GUST SPEED/DIRECTION    64/220    DATE  07/03

AVERAGE RH (PERCENT)     46

WEATHER CONDITIONS. NUMBER OF DAYS WITH
THUNDERSTORM             13     MIXED PRECIP               0
HEAVY RAIN                1     RAIN                       4
LIGHT RAIN               12     FREEZING RAIN              0
LT FREEZING RAIN          0     HAIL                       0
HEAVY SNOW                0     SNOW                       0
LIGHT SNOW                0     SLEET                      0
FOG                       1     FOG W/VIS <= 1/4 MILE      0
HAZE                      1

-  INDICATES NEGATIVE NUMBERS.
R  INDICATES RECORD WAS SET OR TIED.
MM INDICATES DATA IS MISSING.
T  INDICATES TRACE AMOUNT.

&&

...JULY 2016 MONTH IN REVIEW FOR LIVINGSTON...

BELOW IS A SUMMARY OF THE TEMPERATURE AND PRECIPITATION
STATISTICS FOR LIVINGSTON FOR JULY 2016. ALL TEMPERATURES ARE IN
DEGREES FAHRENHEIT AND ALL PRECIPITATION AMOUNTS ARE IN INCHES. NORMALS
ARE 30 YEAR AVERAGES CALCULATED FROM 1981 TO 2010. MONTHLY RANKINGS
FOR PRECIPITATION...SNOWFALL...AND TEMPERATURES USE A PERIOD
OF RECORD THAT STARTED IN JULY 1948 AT OR NEAR THE LIVINGSTON AIRPORT.

NUMBERS DENOTED WITH AN * IS MISSING DATA IN THE CALCULATION.

... MONTHLY PRECIPITATION...

 MONTH   2016 VALUES  NORMALS    DEPARTURE  RANKING

JULY         1.39     1.47       -0.08      26TH WETTEST OUT OF 69 YEARS
                                            (RECORD WETTEST WAS 4.39 IN 1993)
                                            (WETTEST SINCE 2.30 IN 2009)

... JULY 2016 BROKEN OR TIED DAILY PRECIPITATION RECORDS...

NONE

NOTE: SINCE THE LATE 1990S...LIVINGSTON BECAME AN AUTOMATED AND UNATTENDED
WEATHER STATION. PRECIPITATION AMOUNTS IN THE WINTER MAY BE UNDERESTIMATED.

... AVERAGE TEMPERATURES...

 MONTH   2016 VALUES  NORMALS   DEPARTURE  RANKING

JULY         68.6      66.9      +1.7      TIED FOR THE 25TH WARMEST OUT OF 69 YEARS
                                           (RECORD WARMEST WAS 74.0 IN 2007)
                                           (WARMEST SINCE 70.0 IN 2014)

... AVERAGE HIGH TEMPERATURES...

 MONTH   2016 VALUES  NORMALS   DEPARTURE  RANKING

JULY         87.3      84.6      +2.7      TIED FOR THE 22ND WARMEST OUT OF 69 YEARS
                                           (RECORD WARMEST WAS 93.2 IN 2007)
                                           (WARMEST SINCE 88.5 IN 2014)

... JULY 2016 BROKEN OR TIED WARMEST DAILY HIGH TEMPERATURE RECORDS...

100 ON JULY 22 (OLD RECORD 99 IN 1960)
97 ON JULY 25 (OLD RECORD 96 IN 2010)

... JULY 2016 BROKEN OR TIED COLDEST DAILY HIGH TEMPERATURE RECORDS...

NONE

... AVERAGE LOW TEMPERATURES...

 MONTH   2016 VALUES  NORMALS   DEPARTURE  RANKING

JULY         49.9      49.2      +0.7      TIED FOR THE 20TH COLDEST OUT OF 69 YEARS
                                           (RECORD COLDEST WAS 46.2 IN 1993)
                                           (COLDEST SINCE 48.4 IN 2011)

... JULY 2016 BROKEN OR TIED WARMEST DAILY LOW TEMPERATURE RECORDS...

63 ON JULY  2 (TIED RECORD IN 1975)

... JULY 2016 BROKEN OR TIED COLDEST DAILY LOW TEMPERATURE RECORDS...

NONE

$$
