000
CXUS53 KTOP 011451
CLMLWC


CLIMATE REPORT
NATIONAL WEATHER SERVICE TOPEKA KS
945 AM CDT FRI APR 1 2016

...................................

...THE LAWRENCE KS CLIMATE SUMMARY FOR THE MONTH OF MARCH 2016...

CLIMATE NORMAL PERIOD 1981 TO 2010
CLIMATE RECORD PERIOD 9999 TO 9999

WEATHER         OBSERVED          NORMAL  DEPART  LAST YEAR`S
                 VALUE   DATE(S)  VALUE   FROM    VALUE
                                          NORMAL
.............................................................
TEMPERATURE (F)
HIGHEST            80   03/23                         84
LOWEST             18   03/25                          4
AVG. MAXIMUM     63.9              56.7     7.2     61.0
AVG. MINIMUM     34.6              32.1     2.5     30.3
MEAN             49.3              44.4     4.9     45.6
DAYS MAX >= 90      0               0.0     0.0        0
DAYS MAX <= 32      0               0.8    -0.8        1
DAYS MIN <= 32     16              17.0    -1.0       17
DAYS MIN <= 0       0               0.1    -0.1        0

PRECIPITATION (INCHES)
TOTALS           1.65              2.62   -0.97     0.72
DAILY AVG.       0.05                               0.02
DAYS >= .01         8                                  5
DAYS >= .10         4                                  3
DAYS >= .50         1                                  0
DAYS >= 1.00        0                                  0
GREATEST
 24 HR. TOTAL    1.02   03/26 TO 03/27              0.31

DEGREE_DAYS
HEATING TOTAL     484               641    -157      592
 SINCE 7/1       3986              4656    -670     4881
COOLING TOTAL       3                 3       0        0
 SINCE 1/1          3                 3       0        0
..............................................................

WIND (MPH)
AVERAGE WIND SPEED              10.6
HIGHEST WIND SPEED/DIRECTION    41/210    DATE  03/23
HIGHEST GUST SPEED/DIRECTION    52/210    DATE  03/23

SKY COVER
POSSIBLE SUNSHINE (PERCENT)   MM
AVERAGE SKY COVER           0.40
NUMBER OF DAYS FAIR           17
NUMBER OF DAYS PC              9
NUMBER OF DAYS CLOUDY          5

AVERAGE RH (PERCENT)     63

WEATHER CONDITIONS. NUMBER OF DAYS WITH
THUNDERSTORM              0     MIXED PRECIP               0
HEAVY RAIN                0     RAIN                       2
LIGHT RAIN               13     FREEZING RAIN              0
LT FREEZING RAIN          0     HEAVY SNOW                 0
SNOW                      0     LIGHT SNOW                 2
FOG                      12     FOG W/VIS <= 1/4 MILE      3
HAZE                      4

-  INDICATES NEGATIVE NUMBERS.
R  INDICATES RECORD WAS SET OR TIED.
MM INDICATES DATA IS MISSING.
T  INDICATES TRACE AMOUNT.

$$
