000
CXUS56 KHNX 020015
CLMMAE


CLIMATE REPORT
NATIONAL WEATHER SERVICE SAN JOAQUIN VALLEY - HANFORD CA
515 PM PDT TUE SEP 1 2015

...................................

...THE MADERA CA AIRPORT CLIMATE SUMMARY FOR THE MONTH OF AUGUST 2015...

CLIMATE NORMAL PERIOD 1981 TO 2010
CLIMATE RECORD PERIOD 1998 TO 2015

WEATHER         OBSERVED          NORMAL  DEPART  LAST YEAR`S
                 VALUE   DATE(S)  VALUE   FROM    VALUE  DATE(S)
                                          NORMAL
................................................................
TEMPERATURE (F)
RECORD
 HIGH             107   08/17/2015
                        08/01/2014
                        08/19/2013
 LOW               49   08/31/1999
HIGHEST           107R  08/17        MM      MM      107  08/01
LOWEST             58   08/31        MM      MM       57  08/26
                        08/21
AVG. MAXIMUM     96.5              94.9     1.6     96.1
AVG. MINIMUM     62.7              59.2     3.5     63.0
MEAN             79.6              77.1     2.5     79.6
DAYS MAX >= 90     29              26.4     2.6       28
DAYS MIN <= 32      0               0.0     0.0        0

PRECIPITATION (INCHES)
RECORD
 MAXIMUM         0.01   2015
                        2013
                        2007
TOTALS           0.01R             0.02   -0.01        T
DAYS >= .01         1                MM      MM        0
DAYS >= .10         0                MM      MM        0
DAYS >= .50         0                MM      MM        0
DAYS >= 1.00        0                MM      MM        0
GREATEST
 24 HR. TOTAL    0.01   08/07 TO 08/07

SNOWFALL (INCHES)
RECORDS
 TOTAL             MM   MM
TOTALS            0.0                MM

DEGREE_DAYS
HEATING TOTAL       0                 0       0        0
 SINCE 7/1          0                 0       0        0
COOLING TOTAL     461               374      87     1363
 SINCE 1/1       1558              1224     334     2486
.................................................................

WIND (MPH)
AVERAGE WIND SPEED              7.4
HIGHEST WIND SPEED/DIRECTION    22/330    DATE  08/29
HIGHEST GUST SPEED/DIRECTION    28/330    DATE  08/29

AVERAGE RH (PERCENT)     47

WEATHER CONDITIONS. NUMBER OF DAYS WITH
THUNDERSTORM              0     RAIN                       1
HAIL                      0     FOG                        1
FOG W/VIS <= 1/4 MILE     0     HAZE                      10

-  INDICATES NEGATIVE NUMBERS.
R  INDICATES RECORD WAS SET OR TIED.
MM INDICATES DATA IS MISSING.
T  INDICATES TRACE AMOUNT.

$$

SANGER/OCHS/ROWE

WEATHER.GOV/HANFORD
