000
CXUS54 KMAF 011403
CLMMAF


CLIMATE REPORT
NATIONAL WEATHER SERVICE MIDLAND TX
801 AM CST THU FEB 1 2018

...................................

...THE MIDLAND CLIMATE SUMMARY FOR THE MONTH OF JANUARY 2018...

CLIMATE NORMAL PERIOD 1981 TO 2010
CLIMATE RECORD PERIOD 1930 TO 2018

WEATHER         OBSERVED          NORMAL  DEPART  LAST YEAR`S
                 VALUE   DATE(S)  VALUE   FROM    VALUE  DATE(S)
                                          NORMAL
................................................................
TEMPERATURE (F)
RECORD
 HIGH              84   01/21/1974
                        01/17/1974
 LOW               -8   01/11/1962
HIGHEST            78   01/20        57      21       83  01/11
                        01/10
LOWEST             11   01/01        30     -19       11  01/07
AVG. MAXIMUM     59.7              57.4     2.3     60.5
AVG. MINIMUM     27.7              30.3    -2.6     35.0
MEAN             43.7              43.9    -0.2     47.8
DAYS MAX >= 90      0               0.0     0.0        0
DAYS MAX <= 32      3               0.9     2.1        1
DAYS MIN <= 32     25              18.3     6.7        8
DAYS MIN <= 0       0               0.0     0.0        0

PRECIPITATION (INCHES)
RECORD
 MAXIMUM         4.99   1939
 MINIMUM         0.00   2014
                        1967
TOTALS           0.01              0.56   -0.55     1.12
DAILY AVG.       0.00              0.02   -0.02     0.04
DAYS >= .01         1               3.6    -2.6        4
DAYS >= .10         0               1.4    -1.4        2
DAYS >= .50         0               0.2    -0.2        1
DAYS >= 1.00        0               0.0     0.0        0
GREATEST
 24 HR. TOTAL    0.01   01/10 TO 01/10              0.81

SNOWFALL (INCHES)
RECORDS
 TOTAL           10.6   2012
TOTALS              T               2.0    -2.0        T
SINCE 7/1           T               4.0    -4.0      0.3
SNOWDEPTH AVG.      0                MM      MM        0
DAYS >= 1.0         0               0.8    -0.8        0
GREATEST
 SNOW DEPTH         0   MM                             0  MM
 24 HR TOTAL        T   01/02 TO 01/02                 T

DEGREE_DAYS
HEATING TOTAL     653               656      -3      525
 SINCE 7/1       1551              1772    -221     1270
.................................................................

WIND (MPH)
AVERAGE WIND SPEED              9.5
HIGHEST WIND SPEED/DIRECTION    52/290    DATE  01/10
HIGHEST GUST SPEED/DIRECTION    68/290    DATE  01/10

SKY COVER
POSSIBLE SUNSHINE (PERCENT)   MM
AVERAGE SKY COVER           0.20
NUMBER OF DAYS FAIR           26
NUMBER OF DAYS PC              3
NUMBER OF DAYS CLOUDY          2

AVERAGE RH (PERCENT)     41

WEATHER CONDITIONS. NUMBER OF DAYS WITH
THUNDERSTORM              1     MIXED PRECIP               0
HEAVY RAIN                0     RAIN                       0
LIGHT RAIN                0     FREEZING RAIN              0
LT FREEZING RAIN          0     HAIL                       0
HEAVY SNOW                0     SNOW                       0
LIGHT SNOW                1     SLEET                      0
FOG                       4     FOG W/VIS <= 1/4 MILE      0
HAZE                     11

-  INDICATES NEGATIVE NUMBERS.
R  INDICATES RECORD WAS SET OR TIED.
MM INDICATES DATA IS MISSING.
T  INDICATES TRACE AMOUNT.

$$
