000
CXUS53 KDTX 011212
CLMMBS

CLIMATE REPORT
NATIONAL WEATHER SERVICE DETROIT/PONTIAC MI
808 AM EDT TUE APR 1 2014

...................................

...THE  TRI CITIES MI CLIMATE SUMMARY FOR THE MONTH OF MARCH 2014...

CLIMATE NORMAL PERIOD 1981 TO 2010
CLIMATE RECORD PERIOD 1898 TO 2014

WEATHER         OBSERVED          NORMAL  DEPART
                 VALUE   DATE(S)  VALUE   FROM
                                          NORMAL
................................................
TEMPERATURE (F)
HIGHEST            62   03/31        MM      MM
LOWEST             -6   03/03        MM      MM
AVG. MAXIMUM     34.4              42.2    -7.8
AVG. MINIMUM     16.4              25.3    -8.9
MEAN             25.4              33.7    -8.3
DAYS MAX >= 90      0               0.0     0.0
DAYS MAX <= 32     13               5.2     7.8
DAYS MIN <= 32     30              24.3     5.7
DAYS MIN <= 0       3               0.2     2.8

PRECIPITATION (INCHES)
TOTALS           1.03              2.06   -1.03
DAILY AVG.       0.03              0.07   -0.04
DAYS >= .01        10               9.2     0.8
DAYS >= .10         6               4.8     1.2
DAYS >= .50         0               1.0    -1.0
DAYS >= 1.00        0               0.4    -0.4
GREATEST
 24 HR. TOTAL    0.27   03/12 TO 03/12
 STORM TOTAL       MM
 (MM/DD(HH))            MM

SNOWFALL (INCHES)
TOTALS            5.8               6.4    -0.6
 LIQUID EQUIV    0.58              0.60   -0.02
SINCE 7/1        58.9              39.8    19.1
 LIQUID 7/1      5.89
DAYS >= TRACE      14               4.1     9.9
DAYS >= 1.0         2               2.3    -0.3
GREATEST
 SNOW DEPTH        21   03/06
                        03/05
 24 HR TOTAL      2.3   MM
 STORM TOTAL       MM
 (MM/DD(HH))            MM

DEGREE_DAYS
HEATING TOTAL    1223               969     254
 SINCE 7/1       6815              6068     747
COOLING TOTAL       0                 0       0
 SINCE 1/1          0                 0       0

FREEZE DATES
RECORD
 EARLIEST     MM
 LATEST       MM
EARLIEST                        MM
LATEST                          MM
.................................................

WIND (MPH)
AVERAGE WIND SPEED              10.2
HIGHEST WIND SPEED/DIRECTION    32/030    DATE  03/12
HIGHEST GUST SPEED/DIRECTION    37/020    DATE  03/12

SKY COVER
POSSIBLE SUNSHINE (PERCENT)   MM
AVERAGE SKY COVER           0.40
NUMBER OF DAYS FAIR           14
NUMBER OF DAYS PC             10
NUMBER OF DAYS CLOUDY          7

AVERAGE RH (PERCENT)     66

WEATHER CONDITIONS. NUMBER OF DAYS WITH
THUNDERSTORM              0     MIXED PRECIP               0
HEAVY RAIN                0     RAIN                       0
LIGHT RAIN                5     FREEZING RAIN              0
LT FREEZING RAIN          2     HAIL                       0
HEAVY SNOW                0     SNOW                       1
LIGHT SNOW               10     SLEET                      0
FOG                       8     FOG W/VIS <= 1/4 MILE      0
HAZE                      5

-  INDICATES NEGATIVE NUMBERS.
R  INDICATES RECORD WAS SET OR TIED.
MM INDICATES DATA IS MISSING.
T  INDICATES TRACE AMOUNT.

$$
