000
CXAK59 PAMC 011340
CLMMCG

CLIMATE REPORT
NATIONAL WEATHER SERVICE MCGRATH, AK
540 AM AKDT MON JUN 1 2015

...................................

...THE MCGRATH AIRPORT CLIMATE SUMMARY FOR THE MONTH OF MAY 2015...

CLIMATE NORMAL PERIOD 1981 TO 2010
CLIMATE RECORD PERIOD 1940 TO 2015

WEATHER         OBSERVED          NORMAL  DEPART  LAST YEAR`S
                 VALUE   DATE(S)  VALUE   FROM    VALUE  DATE(S)
                                          NORMAL
................................................................
TEMPERATURE (F)
RECORD
 HIGH              86   5/29/2013
 LOW               -2   5/03/2001
HIGHEST            79   5/30         70       9      73  5/15
LOWEST             30                22       8      28  5/08
AVG. MAXIMUM       63.3              57.3     6.0    59.7
AVG. MINIMUM       41.0              36.1     4.9    38.2
MEAN               52.1              46.7     5.4    49.0
DAYS MAX >= 90      0                 0.0     0.0     0
DAYS MAX <= 32      0                 0.3    -0.3     0
DAYS MAX >= 80      0                 0.3    -0.3     0
DAYS MAX >= 70      4                 3.1     0.9     5
DAYS MIN <= 32      2                 9.5    -7.5     4
DAYS MIN <= 0       0                 0.0    -0.0     0

PRECIPITATION (INCHES)
RECORD
 MAXIMUM            3.07   1988
 MINIMUM            0.07   2013
TOTALS              0.38              1.09   -0.71    0.92
DAILY AVG.          0.01              0.03   -0.02    0.03
DAYS >= .01        12                10.6     1.4     6
DAYS >= .10         1                 3.3    -2.3     2
DAYS >= .50         0                 0.2    -0.2     0
DAYS >= 1.0         0                 0.0    -0.0     0
GREATEST
 24 HR TOTAL        0.13   5/25                       0.44  5/29

SNOWFALL (INCHES)
RECORDS
 TOTAL             10.7   1992
 24 HR TOTAL        6.8   5-07-1971
 SNOW DEPTH        30     5-01-1985
TOTALS              0.0               0.9    -0.9     0.0
SINCE 7/1          41.6              95.7   -54.1    47.1
SNOWDEPTH AVG.      0                 0       0       0
DAYS >= TRACE       0                 3.0    -3.0     2
DAYS >= 1.0         0                 0.3    -0.3     0
DAYS >= 6.0         0                 0.0     0.0     0
GREATEST
 SNOW DEPTH         0   MM                            0  MM
 24 HR TOTAL      0.0   MM                            T  5/07

DEGREE_DAYS
HEATING TOTAL     393               567    -174     486
 SINCE 7/1      11793             13521   -1728   11871
COOLING TOTAL       0                 0       0       0
 SINCE 1/1          0                 0       0       0
................................................................

WIND (MPH)
AVERAGE WIND SPEED                4.2
HIGHEST WIND SPEED/DIRECTION     23/200    DATE   05/16
HIGHEST GUST SPEED/DIRECTION     31/200    DATE   05/16

SKY COVER
POSSIBLE SUNSHINE (PERCENT)   MM
AVERAGE SKY COVER             MM
NUMBER OF DAYS FAIR           MM
NUMBER OF DAYS PC             MM
NUMBER OF DAYS CLOUDY         MM

AVERAGE RH (PERCENT)     MM

WEATHER CONDITIONS. NUMBER OF DAYS WITH
THUNDERSTORM              0     ICE PELLETS                 0
RAIN                     21     GLAZE                       0
DRIZZLE                   0     HAIL                        0
SNOW                      0     HAZE                        0
FOG                       1     FOG W/VIS <= 1/4 MILE       2
BLOWING SNOW              0


-  INDICATES NEGATIVE NUMBERS.
R  INDICATES RECORD WAS SET OR TIED.
MM INDICATES DATA IS MISSING.
T  INDICATES TRACE AMOUNT.

&&

WITH ABOVE AVERAGE TEMPERATURES AND BELOW AVERAGE PRECIPITATION THE MONTH OF MAY
FOR MCGRATH WAS WARM AND DRY. THE TWO DAYS THAT HAD THE TEMPERATURE DROP BELOW 32
DEGREES WERE BOTH IN THE FIRST WEEK OF MAY. THE TEMPERATURES GRADUALLY RISING
THROUGH THE MONTH AND RESULTING IN THE LAST THREE DAYS OF MAY BEING THE THREE
WARMEST. THERE WERE THREE TEMPERATURE RECORDS SET THIS PAST MONTH...ALL FOR HIGHEST
MINIMUM TEMPERATURE RECORDED ON THAT DATE. ON THE 17TH THERE WAS A LOW TEMPERATURE
OF 50 DEGREES THIS BROKE A RECORD OF 47 DEGREES SENT IN 1993...THE LOW OF 47
DEGREES ON THE 21ST TIED A RECORD SET IN 2005...AND THE LOW OF 52 DEGREES BROKE THE
PREVIOUS RECORD OF 51 DEGREES THAT WAS SET IN 2004. THE 0.38 INCHES OF
PRECIPITATION FALLING THROUGH THE MONTH ADDED TO THE 0.96 INCHES THAT HAD ALREADY
FALLEN SINCE THE FIRST OF THE YEAR LEFT MCGRATH 3.33 INCHES BEHIND THE NORMAL
AMOUNT FOR THIS TIME. WINDS WERE FOR THE MOST PART LIGHT WITH THE HIGHEST GUST OF
23 KTS AND HIGHEST AVERAGE WIND SPEED OF 9.5 KTS BOTH BEING RECORDED ON THE
15TH...ONLY TWO OTHER DAYS RECORDED GUSTS IN EXCESS OF 20 KTS AND NO OTHER DAYS
RECORDED AN AVERAGE SPEED OVER 7 KTS.

$$
TR JUN 15
