000
CXUS53 KEAX 032155
CLMMCI

STLCLMWRK 000
TTAA00 KEAX 032152


CLIMATE REPORT
NATIONAL WEATHER SERVICE KANSAS CITY/PLEASANT HILL MO
449 PM CDT WED SEP 3 2014

...................................

...THE KANSAS CITY INTERNATIONAL MO CLIMATE SUMMARY FOR THE MONTH OF AUGUST 2014...

CLIMATE NORMAL PERIOD 1981 TO 2010
CLIMATE RECORD PERIOD 1888 TO 2014

WEATHER         OBSERVED          NORMAL  DEPART  LAST YEAR`S
                 VALUE   DATE(S)  VALUE   FROM    VALUE  DATE(S)
                                          NORMAL
................................................................
TEMPERATURE (F)
RECORD
 HIGH             113   08/14/1936
 LOW               43   08/28/1986
HIGHEST            97   08/23        99      -2       99  08/30
LOWEST             57   08/12        55       2       56  08/17
AVG. MAXIMUM     87.3              87.4    -0.1     85.3
AVG. MINIMUM     67.8              66.8     1.0     66.5
MEAN             77.5              77.1     0.4     75.9
DAYS MAX >= 90     12              10.8     1.2        9
DAYS MAX <= 32      0               0.0     0.0        0
DAYS MIN <= 32      0               0.0     0.0        0
DAYS MIN <= 0       0               0.0     0.0        0

PRECIPITATION (INCHES)
RECORD
 MAXIMUM         9.58   1982
 MINIMUM         0.13   1894
TOTALS           7.42              3.89    3.53     2.12
DAILY AVG.       0.24              0.13    0.11     0.07
DAYS >= .01        10               8.3     1.7        7
DAYS >= .10         6               5.5     0.5        4
DAYS >= .50         4               2.4     1.6        2
DAYS >= 1.00        3               1.1     1.9        0
GREATEST
 24 HR. TOTAL    3.47   08/06 TO 08/06

SNOWFALL (INCHES)
RECORDS
 TOTAL            0.0   0
                        0
                        0
TOTALS            0.0               0.0     0.0      0.0
SINCE 7/1         0.0               0.0     0.0      0.0
SNOWDEPTH AVG.      0                MM      MM        0
DAYS >= 1.0         0               0.0     0.0        0
GREATEST
 SNOW DEPTH         0   MM                             0  MM
 24 HR TOTAL      0.0   08/31 TO 08/31

DEGREE_DAYS
HEATING TOTAL       0                 2      -2        0
 SINCE 7/1          2                 2       0        0
COOLING TOTAL     395               377      18      346
 SINCE 1/1       1119              1173     -54     1094
.................................................................

WIND (MPH)
AVERAGE WIND SPEED              8.2
HIGHEST WIND SPEED/DIRECTION    30/300    DATE  08/31
HIGHEST GUST SPEED/DIRECTION    42/300    DATE  08/31

SKY COVER
POSSIBLE SUNSHINE (PERCENT)    0
AVERAGE SKY COVER           0.50
NUMBER OF DAYS FAIR           10
NUMBER OF DAYS PC             19
NUMBER OF DAYS CLOUDY          2

AVERAGE RH (PERCENT)     70

WEATHER CONDITIONS. NUMBER OF DAYS WITH
THUNDERSTORM              0     MIXED PRECIP               0
HEAVY RAIN                4     RAIN                       7
LIGHT RAIN               11     FREEZING RAIN              0
LT FREEZING RAIN          0     HAIL                       0
HEAVY SNOW                0     SNOW                       0
LIGHT SNOW                0     SLEET                      0
FOG                      16     FOG W/VIS <= 1/4 MILE      1
HAZE                      7

-  INDICATES NEGATIVE NUMBERS.
R  INDICATES RECORD WAS SET OR TIED.
MM INDICATES DATA IS MISSING.
T  INDICATES TRACE AMOUNT.

$$
