000
CXUS53 KEAX 010755
CLMMCI

CLIMATE REPORT
NATIONAL WEATHER SERVICE KANSAS CITY/PLEASANT HILL MO
239 AM CDT SAT APR 1 2017

...................................

...THE KANSAS CITY INTERNATIONAL MO CLIMATE SUMMARY FOR THE MONTH OF MARCH 2017...

CLIMATE NORMAL PERIOD 1981 TO 2010
CLIMATE RECORD PERIOD 1888 TO 2017

WEATHER         OBSERVED          NORMAL  DEPART  LAST YEAR`S
                 VALUE   DATE(S)  VALUE   FROM    VALUE  DATE(S)
                                          NORMAL
................................................................
TEMPERATURE (F)
RECORD
 HIGH              91   03/21/1907
 LOW              -10   03/04/1978
HIGHEST            87   03/19        78       9       78  03/23
LOWEST             19   03/15        14       5       21  03/02
AVG. MAXIMUM     58.0              55.1     2.9     62.0
AVG. MINIMUM     38.1              33.4     4.7     39.0
MEAN             48.0              44.2     3.8     50.5
DAYS MAX >= 90      0               0.0     0.0        0
DAYS MAX <= 32      0               1.3    -1.3        0
DAYS MIN <= 32     10              14.6    -4.6       12
DAYS MIN <= 0       0               0.1    -0.1        0

PRECIPITATION (INCHES)
RECORD
 MAXIMUM         9.08   1973
 MINIMUM         0.08   1910
                        1936
TOTALS           2.81              2.37    0.44     2.72
DAILY AVG.       0.09              0.08    0.01     0.09
DAYS >= .01         9               9.5    -0.5       10
DAYS >= .10         5               5.3    -0.3        5
DAYS >= .50         1               1.7    -0.7        2
DAYS >= 1.00        1               0.3     0.7        1
GREATEST
 24 HR. TOTAL    1.44   03/29 TO 03/29

SNOWFALL (INCHES)
RECORDS
 TOTAL           40.2   1912
                        0
                        0
TOTALS            0.4               2.0    -1.6      0.6
SINCE 7/1         4.9              18.2   -13.3      5.9
SNOWDEPTH AVG.      0                MM      MM        0
DAYS >= 1.0         0               0.6    -0.6        0
GREATEST
 SNOW DEPTH         T   03/11                          0  MM
 24 HR TOTAL      0.4   MM

DEGREE_DAYS
HEATING TOTAL     525               646    -121      443
 SINCE 7/1       3779              4691    -912     3800
COOLING TOTAL       6                 3       3        2
 SINCE 1/1          6                 3       3        2
.................................................................

WIND (MPH)
AVERAGE WIND SPEED              12.4
HIGHEST WIND SPEED/DIRECTION    49/210    DATE  03/06
HIGHEST GUST SPEED/DIRECTION    67/210    DATE  03/06

SKY COVER
POSSIBLE SUNSHINE (PERCENT)   MM
AVERAGE SKY COVER           0.70
NUMBER OF DAYS FAIR            6
NUMBER OF DAYS PC              9
NUMBER OF DAYS CLOUDY         16

AVERAGE RH (PERCENT)     62

WEATHER CONDITIONS. NUMBER OF DAYS WITH
THUNDERSTORM              3     MIXED PRECIP               0
HEAVY RAIN                2     RAIN                       4
LIGHT RAIN               11     FREEZING RAIN              0
LT FREEZING RAIN          1     HAIL                       0
HEAVY SNOW                0     SNOW                       0
LIGHT SNOW                2     SLEET                      0
FOG                      15     FOG W/VIS <= 1/4 MILE      1
HAZE                      4

-  INDICATES NEGATIVE NUMBERS.
R  INDICATES RECORD WAS SET OR TIED.
MM INDICATES DATA IS MISSING.
T  INDICATES TRACE AMOUNT.

$$
