000
CXUS52 KMLB 011934 AAA
CLMMCO

CLIMATE REPORT...AMENDED TO ADD SEASONAL CLIMATE
NATIONAL WEATHER SERVICE MELBOURNE FL
0232 PM EST WED MAR 1 2017

...................................

...THE ORLANDO AREA CLIMATE SUMMARY FOR THE MONTH OF FEBRUARY
2017...

CLIMATE NORMAL PERIOD 1981 TO 2010
CLIMATE RECORD PERIOD 1892 TO 2017

WEATHER         OBSERVED          NORMAL  DEPART  LAST YEAR`S
                 VALUE   DATE(S)  VALUE   FROM    VALUE  DATE(S)
                                          NORMAL
................................................................
TEMPERATURE (F)
MONTHLY RECORD
 HOTTEST         69.7     1949
 COLDEST         52.4     1958
DAILY RECORD
 HIGH              90   02/25/1962
                        02/24/1962
                        02/15/1935
 LOW               19   02/07/1895
FEBRUARY 2017
HIGHEST            87   02/27                         84

LOWEST             43   02/01                         35
AVG. MAXIMUM     80.1              73.9     6.2     72.9
AVG. MINIMUM     56.0              52.1     3.9     49.8
MEAN             68.0              63.0     5.0     61.4
DAYS MAX >= 90      0               0.0     0.0        0
DAYS MAX <= 32      0               0.0     0.0        0
DAYS MIN <= 32      0               0.3    -0.3        0
DAYS MIN <= 0       0               0.0     0.0        0

PRECIPITATION (INCHES)
MONTHLY RECORD
 MAXIMUM         8.74   1998
 MINIMUM         0.06   1911
DAILY RECORD
 MAXIMUM         3.55   02/03/1970
FEBRUARY 2017
TOTALS           0.95              2.38   -1.43     1.69
DAYS >= .01         5               6.8    -1.8        7
DAYS >= .10         3               4.1    -1.1        4
DAYS >= .50         0               1.6    -1.6        1
DAYS >= 1.00        0               0.6    -0.6        0
GREATEST
 24 HR. TOTAL    0.37   02/08 TO 02/08

SNOWFALL (INCHES)
TOTALS            0.0               0.0     0.0      0.0
SINCE 7/1         0.0               0.0     0.0      0.0
DAYS >= TRACE       0                                  0

DEGREE_DAYS
HEATING TOTAL      16               115     -99      145
 SINCE 7/1        169               499    -330      354
COOLING TOTAL     109                59      50       47
 SINCE 1/1        201               104      97       62
.................................................................

WIND (MPH)
AVERAGE WIND SPEED              7.2
HIGHEST WIND SPEED/DIRECTION    32/360    DATE  02/23
HIGHEST GUST SPEED/DIRECTION    43/240    DATE  02/15

SKY COVER
POSSIBLE SUNSHINE (PERCENT)   MM
AVERAGE SKY COVER           0.40
NUMBER OF DAYS FAIR           12
NUMBER OF DAYS PC             13
NUMBER OF DAYS CLOUDY          3

AVERAGE RH (PERCENT)     67

WEATHER CONDITIONS. NUMBER OF DAYS WITH
THUNDERSTORM              2     MIXED PRECIP               0
HEAVY RAIN                1     RAIN                       3
LIGHT RAIN                8     LT FREEZING RAIN           0
HAIL                      0     LIGHT SNOW                 0
SLEET                     0     FOG                       18
FOG W/VIS <= 1/4 MILE     1     HAZE                       5

-  INDICATES NEGATIVE NUMBERS.
R  INDICATES RECORD WAS SET OR TIED.
MM INDICATES DATA IS MISSING.
T  INDICATES TRACE AMOUNT.

...................................

...THE ORLANDO AREA CLIMATE SUMMARY FOR THE WINTER SEASON, FROM
12/1/2016 TO 2/28/2017...

CLIMATE NORMAL PERIOD 1981 TO 2010
CLIMATE RECORD PERIOD 1892 TO 2017

WEATHER         OBSERVED          NORMAL  DEPART  LAST YEAR`S
                 VALUE   DATE(S)  VALUE   FROM    VALUE  DATE(S)
                                          NORMAL
................................................................
TEMPERATURE (F)
WINTER RECORDS
 WARMEST         68.1   1932
 COLDEST         54.9   1958
DAILY RECORD
 HIGH              91   12/05/1928
 LOW               18   12/28/1894
WINTER 2016-2017
HIGHEST            88   12/18                         87
LOWEST             36   01/08                         34
AVG. MAXIMUM     78.2              72.6     5.6     74.0
AVG. MINIMUM     56.0              51.2     4.8     54.0
MEAN             67.1              61.9     5.2     64.0
DAYS MAX >= 90      0               0.0     0.0        0
DAYS MAX <= 32      0               0.0     0.0        0
DAYS MIN <= 32      0               2.3    -2.3        0
DAYS MIN <= 0       0               0.0                0

PRECIPITATION (INCHES)
WINTER RECORDS
 MAXIMUM        23.36   1998
 MINIMUM         0.17   1907

WINTER 2016-2017
TOTALS           5.45              7.31   -1.86     8.06
DAYS >= .01        20              20.0     0.0       26
DAYS >= .10        12              11.4     0.6       14
DAYS >= .50         4               4.8    -0.8        5
DAYS >= 1.00        1               2.0    -1.0        3
GREATEST
 24 HR. TOTAL    1.49   12/19 TO 12/20

SNOWFALL (INCHES)
TOTALS            0.0               0.0     0.0      0.0
SINCE 7/1         0.0               0.0     0.0      0.0
DAYS >= TRACE       0                                  0

DEGREE_DAYS
HEATING TOTAL     146               452    -306      345
COOLING TOTAL     360               173     187      285
.................................................................

WIND (MPH)
AVERAGE WIND SPEED              7.5
HIGHEST WIND SPEED/DIRECTION    37/200    DATE  01/22
HIGHEST GUST SPEED/DIRECTION    50/200    DATE  01/22

SKY COVER
POSSIBLE SUNSHINE (PERCENT)   MM
AVERAGE SKY COVER           0.50
NUMBER OF DAYS FAIR           25
NUMBER OF DAYS PC             51
NUMBER OF DAYS CLOUDY         14

AVERAGE RH (PERCENT)     69

WEATHER CONDITIONS. NUMBER OF DAYS WITH
THUNDERSTORM              8     MIXED PRECIP               0
HEAVY RAIN                8     RAIN                       9
LIGHT RAIN               29     LT FREEZING RAIN           0
HAIL                      0     LIGHT SNOW                 0
SLEET                     0     FOG                       56
FOG W/VIS <= 1/4 MILE    10     HAZE                       6

-  INDICATES NEGATIVE NUMBERS.
R  INDICATES RECORD WAS SET OR TIED.
MM INDICATES DATA IS MISSING.
T  INDICATES TRACE AMOUNT.

$$
