000
CXUS51 KCTP 010732
CLMMDT

CLIMATE REPORT
NATIONAL WEATHER SERVICE STATE COLLEGE PA
332 AM EDT SAT NOV 1 2014

...................................

...THE HARRISBURG PA CLIMATE SUMMARY FOR THE MONTH OF OCTOBER 2014...

CLIMATE NORMAL PERIOD 1981 TO 2010
CLIMATE RECORD PERIOD 1888 TO 2014

WEATHER         OBSERVED          NORMAL  DEPART  LAST YEAR`S
                 VALUE   DATE(S)  VALUE   FROM    VALUE  DATE(S)
                                          NORMAL
................................................................
TEMPERATURE (F)
RECORD
 HIGH              97   10/07/1941
                        10/05/1941
 LOW               23   10/24/1969
HIGHEST            78   10/28                         86  10/05
                                                          10/04
LOWEST             36   10/20                         30  10/26
AVG. MAXIMUM     65.6              64.1     1.5     66.7
AVG. MINIMUM     48.5              44.6     3.9     48.0
MEAN             57.1              54.4     2.7     57.4
DAYS MAX >= 90      0               0.0     0.0        0
DAYS MAX <= 32      0               0.0     0.0        0
DAYS MIN <= 32      0               0.6    -0.6        2
DAYS MIN <= 0       0               0.0     0.0        0

PRECIPITATION (INCHES)
RECORD
 MAXIMUM        11.04   2013
 MINIMUM         0.02   1924
TOTALS           2.43              3.27   -0.84    11.04
DAILY AVG.       0.08              0.11   -0.03     0.36
DAYS >= .01        12               8.8     3.2        7
DAYS >= .10         6               5.3     0.7        5
DAYS >= .50         1               2.5    -1.5        3
DAYS >= 1.00        0               1.0    -1.0        2
GREATEST
 24 HR. TOTAL    0.93   10/15 TO 10/15

SNOWFALL (INCHES)
RECORDS
 TOTAL            5.5   2011
TOTALS            0.0               0.0     0.0      0.0
SINCE 7/1         0.0               0.0     0.0      0.0
SNOWDEPTH AVG.      0                MM      MM        0
DAYS >= 1.0         0               0.0     0.0        0

DEGREE_DAYS
HEATING TOTAL     245               340     -95      271
 SINCE 7/1        279               412    -133      346
COOLING TOTAL       8                 9      -1       45
 SINCE 1/1       1050              1002      48     1105
..........................................................

WIND (MPH)
AVERAGE WIND SPEED              6.9
HIGHEST WIND SPEED/DIRECTION    26/310    DATE  10/26
HIGHEST GUST SPEED/DIRECTION    37/330    DATE  10/23

SKY COVER
POSSIBLE SUNSHINE (PERCENT)   MM
AVERAGE SKY COVER           0.70
NUMBER OF DAYS FAIR            4
NUMBER OF DAYS PC             12
NUMBER OF DAYS CLOUDY         15

AVERAGE RH (PERCENT)     70

WEATHER CONDITIONS. NUMBER OF DAYS WITH
THUNDERSTORM              0     MIXED PRECIP               0
HEAVY RAIN                4     RAIN                       4
LIGHT RAIN               18     FREEZING RAIN              0
LT FREEZING RAIN          0     HAIL                       0
HEAVY SNOW                0     SNOW                       0
LIGHT SNOW                0     SLEET                      0
FOG                      17     FOG W/VIS <= 1/4 MILE      3
HAZE                      5

-  INDICATES NEGATIVE NUMBERS.
R  INDICATES RECORD WAS SET OR TIED.
MM INDICATES DATA IS MISSING.
T  INDICATES TRACE AMOUNT.

&&

NO DAILY TEMPERATURE OR PRECIPITATION RECORDS WERE SET DURING THE MONTH.

$$

MS
