000
CXUS54 KMEG 020130
CLMMEG


CLIMATE REPORT
NATIONAL WEATHER SERVICE MEMPHIS TN
722 PM CST THU FEB 1 2018

...................................

...THE MEMPHIS/GERMANTOWN WFO CLIMATE SUMMARY FOR THE MONTH OF JANUARY 2018...

CLIMATE NORMAL PERIOD 1981 TO 2010
CLIMATE RECORD PERIOD 1988 TO 2018

WEATHER         OBSERVED          NORMAL  DEPART  LAST YEAR`S
                 VALUE   DATE(S)  VALUE   FROM    VALUE  DATE(S)
                                          NORMAL
................................................................
TEMPERATURE (F)
RECORD
 HIGH              77   01/31/2002
                        01/30/2002
 LOW                4   01/17/2018
HIGHEST            69   01/21        77      -8       75  01/12
LOWEST              4R  01/17         6      -2       11  01/08
AVG. MAXIMUM     45.8              48.5    -2.7     56.1
AVG. MINIMUM     27.1              29.6    -2.5     39.1
MEAN             36.5              39.1    -2.6     47.6
DAYS MAX >= 90      0               0.0     0.0        0
DAYS MAX <= 32      7               2.6     4.4        3
DAYS MIN <= 32     20              19.5     0.5       10
DAYS MIN <= 0       0               0.0     0.0        0

PRECIPITATION (INCHES)
RECORD
 MAXIMUM        10.57   2013
 MINIMUM         1.34   2015
TOTALS           4.29              3.96    0.33     3.66
DAILY AVG.       0.14              0.13    0.01     0.12
DAYS >= .01        11              10.8     0.2       10
DAYS >= .10         6               7.1    -1.1        6
DAYS >= .50         4               3.3     0.7        4
DAYS >= 1.00        1               1.3    -0.3        0
GREATEST
 24 HR. TOTAL    1.05   01/12 TO 01/12

SNOWFALL (INCHES)
RECORDS
 TOTAL            7.6   2011
TOTALS            3.8               0.3     3.5      1.0
SINCE 7/1         3.8               0.4     3.4      1.0
SNOWDEPTH AVG.      0                MM      MM        0
DAYS >= 1.0         2               0.1     1.9        1
GREATEST
 SNOW DEPTH         2   01/18                          0  MM
                        01/17
                        01/16
 24 HR TOTAL      2.0   01/16 TO 01/16

DEGREE_DAYS
HEATING TOTAL     875               805      70      532
 SINCE 7/1       2098              2129     -31     1529
COOLING TOTAL       0                 0       0        0
 SINCE 1/1          0                 0       0        0
.................................................................



-  INDICATES NEGATIVE NUMBERS.
R  INDICATES RECORD WAS SET OR TIED.
MM INDICATES DATA IS MISSING.
T  INDICATES TRACE AMOUNT.

$$
