000
CXUS54 KJAN 012236
CLMMEI


CLIMATE REPORT
NATIONAL WEATHER SERVICE JACKSON MS
532 PM CDT SAT AUG 1 2015

...................................

...THE MERIDIAN CLIMATE SUMMARY FOR THE MONTH OF JULY 2015...

CLIMATE NORMAL PERIOD 1981 TO 2010
CLIMATE RECORD PERIOD 1889 TO 2015

WEATHER         OBSERVED          NORMAL  DEPART  LAST YEAR`S
                 VALUE   DATE(S)  VALUE   FROM    VALUE  DATE(S)
                                          NORMAL
................................................................
TEMPERATURE (F)
RECORD
 HIGH             107   07/14/1980
 LOW               54   07/23/1947
HIGHEST            98   07/20        99      -1       98  07/02
LOWEST             66   07/06        64       2       56  07/30
                        07/05
AVG. MAXIMUM     92.9              91.8     1.1     89.6
AVG. MINIMUM     71.9              69.4     2.5     67.2
MEAN             82.4              80.6     1.8     78.4
DAYS MAX >= 90     27              21.2     5.8       16
DAYS MAX <= 32      0               0.0     0.0        0
DAYS MIN <= 32      0               0.0     0.0        0
DAYS MIN <= 0       0               0.0     0.0        0

PRECIPITATION (INCHES)
RECORD
 MAXIMUM        15.29   1959
 MINIMUM         0.56   1918
TOTALS           3.57              5.14   -1.57     1.80
DAILY AVG.       0.12              0.17   -0.05     0.06
DAYS >= .01         8              11.6    -3.6        8
DAYS >= .10         6               7.9    -1.9        3
DAYS >= .50         3               3.5    -0.5        1
DAYS >= 1.00        1               1.6    -0.6        1
GREATEST
 24 HR. TOTAL    2.40   06/30 TO 07/01              1.08

SNOWFALL (INCHES)
RECORDS
 TOTAL            0.0   MM
TOTALS            0.0               0.0     0.0      0.0
SINCE 7/1         0.0               0.0     0.0      0.0
DAYS >= TRACE       0
DAYS >= 1.0         0               0.0     0.0        0
GREATEST
 24 HR TOTAL      0.0   07/31 TO 07/31

DEGREE_DAYS
HEATING TOTAL       0                 0       0        0
 SINCE 7/1          0                 0       0        0
COOLING TOTAL     547               484      63      425
 SINCE 1/1       1328              1147     181     1105
.................................................................

WIND (MPH)
AVERAGE WIND SPEED              4.7
HIGHEST WIND SPEED/DIRECTION    31/020    DATE  07/29
HIGHEST GUST SPEED/DIRECTION    38/230    DATE  07/01

SKY COVER
POSSIBLE SUNSHINE (PERCENT)   MM
AVERAGE SKY COVER           0.20
NUMBER OF DAYS FAIR           27
NUMBER OF DAYS PC              4
NUMBER OF DAYS CLOUDY          0

AVERAGE RH (PERCENT)     74

WEATHER CONDITIONS. NUMBER OF DAYS WITH
THUNDERSTORM             14     MIXED PRECIP               0
HEAVY RAIN                5     RAIN                       5
LIGHT RAIN               17     FREEZING RAIN              0
LT FREEZING RAIN          0     HAIL                       0
HEAVY SNOW                0     SNOW                       0
LIGHT SNOW                0     SLEET                      0
FOG                      11     FOG W/VIS <= 1/4 MILE      0
HAZE                      2

-  INDICATES NEGATIVE NUMBERS.
R  INDICATES RECORD WAS SET OR TIED.
MM INDICATES DATA IS MISSING.
T  INDICATES TRACE AMOUNT.

$$
