000
CXUS54 KMEG 031522
CLMMEM


CLIMATE REPORT
NATIONAL WEATHER SERVICE MEMPHIS TN
921 AM CST WED FEB 3 2016

...................................

...THE MEMPHIS CLIMATE SUMMARY FOR THE MONTH OF JANUARY 2016...

CLIMATE NORMAL PERIOD 1981 TO 2010
CLIMATE RECORD PERIOD 1872 TO 2016

WEATHER         OBSERVED          NORMAL  DEPART  LAST YEAR`S
                 VALUE   DATE(S)  VALUE   FROM    VALUE  DATE(S)
                                          NORMAL
................................................................
TEMPERATURE (F)
RECORD
 HIGH              79   01/31/2002
                        01/12/1890
 LOW               -8   01/12/1918
                        01/09/1886
HIGHEST            73   01/31        49      24       65  01/19
LOWEST             18   01/11        31     -13        9  01/08
AVG. MAXIMUM     50.4              49.8     0.6     50.1
AVG. MINIMUM     31.8              32.6    -0.8     31.9
MEAN             41.1              41.2    -0.1     41.0
DAYS MAX >= 90      0               0.0     0.0        0
DAYS MAX <= 32      1               2.0    -1.0        1
DAYS MIN <= 32     18              14.5     3.5       12
DAYS MIN <= 0       0               0.0     0.0        0

PRECIPITATION (INCHES)
RECORD
 MAXIMUM        17.56   1937
 MINIMUM         0.57   1986
TOTALS           2.27              3.98   -1.71     1.30
DAILY AVG.       0.07              0.13   -0.06     0.04
DAYS >= .01         7               9.5    -2.5        7
DAYS >= .10         5               6.4    -1.4        4
DAYS >= .50         1               2.6    -1.6        1
DAYS >= 1.00        1               1.0     0.0        0
GREATEST
 24 HR. TOTAL    1.31   01/09 TO 01/09

SNOWFALL (INCHES)
RECORDS
 TOTAL           15.1   1948
TOTALS            0.3               1.9    -1.6      0.0
SINCE 7/1         0.3               2.1    -1.8      0.2
SNOWDEPTH AVG.      0                MM      MM        0
DAYS >= 1.0         0               0.6    -0.6        0
GREATEST
 SNOW DEPTH         T   01/22                          0  MM
 24 HR TOTAL      0.3   MM

DEGREE_DAYS
HEATING TOTAL     736               738      -2      738
 SINCE 7/1       1385              1902    -517     1921
COOLING TOTAL       2                 1       1        0
 SINCE 1/1          2                 0       2        0
.................................................................

WIND (MPH)
AVERAGE WIND SPEED              8.8
HIGHEST WIND SPEED/DIRECTION    30/210    DATE  01/31
HIGHEST GUST SPEED/DIRECTION    40/210    DATE  01/31

SKY COVER
POSSIBLE SUNSHINE (PERCENT)   MM
AVERAGE SKY COVER           0.50
NUMBER OF DAYS FAIR            9
NUMBER OF DAYS PC             12
NUMBER OF DAYS CLOUDY         10

AVERAGE RH (PERCENT)     64

WEATHER CONDITIONS. NUMBER OF DAYS WITH
THUNDERSTORM              0     MIXED PRECIP               0
HEAVY RAIN                2     RAIN                       3
LIGHT RAIN                9     FREEZING RAIN              0
LT FREEZING RAIN          1     HAIL                       0
HEAVY SNOW                0     SNOW                       0
LIGHT SNOW                1     SLEET                      1
FOG                       7     FOG W/VIS <= 1/4 MILE      0
HAZE                      3

-  INDICATES NEGATIVE NUMBERS.
R  INDICATES RECORD WAS SET OR TIED.
MM INDICATES DATA IS MISSING.
T  INDICATES TRACE AMOUNT.

$$
