000
CXUS51 KCLE 021243
CLMMFD


CLIMATE REPORT
NATIONAL WEATHER SERVICE CLEVELAND OH
842 AM EDT THU JUL 2 2015

...................................

...THE MANSFIELD OH CLIMATE SUMMARY FOR THE MONTH OF JUNE 2015...

CLIMATE NORMAL PERIOD 1981 TO 2010
CLIMATE RECORD PERIOD 1916 TO 2015

WEATHER         OBSERVED          NORMAL  DEPART  LAST YEAR`S
                 VALUE   DATE(S)  VALUE   FROM    VALUE
                                          NORMAL
.............................................................
TEMPERATURE (F)
RECORD
 HIGH             101   06/25/1988
 LOW               37   06/02/2003
                        06/01/2003
                        06/05/1990
HIGHEST            90   06/11
LOWEST             45   06/01
AVG. MAXIMUM     77.6              78.1    -0.5     79.8
AVG. MINIMUM     60.2              57.3     2.9     59.5
MEAN             68.9              67.7     1.2     69.6
DAYS MAX >= 90      1               0.9     0.1        0
DAYS MAX <= 32      0               0.0     0.0        0
DAYS MIN <= 32      0               0.0     0.0        0
DAYS MIN <= 0       0               0.0     0.0        0

PRECIPITATION (INCHES)
RECORD
 MAXIMUM        10.00   1981
 MINIMUM         0.56   1988
TOTALS           7.44              4.75    2.69     6.48
DAYS >= .01        17              11.9     5.1       17
DAYS >= .10        12               8.4     3.6        9
DAYS >= .50         6               3.6     2.4        5
DAYS >= 1.00        2               1.1     0.9        3
GREATEST
 24 HR. TOTAL    1.92   06/14 TO 06/15              2.35

SNOWFALL (INCHES)
RECORDS
 TOTAL             MM   5
TOTALS            0.0               0.0     0.0      0.0
SINCE 7/1        63.2              48.3    14.9     65.4
DAYS >= 1.0         0               0.0     0.0        0
GREATEST
 24 HR TOTAL      0.0   06/30 TO 06/30

DEGREE_DAYS
HEATING TOTAL      33                53     -20       24
 SINCE 7/1       6602              6270     332     6715
COOLING TOTAL     156               134      22      169
 SINCE 1/1        274               180      94      232
..............................................................

WIND (MPH)
AVERAGE WIND SPEED              8.4
HIGHEST WIND SPEED/DIRECTION    30/280    DATE  06/12
HIGHEST GUST SPEED/DIRECTION    43/280    DATE  06/12

SKY COVER
AVERAGE SKY COVER           0.50

AVERAGE RH (PERCENT)     79

WEATHER CONDITIONS. NUMBER OF DAYS WITH
THUNDERSTORM              0     MIXED PRECIP               0
HEAVY RAIN                7     RAIN                      11
LIGHT RAIN               19     FREEZING RAIN              0
LT FREEZING RAIN          0     HAIL                       0
HEAVY SNOW                0     SNOW                       0
LIGHT SNOW                0     SLEET                      0
FOG                      25     FOG W/VIS <= 1/4 MILE      0
HAZE                      4

-  INDICATES NEGATIVE NUMBERS.
R  INDICATES RECORD WAS SET OR TIED.
MM INDICATES DATA IS MISSING.
T  INDICATES TRACE AMOUNT.

$$
