000
CXUS53 KTOP 011424
CLMMHK


CLIMATE REPORT
NATIONAL WEATHER SERVICE TOPEKA KS
921 AM CDT SAT JUL 1 2017

...................................

...THE MANHATTAN KS CLIMATE SUMMARY FOR THE MONTH OF JUNE 2017...

CLIMATE NORMAL PERIOD 1981 TO 2010
CLIMATE RECORD PERIOD 9999 TO 9999

WEATHER         OBSERVED          NORMAL  DEPART  LAST YEAR`S
                 VALUE   DATE(S)  VALUE   FROM    VALUE
                                          NORMAL
.............................................................
TEMPERATURE (F)
HIGHEST           100   06/20                        106
LOWEST             50   06/24                         53
AVG. MAXIMUM     89.4              85.4     4.0     93.4
AVG. MINIMUM     62.9              61.9     1.0     66.6
MEAN             76.2              73.7     2.5     80.0
DAYS MAX >= 90     15               8.3     6.7       20
DAYS MAX <= 32      0               0.0     0.0        0
DAYS MIN <= 32      0               0.0     0.0        0
DAYS MIN <= 0       0               0.0     0.0        0

PRECIPITATION (INCHES)
TOTALS           2.63              5.09   -2.46     1.25
DAILY AVG.       0.09                               0.04
DAYS >= .01        11                                  5
DAYS >= .10         5                                  2
DAYS >= .50         1                                  1
DAYS >= 1.00        1                                  0
GREATEST
 24 HR. TOTAL    1.71   06/29 TO 06/29              0.98

DEGREE_DAYS
HEATING TOTAL       2                11      -9        0
 SINCE 7/1       4171              5315   -1144     4115
COOLING TOTAL     345               270      75      458
 SINCE 1/1        479               370     109      568
..............................................................

WIND (MPH)
AVERAGE WIND SPEED              8.1
HIGHEST WIND SPEED/DIRECTION    40/180    DATE  06/28
HIGHEST GUST SPEED/DIRECTION    52/180    DATE  06/28

SKY COVER
POSSIBLE SUNSHINE (PERCENT)   MM
AVERAGE SKY COVER           0.20
NUMBER OF DAYS FAIR           27
NUMBER OF DAYS PC              3
NUMBER OF DAYS CLOUDY          0

AVERAGE RH (PERCENT)     66

WEATHER CONDITIONS. NUMBER OF DAYS WITH
THUNDERSTORM              8     MIXED PRECIP               0
HEAVY RAIN                4     RAIN                       2
LIGHT RAIN               12     FREEZING RAIN              0
LT FREEZING RAIN          0     HEAVY SNOW                 0
SNOW                      0     LIGHT SNOW                 0
FOG                       6     FOG W/VIS <= 1/4 MILE      1
HAZE                      3

-  INDICATES NEGATIVE NUMBERS.
R  INDICATES RECORD WAS SET OR TIED.
MM INDICATES DATA IS MISSING.
T  INDICATES TRACE AMOUNT.

$$
