000
CXUS52 KMFL 011336
CLMMIA


CLIMATE REPORT
NATIONAL WEATHER SERVICE MIAMI, FL
922 AM EDT TUE AUG 1 2017

...................................

...THE MIAMI CLIMATE SUMMARY FOR THE MONTH OF JULY 2017...

CLIMATE NORMAL PERIOD 1981 TO 2010
CLIMATE RECORD PERIOD 1895 TO 2017

WEATHER         OBSERVED          NORMAL  DEPART  LAST YEAR`S
                 VALUE   DATE(S)  VALUE   FROM    VALUE
                                          NORMAL
.............................................................
TEMPERATURE (F)
RECORD
 HIGH             100   07/21/1942
 LOW               66   07/13/1936
                        07/04/1929
HIGHEST            94   07/30                         93
                        07/27
                        07/25
LOWEST             72   07/21                         72
AVG. MAXIMUM     91.9              90.9     1.0     91.2
AVG. MINIMUM     79.6              77.3     2.3     78.3
MEAN             85.7              84.1     1.6     84.7
DAYS MAX >= 90     30                                 29
DAYS MAX <= 32      0                                  0
DAYS MIN <= 32      0                                  0
DAYS MIN <= 0       0                                  0

PRECIPITATION (INCHES)
RECORD
 MAXIMUM        15.33   1941
 MINIMUM         0.48   1932
TOTALS          12.45              6.50    5.95     4.11
DAILY AVG.       0.40              0.21    0.19
DAYS >= .01        17                                 16
DAYS >= .10         8                                  9
DAYS >= .50         5                                  4
DAYS >= 1.00        4                                  1
GREATEST
 24 HR. TOTAL    5.49   07/12 TO 07/12              1.58

DEGREE_DAYS
HEATING TOTAL       0                 0       0        0
 SINCE 7/1          0                 0       0        0
COOLING TOTAL     649               592      57      620
 SINCE 1/1       2922              2480     442     2643
..............................................................

WIND (MPH)
AVERAGE WIND SPEED              7.0
HIGHEST WIND SPEED/DIRECTION    28/100    DATE  07/12
HIGHEST GUST SPEED/DIRECTION    33/090    DATE  07/12

SKY COVER
POSSIBLE SUNSHINE (PERCENT)   49
AVERAGE SKY COVER           0.60
NUMBER OF DAYS FAIR            1
NUMBER OF DAYS PC             23
NUMBER OF DAYS CLOUDY          7

AVERAGE RH (PERCENT)     70

WEATHER CONDITIONS. NUMBER OF DAYS WITH
THUNDERSTORM             24     MIXED PRECIP               0
HEAVY RAIN                6     RAIN                       6
LIGHT RAIN               20     FREEZING RAIN              0
LT FREEZING RAIN          0     HAIL                       0
HEAVY SNOW                0     SNOW                       0
LIGHT SNOW                0     SLEET                      0
FOG                       5     FOG W/VIS <= 1/4 MILE      0
HAZE                      2

-  INDICATES NEGATIVE NUMBERS.
R  INDICATES RECORD WAS SET OR TIED.
MM INDICATES DATA IS MISSING.
T  INDICATES TRACE AMOUNT.

..................................................................


...............DATA FOR MIAMI BEACH.....JULY 2017.............

...TEMPERATURE DATA...

AVERAGE FOR THE MONTH .... 83.6 OR 0.4 DEGREES ABOVE NORMAL.
AVERAGE MAXIMUM .......... 87.5 OR 0.6 DEGREES BELOW NORMAL.
AVERAGE MINIMUM .......... 79.7 OR 1.4 DEGREES ABOVE NORMAL.

HIGHEST TEMPERATURE FOR THE MONTH: 91 DEGREES ON THE 31ST.
LOWEST TEMPERATURE FOR THE MONTH: 72 DEGREES ON THE 22ND.


...PRECIPITATION...

TOTAL FOR THE MONTH 6.15 INCHES OR 1.80 INCHES ABOVE NORMAL.
TOTAL FOR THE YEAR  25.37 INCHES OR 2.85 INCHES BELOW NORMAL.
GREATEST 24-HOUR PERIOD RAINFALL 2.00 INCHES ON THE 30TH.

NUMBER OF DAYS HAVING 0.01 INCHES OR MORE ...  12.
NUMBER OF DAYS HAVING 0.10 INCHES OR MORE ...  12.
NUMBER OF DAYS HAVING 0.50 INCHES OR MORE ...   5.
NUMBER OF DAYS HAVING 1.00 INCHES OR MORE ...   2.


..................................................................


.........DATA FOR NWS MIAMI (WEST MIAMI).....JULY 2017.......

...TEMPERATURE DATA...

AVERAGE FOR THE MONTH .... 85.0 OR 2.2 DEGREES ABOVE NORMAL.
AVERAGE MAXIMUM .......... 91.8 OR 1.9 DEGREES ABOVE NORMAL.
AVERAGE MINIMUM .......... 78.2 OR 2.6 DEGREES ABOVE NORMAL.

HIGHEST TEMPERATURE FOR THE MONTH: 93 DEGREES ON THE 7TH, 8TH, 16TH, 18TH, 25TH, 26TH, 28TH.
LOWEST  TEMPERATURE FOR THE MONTH: 71 DEGREES ON THE 22ND.


...PRECIPITATION...

TOTAL FOR THE MONTH 11.34 INCHES OR 3.51 INCHES ABOVE NORMAL.
TOTAL FOR THE YEAR 37.41 INCHES OR 3.44 INCHES ABOVE NORMAL.
GREATEST 24-HOUR PERIOD RAINFALL 4.45 INCHES ON THE 13TH.

NUMBER OF DAYS HAVING 0.01 INCHES OR MORE ... 19.
NUMBER OF DAYS HAVING 0.10 INCHES OR MORE ... 12.
NUMBER OF DAYS HAVING 0.50 INCHES OR MORE ... 3.
NUMBER OF DAYS HAVING 1.00 INCHES OR MORE ... 3.


..................................................................


$$
