000
CXUS53 KIND 011513
CLMMIE


CLIMATE REPORT
NATIONAL WEATHER SERVICE INDIANAPOLIS IN
1113 AM EDT FRI AUG 1 2014

...................................

...THE MUNCIE IN CLIMATE SUMMARY FOR THE MONTH OF JULY 2014...

CLIMATE NORMAL PERIOD 1981 TO 2010
CLIMATE RECORD PERIOD 9999 TO 9999

WEATHER         OBSERVED          NORMAL  DEPART  LAST YEAR`S
                 VALUE   DATE(S)  VALUE   FROM    VALUE  DATE(S)
                                          NORMAL
................................................................
TEMPERATURE (F)
HIGHEST            88   07/22                         92  07/19
                                                          07/18
LOWEST             47   07/29                         49  07/25
AVG. MAXIMUM     79.0              84.5    -5.5     81.3
AVG. MINIMUM     59.3              64.3    -5.0     62.6
MEAN             69.1              74.4    -5.3     72.0
DAYS MAX >= 90      0               5.2    -5.2        4
DAYS MAX <= 32      0               0.0     0.0        0
DAYS MIN <= 32      0               0.0     0.0        0
DAYS MIN <= 0       0               0.0     0.0        0

PRECIPITATION (INCHES)
TOTALS           2.13              4.38   -2.25     1.82
DAILY AVG.       0.07              0.14   -0.07     0.06
DAYS >= .01         9              10.5    -1.5        7
DAYS >= .10         4               6.6    -2.6        6
DAYS >= .50         1               3.1    -2.1        1
DAYS >= 1.00        1               1.3    -0.3        0
GREATEST
 24 HR. TOTAL    1.23   07/08 TO 07/08

DEGREE_DAYS
HEATING TOTAL      18                 3      15        7
 SINCE 7/1         18                 3      15        7
COOLING TOTAL     153               294    -141      230
 SINCE 1/1        513               593     -80      604
.................................................................

WIND (MPH)
AVERAGE WIND SPEED              6.7
HIGHEST WIND SPEED/DIRECTION    31/270    DATE  07/26
HIGHEST GUST SPEED/DIRECTION    38/270    DATE  07/26

SKY COVER
POSSIBLE SUNSHINE (PERCENT)   MM
AVERAGE SKY COVER           0.30
NUMBER OF DAYS FAIR           21
NUMBER OF DAYS PC              9
NUMBER OF DAYS CLOUDY          1

AVERAGE RH (PERCENT)     69

WEATHER CONDITIONS. NUMBER OF DAYS WITH
THUNDERSTORM              7     MIXED PRECIP               0
HEAVY RAIN                4     RAIN                       4
LIGHT RAIN               14     FREEZING RAIN              0
LT FREEZING RAIN          0     HAIL                       0
HEAVY SNOW                0     SNOW                       0
LIGHT SNOW                0     SLEET                      0
FOG                      13     FOG W/VIS <= 1/4 MILE      1
HAZE                      2

-  INDICATES NEGATIVE NUMBERS.
R  INDICATES RECORD WAS SET OR TIED.
MM INDICATES DATA IS MISSING.
T  INDICATES TRACE AMOUNT.

$$
