000
CXUS53 KMKX 011549
CLMMKE

CLIMATE REPORT
NATIONAL WEATHER SERVICE IN MILWAUKEE
1049 AM CDT MON JUN 1 2015

...................................

...THE MILWAUKEE WI CLIMATE SUMMARY FOR THE MONTH OF MAY 2015...

CLIMATE NORMAL PERIOD 1981 TO 2010
CLIMATE RECORD PERIOD 1871 TO 2015

WEATHER         OBSERVED          NORMAL  DEPART  LAST YEAR`S
                 VALUE   DATE(S)  VALUE   FROM    VALUE  DATE(S)
                                          NORMAL
................................................................
TEMPERATURE (F)
RECORD
 HIGH              94   05/27/1911
 LOW               21   05/10/1966
HIGHEST            81   05/07        84      -3       86  05/21
LOWEST             37   05/20        34       3       36  05/16
                        05/19                             05/15
                        05/13
AVG. MAXIMUM     66.9              64.9     2.0     66.1
AVG. MINIMUM     47.3              46.5     0.8     46.6
MEAN             57.1              55.7     1.4     56.4
DAYS MAX >= 90      0               0.2    -0.2        0
DAYS MAX <= 32      0               0.0     0.0        0
DAYS MIN <= 32      0               0.3    -0.3        0
DAYS MIN <= 0       0               0.0     0.0        0

PRECIPITATION (INCHES)
RECORD
 MAXIMUM         9.56   1933
 MINIMUM         0.41   1885
TOTALS           2.43              3.40   -0.97     2.83
DAILY AVG.       0.08              0.11   -0.03     0.09
DAYS >= .01        13              11.4     1.6        9
DAYS >= .10         8               7.0     1.0        6
DAYS >= .50         1               2.3    -1.3        1
DAYS >= 1.00        0               0.8    -0.8        1
GREATEST
 24 HR. TOTAL    0.55   05/29 TO 05/30              1.16

SNOWFALL (INCHES)
RECORDS
 TOTAL            3.2   5
                        0
                        -26215
TOTALS            0.0               0.1    -0.1      0.0
SINCE 7/1        43.0              46.9    -3.9     63.4
SNOWDEPTH AVG.      0                MM      MM        0
DAYS >= 1.0         0               0.0     0.0        0
GREATEST
 SNOW DEPTH         0   MM                             0  MM
 24 HR TOTAL      0.0   05/31 TO 05/31               0.0

DEGREE_DAYS
HEATING TOTAL     264               313     -49      278
 SINCE 7/1       7095              6810     285     7668
COOLING TOTAL      26                25       1       18
 SINCE 1/1         26                30      -4       18
.................................................................

WIND (MPH)
AVERAGE WIND SPEED              10.0
HIGHEST WIND SPEED/DIRECTION    29/020    DATE  05/30
HIGHEST GUST SPEED/DIRECTION    40/010    DATE  05/30

SKY COVER
POSSIBLE SUNSHINE (PERCENT)   MM
AVERAGE SKY COVER           0.70
NUMBER OF DAYS FAIR            1
NUMBER OF DAYS PC             18
NUMBER OF DAYS CLOUDY         12

AVERAGE RH (PERCENT)     67

WEATHER CONDITIONS. NUMBER OF DAYS WITH
THUNDERSTORM              0     MIXED PRECIP               0
HEAVY RAIN                3     RAIN                       4
LIGHT RAIN               16     FREEZING RAIN              0
LT FREEZING RAIN          0     HAIL                       0
HEAVY SNOW                0     SNOW                       0
LIGHT SNOW                0     SLEET                      0
FOG                      17     FOG W/VIS <= 1/4 MILE      4
HAZE                     14

-  INDICATES NEGATIVE NUMBERS.
R  INDICATES RECORD WAS SET OR TIED.
MM INDICATES DATA IS MISSING.
T  INDICATES TRACE AMOUNT.

$$
