167
CXUS53 KGRR 011848
CLMMKG

CLIMATE REPORT
NATIONAL WEATHER SERVICE GRAND RAPIDS, MI
629 AM EDT SUN OCT 1 2017

...................................

...THE MUSKEGON MI CLIMATE SUMMARY FOR THE MONTH OF SEPTEMBER 2017...

CLIMATE NORMAL PERIOD 1981 TO 2010
CLIMATE RECORD PERIOD 1896 TO 2017

WEATHER         OBSERVED          NORMAL  DEPART  LAST YEAR`S
                 VALUE   DATE(S)  VALUE   FROM    VALUE  DATE(S)
                                          NORMAL
................................................................
TEMPERATURE (F)
RECORD
 HIGH              95   09/06/1954
                        09/01/1953
 LOW               27   09/28/1991
                        09/27/1989
HIGHEST            92   09/23        85       7       87  09/06
LOWEST             40   09/30        35       5       50  09/02
AVG. MAXIMUM     77.0              71.3     5.7     76.2
AVG. MINIMUM     53.9              52.8     1.1     58.3
MEAN             65.4              62.1     3.3     67.3
DAYS MAX >= 90      3               0.0     3.0        0
DAYS MAX <= 32      0               0.0     0.0        0
DAYS MIN <= 32      0               0.2    -0.2        0
DAYS MIN <= 0       0               0.0     0.0        0

PRECIPITATION (INCHES)
RECORD
 MAXIMUM        13.55   1986
 MINIMUM         0.17   1979
TOTALS           0.82              3.89   -3.07     5.92
DAILY AVG.       0.03              0.13   -0.10     0.20
DAYS >= .01         6              10.1    -4.1       14
DAYS >= .10         2               6.7    -4.7        7
DAYS >= .50         0               2.6    -2.6        2
DAYS >= 1.00        0               0.8    -0.8        2
GREATEST
 24 HR. TOTAL    0.41   09/07 TO 09/07

SNOWFALL (INCHES)
RECORDS
 TOTAL              T   1994
                        1991
                        1983
 24 HR TOTAL        T   MM
 SNOW DEPTH         0   MM
TOTALS            0.0               0.0     0.0      0.0
SINCE 7/1         0.0               0.0     0.0      0.0
SNOWDEPTH AVG.      0                MM      MM        0
DAYS >= TRACE       0               0.0     0.0        0
DAYS >= 1.0         0               0.0     0.0        0
GREATEST
 SNOW DEPTH         0   MM                             0  MM
 24 HR TOTAL      0.0   09/30 TO 09/30

DEGREE_DAYS
HEATING TOTAL      92               143     -51       25
 SINCE 7/1        105               173     -68       34
COOLING TOTAL     111                54      57      101
 SINCE 1/1        605               561      44      765

FREEZE DATES
RECORD
 EARLIEST     09/22/1976
 LATEST       06/22/1992
EARLIEST                        10/14
LATEST                          05/04
.................................................................

WIND (MPH)
AVERAGE WIND SPEED              6.3
RESULTANT WIND SPEED/DIRECTION   1/215
HIGHEST WIND SPEED/DIRECTION    25/340    DATE  09/29
HIGHEST GUST SPEED/DIRECTION    32/330    DATE  09/29

SKY COVER
POSSIBLE SUNSHINE (PERCENT)   MM
AVERAGE SKY COVER           0.40
NUMBER OF DAYS FAIR           10
NUMBER OF DAYS PC             17
NUMBER OF DAYS CLOUDY          3

AVERAGE RH (PERCENT)     69

WEATHER CONDITIONS. NUMBER OF DAYS WITH
THUNDERSTORM              0     MIXED PRECIP               0
HEAVY RAIN                2     RAIN                       3
LIGHT RAIN                8     FREEZING RAIN              0
LT FREEZING RAIN          0     HAIL                       0
HEAVY SNOW                0     SNOW                       0
LIGHT SNOW                0     SLEET                      0
FOG                      12     FOG W/VIS <= 1/4 MILE      5
HAZE                      1

-  INDICATES NEGATIVE NUMBERS.
R  INDICATES RECORD WAS SET OR TIED.
MM INDICATES DATA IS MISSING.
T  INDICATES TRACE AMOUNT.

$$

JAM
WRKCLMMKG 000
TTAA00 KGRR 030024


CLIMATE REPORT
NATIONAL WEATHER SERVICE GRAND RAPIDS, MI
818 PM EDT SAT SEP 2 2017

...................................

...THE MUSKEGON MI CLIMATE SUMMARY FOR THE SEASON, FROM
6/1/2017 TO 8/31/2017...

CLIMATE NORMAL PERIOD 1981 TO 2010
CLIMATE RECORD PERIOD 1896 TO 2017

WEATHER         OBSERVED          NORMAL  DEPART  LAST YEAR`S
                 VALUE   DATE(S)  VALUE   FROM    VALUE  DATE(S)
                                          NORMAL
................................................................
TEMPERATURE (F)
RECORD
 HIGH              99   07/06/2012
                        08/03/1964
                        07/30/1913
 LOW               31   06/11/1972
HIGHEST            90   06/14        90       0       90  07/23
LOWEST             45   06/01        41       4       43  06/09
                                                          06/08
AVG. MAXIMUM     79.1              78.4     0.7     80.7
AVG. MINIMUM     59.7              59.9    -0.2     61.2
MEAN             69.4              69.1     0.3     70.9
DAYS MAX >= 90      1               1.7    -0.7        1
DAYS MAX <= 32      0               0.0     0.0        0
DAYS MIN <= 32      0               0.0     0.0        0
DAYS MIN <= 0       0               0.0     0.0        0

PRECIPITATION (INCHES)
RECORD
 MAXIMUM        19.15   1905
 MINIMUM         3.00   1930
TOTALS           6.68              8.31   -1.63    11.22
DAILY AVG.       0.07              0.09   -0.02     0.12
DAYS >= .01        27              27.5    -0.5       31
DAYS >= .10        16              16.3    -0.3       19
DAYS >= .50         4               5.8    -1.8        7
DAYS >= 1.00        1               1.7    -0.7        2
GREATEST
 24 HR. TOTAL    1.24   06/28 TO 06/28

SNOWFALL (INCHES)
RECORDS
 TOTAL            0.0   MM
 24 HR TOTAL      0.0   MM
 SNOW DEPTH        MM   MM
TOTALS            0.0               0.0     0.0      0.0
SINCE 7/1         0.0               0.0     0.0      0.0
SNOWDEPTH AVG.      0                MM      MM        0
DAYS >= TRACE       0               0.0     0.0        0
DAYS >= 1.0         0               0.0     0.0        0
GREATEST
 SNOW DEPTH         0   MM                             0  MM
 24 HR TOTAL      0.0   MM

DEGREE_DAYS
HEATING TOTAL      47                96     -49       47
 SINCE 7/1         13                30     -17        9
COOLING TOTAL     472               478      -6      620
 SINCE 1/1        494               507     -13      664

FREEZE DATES
RECORD
 EARLIEST     09/22/1976
 LATEST       06/22/1992
EARLIEST                        10/14
LATEST                          05/04
.................................................................

WIND (MPH)
AVERAGE WIND SPEED              7.7
RESULTANT WIND SPEED/DIRECTION   3/242
HIGHEST WIND SPEED/DIRECTION    36/330    DATE  07/07
HIGHEST GUST SPEED/DIRECTION    44/330    DATE  07/07

SKY COVER
POSSIBLE SUNSHINE (PERCENT)   MM
AVERAGE SKY COVER           0.50
NUMBER OF DAYS FAIR           15
NUMBER OF DAYS PC             64
NUMBER OF DAYS CLOUDY         13

AVERAGE RH (PERCENT)     70

WEATHER CONDITIONS. NUMBER OF DAYS WITH
THUNDERSTORM             16     MIXED PRECIP               0
HEAVY RAIN                6     RAIN                      13
LIGHT RAIN               42     FREEZING RAIN              0
LT FREEZING RAIN          0     HAIL                       0
HEAVY SNOW                0     SNOW                       0
LIGHT SNOW                0     SLEET                      0
FOG                      42     FOG W/VIS <= 1/4 MILE      5
HAZE                      0

-  INDICATES NEGATIVE NUMBERS.
R  INDICATES RECORD WAS SET OR TIED.
MM INDICATES DATA IS MISSING.
T  INDICATES TRACE AMOUNT.

&&

IN THE GRAND SCHEME, SEPTEMBER 2017 AVERAGED WARMER AND DRIER THAN
NORMAL. TEMPERATURES VARIED QUITE CONSIDERABLY FROM WEEK TO WEEK.
PRECIPITATION LARGELY CONSISTED OF A LIGHTER VARIETY OF EVENTS.
HEAVY RAIN WAS LOCALIZED WITH LIMITED AERIAL COVERAGE.

LARGE TEMPERATURE SWINGS WERE COMMON THROUGH THE MONTH. TRANSITIONS
WERE SOMEWHAT GRADUAL, THOUGH, OCCURRING OVER A PERIOD OF A COUPLE
OF DAYS. THE MONTH STARTED ABOUT 10 DEGREES BELOW NORMAL. HOWEVER,
REMNANTS OF HURRICANE HARVEY TRAVELED THROUGH THE OHIO VALLEY,
BROUGHT MILDER AIR NORTHWARD AND RESULTED IN TEMPERATURES THAT WERE
CLOSER TO NORMAL FOR A BRIEF TIME. BEHIND THE SYSTEM, AN UPPER LEVEL
TROUGH DUG SOUTHWARD FROM CANADA. TEMPERATURES SETTLED BACK BELOW
NORMAL FROM THE 5TH THROUGH THE 11TH WITH DAYTIME HIGHS AS MUCH AS
15 DEGREES BELOW AVERAGES.

THE TRANSITION TO WARMER TEMPERATURES BEGAN AROUND MID-MONTH. AN
UPPER RIDGE DEVELOPED, AS HIGH PRESSURE STRENGTHENED AND CENTERED
OVER THE GREAT LAKES. IT REMAINED ABOVE NORMAL FOR MUCH OF THE
SECOND HALF OF THE MONTH. NO SINGLE CALENDAR DAY AVERAGED BELOW
NORMAL FROM THE 13TH THROUGH THE 29TH AT EACH OF THE THREE MAIN
CLIMATE SITES (GRAND RAPIDS, LANSING AND MUSKEGON). SOME DAYS
AVERAGED MORE THAN 20 DEGREES ABOVE NORMAL.

MANY RECORD HIGH TEMPERATURES WERE EITHER BROKEN OR TIED OVER A
PERIOD OF SIX CONSECUTIVE DAYS, WHICH SPANNED SEPTEMBER 21ST THROUGH
SEPTEMBER 26TH. GRAND RAPIDS AND LANSING MADE IT INTO THE 90S EACH
OF THE SIX DAYS, INCLUDING A HIGH TEMPERATURE OF 96 DEGREES IN GRAND
RAPIDS ON SEPTEMBER 23RD. AMONG THE RECORDS WERE THE OCCASIONAL
RECORD WARM LOWS, AS NIGHTTIME TEMPERATURES RANGED FROM THE MID-60S
TO AROUND 70 DEGREES. ALL THREE CLIMATE SITE`S MONTHLY TEMPERATURE
AVERAGES RANKED IN THE TOP TEN OF WARMEST SEPTEMBERS.

FEW DAYS IN SEPTEMBER INCLUDED MEASURABLE RAINFALL, WHICH EVENTUALLY
ACHIEVED MARGINAL DROUGHT STATUS (D1) IN SECTIONS OF SOUTHERN LOWER
MICHIGAN. GRAND RAPIDS AND LANSING EACH RECORDED ONLY ONE DAY WITH
MORE THAN ONE-QUARTER OF AN INCH OF PRECIPITATION, WHILE MUSKEGON
RECORDED TWO DAYS WITH SIMILAR AMOUNTS. NO CALENDAR DAY IN EACH CASE
EXCEEDED HALF AN INCH. THE ONLY EXCEPTION TO THE ABNORMALL DRY
STREAK WAS ON SEPTEMBER 21ST, WHEN NEARLY STATIONARY THUNDERSTORMS
AFFECTED SOUTH-CENTRAL LOWER MICHIGAN. LOCALIZED RAINFALL AMOUNTS OF
1-3 INCHES FELL WITH ONE REPORT OF 3.49 INCHES NEAR RICHLAND, MI. IT
WAS AMONG THE FIVE DRIEST SEPTEMBERS FOR MUSKEGON AND GRAND RAPIDS.
LANSING ONLY RANKED 15TH DRIEST, DUE TO LOCALIZED THUNDERSTORMS ON
THE 21ST.

THUNDERSTORMS WERE TAME THROUGHOUT THE MONTH. OCCASIONAL REPORTS OF
SMALL HAIL WERE RECEIVED WITH ISOLATED WIND GUSTS OF 40-50 MPH. THE
MOST NOTABLE PHENOMENON WERE WATERSPOUTS THAT DEVELOPED OVER LAKE
MICHIGAN ON THE 5TH AND 9TH.

$$

JAM
