000
CXUS53 KDVN 011127
CLMMLI


CLIMATE REPORT
NATIONAL WEATHER SERVICE QUAD CITIES IA IL
624 AM CDT THU SEP 1 2016

...................................

...THE MOLINE CLIMATE SUMMARY FOR THE MONTH OF AUGUST 2016...

CLIMATE NORMAL PERIOD 1981 TO 2010
CLIMATE RECORD PERIOD 1872 TO 2016

WEATHER         OBSERVED          NORMAL  DEPART
                 VALUE   DATE(S)  VALUE   FROM
                                          NORMAL
................................................
TEMPERATURE (F)
RECORD
 HIGH             106   08/18/1936
 LOW               40   08/28/1986
                        08/29/1934
                        08/30/1915
HIGHEST            90   08/10        85       5
LOWEST             53   08/22        60      -7
AVG. MAXIMUM     84.6              83.8     0.8
AVG. MINIMUM     65.9              63.2     2.7
MEAN             75.3              73.5     1.8
DAYS MAX >= 90      1               5.3    -4.3
DAYS MAX <= 32      0               0.0     0.0
DAYS MIN <= 32      0               0.0     0.0
DAYS MIN <= 0       0               0.0     0.0

PRECIPITATION (INCHES)
RECORD
 MAXIMUM        15.23   1987
 MINIMUM         0.35   1971
TOTALS           8.07              4.52    3.55
DAILY AVG.       0.26              0.15    0.11
DAYS >= .01        14               9.8     4.2
DAYS >= .10         8
DAYS >= .50         6
DAYS >= 1.00        3               1.5     1.5
GREATEST
 24 HR. TOTAL    2.94   08/11 TO 08/12

SNOWFALL (INCHES)
RECORDS
 TOTAL             MM   MM
TOTALS            0.0               0.0     0.0
SINCE 7/1         0.0               0.0     0.0
SNOWDEPTH AVG.      0
DAYS >= TRACE       0               0.0     0.0
DAYS >= 1.0         0               0.0     0.0
GREATEST
 SNOW DEPTH         0   MM
 24 HR TOTAL      0.0   08/31 TO 08/31

DEGREE_DAYS
HEATING TOTAL       0                 6      -6
 SINCE 7/1          1                 8      -7
COOLING TOTAL     325               269      56
 SINCE 1/1       1073               883     190
.................................................

WIND (MPH)
AVERAGE WIND SPEED              5.8
HIGHEST WIND SPEED/DIRECTION    37/280    DATE  08/04
HIGHEST GUST SPEED/DIRECTION    46/280    DATE  08/04

SKY COVER
POSSIBLE SUNSHINE (PERCENT)   MM
AVERAGE SKY COVER           0.30
NUMBER OF DAYS FAIR           18
NUMBER OF DAYS PC             13
NUMBER OF DAYS CLOUDY          0

AVERAGE RH (PERCENT)     75

WEATHER CONDITIONS. NUMBER OF DAYS WITH
THUNDERSTORM             13     HAIL                       0
SLEET                     0     FOG                       20
FOG W/VIS <= 1/4 MILE     2     HAZE                       7

-  INDICATES NEGATIVE NUMBERS.
R  INDICATES RECORD WAS SET OR TIED.
MM INDICATES DATA IS MISSING.
T  INDICATES TRACE AMOUNT.

$$
