000
CXUS53 KMKX 012014
CLMMSN


CLIMATE REPORT
NATIONAL WEATHER SERVICE IN MILWAUKEE
305 PM CDT SAT APR 1 2017

...................................

...THE MADISON WI CLIMATE SUMMARY FOR THE MONTH OF MARCH 2017...

CLIMATE NORMAL PERIOD 1981 TO 2010
CLIMATE RECORD PERIOD 1871 TO 2017

WEATHER         OBSERVED          NORMAL  DEPART  LAST YEAR`S
                 VALUE   DATE(S)  VALUE   FROM    VALUE  DATE(S)
                                          NORMAL
................................................................
TEMPERATURE (F)
RECORD
 HIGH              83   03/21/2012
 LOW              -29   03/01/1962
HIGHEST            63   03/06        63       0       68  03/08
LOWEST              5   03/14         3       2        0  03/02
AVG. MAXIMUM     42.5              43.1    -0.6     48.4
AVG. MINIMUM     25.9              24.8     1.1     31.3
MEAN             34.2              34.0     0.2     39.9
DAYS MAX >= 90      0               0.0     0.0        0
DAYS MAX <= 32      8               4.9     3.1        4
DAYS MIN <= 32     22              24.0    -2.0       15
DAYS MIN <= 0       0               0.4    -0.4        1

PRECIPITATION (INCHES)
RECORD
 MAXIMUM         6.19   2009
 MINIMUM         0.14   1910
TOTALS           2.83              2.20    0.63     3.96
DAILY AVG.       0.09              0.07    0.02     0.13
DAYS >= .01        13              10.5     2.5       14
DAYS >= .10        10               5.0     5.0       11
DAYS >= .50         2               1.3     0.7        3
DAYS >= 1.00        0               0.3    -0.3        0
GREATEST
 24 HR. TOTAL    0.72   03/23 TO 03/23              1.33

SNOWFALL (INCHES)
RECORDS
 TOTAL           28.4   1923
TOTALS            8.3               7.0     1.3      4.0
SINCE 7/1        44.0              48.1    -4.1     28.5
SNOWDEPTH AVG.      1                 3      -2        0
DAYS >= 1.0         3               2.0     1.0        1
GREATEST
 SNOW DEPTH         3   03/15                          2  03/04
                        03/14                             03/03
                        03/02                             03/02
 24 HR TOTAL      3.7   03/01 TO 03/01               2.6

DEGREE_DAYS
HEATING TOTAL     949               963     -14      770
 SINCE 7/1       5461              6449    -988     5370
COOLING TOTAL       0                 0       0        0
 SINCE 1/1          0                 0       0        0
.................................................................

WIND (MPH)
AVERAGE WIND SPEED              9.9
HIGHEST WIND SPEED/DIRECTION    31/160    DATE  03/23
HIGHEST GUST SPEED/DIRECTION    48/190    DATE  03/06

SKY COVER
POSSIBLE SUNSHINE (PERCENT)   MM
AVERAGE SKY COVER           0.70
NUMBER OF DAYS FAIR            6
NUMBER OF DAYS PC             11
NUMBER OF DAYS CLOUDY         14

AVERAGE RH (PERCENT)     67

WEATHER CONDITIONS. NUMBER OF DAYS WITH
THUNDERSTORM              3     MIXED PRECIP               0
HEAVY RAIN                2     RAIN                       5
LIGHT RAIN               14     FREEZING RAIN              0
LT FREEZING RAIN          0     HAIL                       0
HEAVY SNOW                0     SNOW                       2
LIGHT SNOW                8     SLEET                      0
FOG                      18     FOG W/VIS <= 1/4 MILE      2
HAZE                      3

-  INDICATES NEGATIVE NUMBERS.
R  INDICATES RECORD WAS SET OR TIED.
MM INDICATES DATA IS MISSING.
T  INDICATES TRACE AMOUNT.

$$
