000
CXUS55 KGJT 012057 CCA
CLMMTJ

CLIMATE REPORT...CORRECTED FOR THUNDERSTORM DAYS
NATIONAL WEATHER SERVICE GRAND JUNCTION CO
600 AM MDT MON JUN 1 2015

...................................

...THE MONTROSE CO CLIMATE SUMMARY FOR THE MONTH OF MAY 2015...

CLIMATE NORMAL PERIOD 1981 TO 2010
CLIMATE RECORD PERIOD 9999 TO 9999

WEATHER         OBSERVED          NORMAL  DEPART  LAST YEAR`S
                 VALUE   DATE(S)  VALUE   FROM    VALUE  DATE(S)
                                          NORMAL
................................................................
TEMPERATURE (F)
HIGHEST            86   05/31        MM      MM       88  05/31
                                                          05/28
LOWEST             33   05/11        MM      MM       24  05/01
AVG. MAXIMUM     67.6              73.5    -5.9     72.9
AVG. MINIMUM     43.5              43.0     0.5     44.9
MEAN             55.5              58.3    -2.8     58.9
DAYS MAX >= 90      0               0.7    -0.7        0
DAYS MAX <= 32      0               0.0     0.0        0
DAYS MIN <= 32      0               1.2    -1.2        2
DAYS MIN <= 0       0               0.0     0.0        0

PRECIPITATION (INCHES)
TOTALS           1.86              1.08    0.78     1.14
DAILY AVG.       0.06              0.03    0.03     0.04
DAYS >= .01        17                MM      MM        7
DAYS >= .10         9                MM      MM        3
DAYS >= .50         0                MM      MM        1
DAYS >= 1.00        0                MM      MM        0
GREATEST
 24 HR. TOTAL    0.39   05/18 TO 05/19              0.74

SNOWFALL (INCHES)
TOTALS             MM                MM      MM       MM
SINCE 7/1          MM                MM      MM       MM
SNOWDEPTH AVG.     MM                MM      MM       MM
DAYS >= 1.0        MM                MM      MM       MM
GREATEST
 SNOW DEPTH        MM                                 MM  MM
 24 HR TOTAL       MM                                 MM

DEGREE_DAYS
HEATING TOTAL     291               226      65      223
 SINCE 7/1       5393              6164    -771     6119
COOLING TOTAL       4                17     -13       41
 SINCE 1/1          4                17     -13       41
.................................................................

WIND (MPH)
AVERAGE WIND SPEED              7.4
HIGHEST WIND SPEED/DIRECTION    35/290    DATE  05/28
HIGHEST GUST SPEED/DIRECTION    43/220    DATE  05/22

SKY COVER
POSSIBLE SUNSHINE (PERCENT)   MM
AVERAGE SKY COVER           0.40
NUMBER OF DAYS FAIR           11
NUMBER OF DAYS PC             13
NUMBER OF DAYS CLOUDY          7

AVERAGE RH (PERCENT)     57

WEATHER CONDITIONS. NUMBER OF DAYS WITH
THUNDERSTORM             14     MIXED PRECIP               0
HEAVY RAIN                0     RAIN                       3
LIGHT RAIN               23     FREEZING RAIN              0
LT FREEZING RAIN          0     HAIL                       0
HEAVY SNOW                0     SNOW                       0
LIGHT SNOW                0     SLEET                      0
FOG                       8     FOG W/VIS <= 1/4 MILE      1
HAZE                      2

-  INDICATES NEGATIVE NUMBERS.
R  INDICATES RECORD WAS SET OR TIED.
MM INDICATES DATA IS MISSING.
T  INDICATES TRACE AMOUNT.

$$
