000
CXUS51 KOKX 011618
CLMNYC

CLIMATE REPORT
NATIONAL WEATHER SERVICE NEW YORK NY
1218 PM EDT FRI MAY 1 2015

...................................

...THE CENTRAL PARK NY CLIMATE SUMMARY FOR THE MONTH OF APRIL 2015...

CLIMATE NORMAL PERIOD 1981 TO 2010
CLIMATE RECORD PERIOD 1869 TO 2015

WEATHER         OBSERVED          NORMAL  DEPART  LAST YEAR`S
                 VALUE   DATE(S)  VALUE   FROM    VALUE  DATE(S)
                                          NORMAL
................................................................
TEMPERATURE (F)
RECORD
 HIGH              96   04/17/2002
                        04/18/1976
 LOW               20   04/05/1874
HIGHEST            80   04/18        MM      MM       77  04/13
LOWEST             32   04/01        MM      MM       31  04/16
AVG. MAXIMUM     62.6              61.2     1.4     61.2
AVG. MINIMUM     45.9              44.8     1.1     43.4
MEAN             54.2              53.0     1.2     52.3
DAYS MAX >= 90      0               0.1    -0.1        0
DAYS MAX <= 32      0               0.0     0.0        0
DAYS MIN <= 32      1               0.9     0.1        1
DAYS MIN <= 0       0               0.0     0.0        0

PRECIPITATION (INCHES)
RECORD
 MAXIMUM        14.01   1983
 MINIMUM         0.95   1881
TOTALS           2.08              4.50   -2.42     7.85
DAILY AVG.       0.07              0.15   -0.08     0.26
DAYS >= .01         9              11.5    -2.5       11
DAYS >= .10         4               6.9    -2.9        6
DAYS >= .50         1               2.6    -1.6        4
DAYS >= 1.00        1               1.2    -0.2        1
GREATEST
 24 HR. TOTAL    1.50   04/20 TO 04/21           04/30 TO 04/30
                                                          04/16 TO 04/16
                                                          04/16 TO 04/16
 STORM TOTAL       MM                                 MM
 (MM/DD(HH))            MM                    04/30(00) TO 04/30(00)
                                                 04/16(00) TO 04/16(00)6
                                                 04/16(00) TO 04/16(00)6

SNOWFALL (INCHES)
TOTALS            0.0               0.6    -0.6        T
 LIQUID EQUIV    0.00              0.10   -0.10       MM
SINCE 7/1        50.3              25.8    24.5     57.4
 LIQUID 7/1      5.03              2.60    2.43     5.74
SNOWDEPTH AVG.      0                MM      MM        0
DAYS >= TRACE       0               0.3    -0.3        2
DAYS >= 1.0         0               0.1    -0.1        0
GREATEST
 SNOW DEPTH         0   MM                             0  MM
 24 HR TOTAL      0.0   04/30 TO 04/30           04/16 TO 04/16
                                                          04/16 TO 04/16
                                                          04/16 TO 04/16
 STORM TOTAL       MM                                 MM
 (MM/DD(HH))            MM                    04/16(00) TO 04/16(00)
                                                 04/16(00) TO 04/16(00)6
                                                 04/16(00) TO 04/16(00)6

DEGREE_DAYS
HEATING TOTAL     319               371     -52      377
 SINCE 7/1       4904              4593     311     4889
COOLING TOTAL       5                11      -6        4
 SINCE 1/1          5                12      -7        4
.......................................................

WIND (MPH)
AVERAGE WIND SPEED              6.5
HIGHEST WIND SPEED/DIRECTION    24/310    DATE  04/04
HIGHEST GUST SPEED/DIRECTION    41/310    DATE  04/04

AVERAGE RH (PERCENT)     51

WEATHER CONDITIONS. NUMBER OF DAYS WITH
THUNDERSTORM              0     MIXED PRECIP               0
HEAVY RAIN                3     RAIN                       5
LIGHT RAIN                9     FREEZING RAIN              0
LT FREEZING RAIN          0     HAIL                       0
HEAVY SNOW                0     SNOW                       0
LIGHT SNOW                0     SLEET                      0
FOG                       8     FOG W/VIS <= 1/4 MILE      0
HAZE                      5

-  INDICATES NEGATIVE NUMBERS.
R  INDICATES RECORD WAS SET OR TIED.
MM INDICATES DATA IS MISSING.
T  INDICATES TRACE AMOUNT.

$$
