000
CXUS51 KOKX 011728
CLMNYC

CLIMATE REPORT
NATIONAL WEATHER SERVICE NEW YORK NY
128 PM EDT MON JUN 1 2015

...................................

...THE CENTRAL PARK NY CLIMATE SUMMARY FOR THE MONTH OF MAY 2015...

CLIMATE NORMAL PERIOD 1981 TO 2010
CLIMATE RECORD PERIOD 1869 TO 2015

WEATHER         OBSERVED          NORMAL  DEPART  LAST YEAR`S
                 VALUE   DATE(S)  VALUE   FROM    VALUE  DATE(S)
                                          NORMAL
................................................................
TEMPERATURE (F)
RECORD
 HIGH              99   05/19/1962
 LOW               32   05/06/1891
HIGHEST            88   05/26        MM      MM       86  05/27
                                                          05/26
LOWEST             48   05/02        MM      MM       49  05/19
AVG. MAXIMUM     78.4              70.8     7.6     72.5
AVG. MINIMUM     58.6              54.0     4.6     55.5
MEAN             68.5              62.4     6.1     64.0
DAYS MAX >= 90      0               0.7    -0.7        0
DAYS MAX <= 32      0               0.0     0.0        0
DAYS MIN <= 32      0               0.0     0.0        0
DAYS MIN <= 0       0               0.0     0.0        0

PRECIPITATION (INCHES)
RECORD
 MAXIMUM        10.24   1989
 MINIMUM         0.30   1903
TOTALS           1.86              4.19   -2.33     4.37
DAILY AVG.       0.06              0.14   -0.08     0.14
DAYS >= .01         4              11.1    -7.1       14
DAYS >= .10         2               7.4    -5.4        8
DAYS >= .50         1               3.0    -2.0        2
DAYS >= 1.00        1               1.1    -0.1        1
GREATEST
 24 HR. TOTAL    1.46   05/31 TO 05/31           04/30 TO 05/01
                                                          05/31 TO 05/31
                                                          05/31 TO 05/31
 STORM TOTAL       MM                                 MM
 (MM/DD(HH))            MM                    05/01(00) TO 05/01(00)
                                                 05/31(00) TO 05/31(00)1
                                                 05/31(00) TO 05/31(00)1

SNOWFALL (INCHES)
TOTALS            0.0               0.0     0.0      0.0
 LIQUID EQUIV    0.00              0.00    0.00     0.00
SINCE 7/1        50.3              25.8    24.5     57.4
 LIQUID 7/1      5.03              2.60    2.43     5.74
SNOWDEPTH AVG.      0                MM      MM        0
DAYS >= TRACE       0               0.0     0.0        0
DAYS >= 1.0         0               0.0     0.0        0
GREATEST
 SNOW DEPTH         0   MM                             0  MM
 24 HR TOTAL      0.0   05/31 TO 05/31           05/31 TO 05/31
                                                          05/31 TO 05/31
                                                          05/31 TO 05/31
 STORM TOTAL       MM                                 MM
 (MM/DD(HH))            MM                    05/31(00) TO 05/31(00)
                                                 05/31(00) TO 05/31(00)1
                                                 05/31(00) TO 05/31(00)1

DEGREE_DAYS
HEATING TOTAL      37               138    -101       73
 SINCE 7/1       4941              4731     210     4962
COOLING TOTAL     154                57      97       50
 SINCE 1/1        159                69      90       54
..................................................

WIND (MPH)
AVERAGE WIND SPEED              4.2
HIGHEST WIND SPEED/DIRECTION    20/080    DATE  05/31
HIGHEST GUST SPEED/DIRECTION    29/280    DATE  05/22

AVERAGE RH (PERCENT)     56

WEATHER CONDITIONS. NUMBER OF DAYS WITH
THUNDERSTORM              0     MIXED PRECIP               0
HEAVY RAIN                2     RAIN                       2
LIGHT RAIN                6     FREEZING RAIN              0
LT FREEZING RAIN          0     HAIL                       0
HEAVY SNOW                0     SNOW                       0
LIGHT SNOW                0     SLEET                      0
FOG                      10     FOG W/VIS <= 1/4 MILE      1
HAZE                     13

-  INDICATES NEGATIVE NUMBERS.
R  INDICATES RECORD WAS SET OR TIED.
MM INDICATES DATA IS MISSING.
T  INDICATES TRACE AMOUNT.

$$
