060
CXUS53 KGID 011326
CLMODX


CLIMATE REPORT
NATIONAL WEATHER SERVICE HASTINGS NE
823 AM CDT SUN MAY 1 2016

...................................

...THE ORD NE CLIMATE SUMMARY FOR THE MONTH OF APRIL 2016...

CLIMATE NORMAL PERIOD 1981 TO 2010
CLIMATE RECORD PERIOD 1895 TO 2016

WEATHER         OBSERVED          NORMAL  DEPART  LAST YEAR`S
                 VALUE   DATE(S)  VALUE   FROM    VALUE
                                          NORMAL
.............................................................
TEMPERATURE (F)
HIGHEST            80   04/23        MM      MM       85
LOWEST             25   04/11        MM      MM       17
                        04/08
AVG. MAXIMUM     61.7              61.6     0.1     64.3
AVG. MINIMUM     38.7              35.9     2.8     37.3
MEAN             50.2              48.8     1.4     50.8
DAYS MAX >= 90      0               0.0     0.0        0
DAYS MAX <= 32      0
DAYS MIN <= 32      7               9.3    -2.3        8
DAYS MIN <= 0       0

PRECIPITATION (INCHES)
TOTALS           8.99              2.59    6.40     2.71
DAILY AVG.       0.30              0.09    0.21     0.09
DAYS >= .01         9                MM      MM        8
DAYS >= .10         7                MM      MM        4
DAYS >= .50         5                MM      MM        2
DAYS >= 1.00        5                MM      MM        1
GREATEST
 24 HR. TOTAL    3.05   04/26 TO 04/27

DEGREE_DAYS
HEATING TOTAL     437
 SINCE 7/1       5467
COOLING TOTAL       0
 SINCE 1/1          0
..............................................................

WIND (MPH)
AVERAGE WIND SPEED              12.8
HIGHEST WIND SPEED/DIRECTION    44/320    DATE  04/07
HIGHEST GUST SPEED/DIRECTION    55/320    DATE  04/07

SKY COVER
POSSIBLE SUNSHINE (PERCENT)   MM
NUMBER OF DAYS FAIR           18
NUMBER OF DAYS PC              3
NUMBER OF DAYS CLOUDY          9

AVERAGE RH (PERCENT)     65

WEATHER CONDITIONS. NUMBER OF DAYS WITH
THUNDERSTORM              0     MIXED PRECIP               0
HEAVY RAIN                4     RAIN                       7
LIGHT RAIN               12     FREEZING RAIN              0
LT FREEZING RAIN          0     HAIL                       0
HEAVY SNOW                0     SNOW                       0
LIGHT SNOW                1     SLEET                      0
FOG                      10     FOG W/VIS <= 1/4 MILE      0
HAZE                      1

-  INDICATES NEGATIVE NUMBERS.
R  INDICATES RECORD WAS SET OR TIED.
MM INDICATES DATA IS MISSING.
T  INDICATES TRACE AMOUNT.

$$
