000
CXUS53 KGID 012242 CCA
CLMODX

CLIMATE REPORT...CORRECTION
NATIONAL WEATHER SERVICE HASTINGS NE
1048 AM CST SUN JAN 1 2017
CORRECTED WIND DATA

...................................

...THE ORD NE CLIMATE SUMMARY FOR THE MONTH OF DECEMBER 2016...

CLIMATE NORMAL PERIOD 1981 TO 2010
CLIMATE RECORD PERIOD 1895 TO 2016

WEATHER         OBSERVED          NORMAL  DEPART  LAST YEAR`S
                 VALUE   DATE(S)  VALUE   FROM    VALUE
                                          NORMAL
.............................................................
TEMPERATURE (F)
HIGHEST            62   12/30        MM      MM       67
LOWEST            -26R  12/18        MM      MM       -4
AVG. MAXIMUM     37.6              36.6     1.0     39.4
AVG. MINIMUM      9.3              13.2    -3.9     18.5
MEAN             23.5              24.9    -1.4     29.0
DAYS MAX >= 90      0               0.0     0.0        0
DAYS MAX <= 32     12
DAYS MIN <= 32     31              30.7     0.3       29
DAYS MIN <= 0       6

PRECIPITATION (INCHES)
TOTALS           0.41              0.59   -0.18     0.69
DAILY AVG.       0.01              0.02   -0.01     0.02
DAYS >= .01         3                MM      MM        7
DAYS >= .10         1                MM      MM        2
DAYS >= .50         0                MM      MM        0
DAYS >= 1.00        0                MM      MM        0
GREATEST
 24 HR. TOTAL    0.31   12/25 TO 12/25
                        12/24 TO 12/25
                        12/25 TO 12/25

DEGREE_DAYS
HEATING TOTAL    1280
 SINCE 7/1       2396
COOLING TOTAL       0
 SINCE 1/1        887
..............................................................

WIND (MPH)
AVERAGE WIND SPEED              10.1
HIGHEST WIND SPEED/DIRECTION    51/250    DATE   12/25
HIGHEST GUST SPEED/DIRECTION    64/240    DATE   12/25

SKY COVER
POSSIBLE SUNSHINE (PERCENT)   MM
NUMBER OF DAYS FAIR           22
NUMBER OF DAYS PC              7
NUMBER OF DAYS CLOUDY          2

AVERAGE RH (PERCENT)     59

WEATHER CONDITIONS. NUMBER OF DAYS WITH
THUNDERSTORM              0     MIXED PRECIP               0
HEAVY RAIN                1     RAIN                       1
LIGHT RAIN                1     FREEZING RAIN              0
LT FREEZING RAIN          0     HAIL                       0
HEAVY SNOW                0     SNOW                       1
LIGHT SNOW                6     SLEET                      0
FOG                       5     FOG W/VIS <= 1/4 MILE      2
HAZE                      4

-  INDICATES NEGATIVE NUMBERS.
R  INDICATES RECORD WAS SET OR TIED.
MM INDICATES DATA IS MISSING.
T  INDICATES TRACE AMOUNT.

$$
DOXEY
