000
CXUS53 KOAX 220235
CLMOFK

CLIMATE REPORT
NATIONAL WEATHER SERVICE OMAHA NEBRASKA
935 PM CDT THU JUL 21 2016

...................................

...THE NORFOLK CLIMATE SUMMARY FOR THE MONTH OF JUNE 2016...

CLIMATE NORMAL PERIOD 1981 TO 2010
CLIMATE RECORD PERIOD 1888 TO 2016

WEATHER         OBSERVED          NORMAL  DEPART
                 VALUE   DATE(S)  VALUE   FROM
                                          NORMAL
................................................
TEMPERATURE (F)
HIGHEST            95   06/17
LOWEST             46   06/07
AVG. MAXIMUM     86.2              81.8     4.4
AVG. MINIMUM     61.4              58.6     2.8
MEAN             73.8              70.2     3.6
DAYS MAX >= 90      9
DAYS MAX <= 32      0
DAYS MIN <= 32      0
DAYS MIN <= 0       0

PRECIPITATION (INCHES)
RECORD
 MAXIMUM        12.28   1924
 MINIMUM         0.44   1933
TOTALS           3.21              4.26   -1.05
DAILY AVG.       0.11
DAYS >= .01         5
DAYS >= .10         4
DAYS >= .50         2
DAYS >= 1.00        2
GREATEST
 24 HR. TOTAL    1.61   06/14 TO 06/14
                        06/13 TO 06/14
                        06/14 TO 06/14

SNOWFALL (INCHES)
RECORDS
 TOTAL            0.0   2002
                        2001
                        1996
TOTALS            0.0               0.0
SINCE 7/1        53.0
SNOWDEPTH AVG.      0                MM      MM
DAYS >= 1.0         0
GREATEST
 SNOW DEPTH         0   MM
 24 HR TOTAL      0.0   06/30 TO 06/30

DEGREE_DAYS
HEATING TOTAL       3                30     -27
 SINCE 7/1       5579              6643   -1064
COOLING TOTAL     276               186      90
 SINCE 1/1        314               247      67
.................................................

WIND (MPH)
AVERAGE WIND SPEED              9.5
HIGHEST WIND SPEED/DIRECTION    37/040    DATE  06/17
HIGHEST GUST SPEED/DIRECTION    51/030    DATE  06/17

SKY COVER
AVERAGE SKY COVER           0.10


WEATHER CONDITIONS. NUMBER OF DAYS WITH
THUNDERSTORM              6     MIXED PRECIP               0
HEAVY RAIN                4     RAIN                       4
LIGHT RAIN                7     FREEZING RAIN              0
LT FREEZING RAIN          0     HAIL                       0
HEAVY SNOW                0     SNOW                       0
LIGHT SNOW                0     SLEET                      0
FOG                       4     FOG W/VIS <= 1/4 MILE      0
HAZE                      0

-  INDICATES NEGATIVE NUMBERS.
R  INDICATES RECORD WAS SET OR TIED.
MM INDICATES DATA IS MISSING.
T  INDICATES TRACE AMOUNT.
>= INDICATES GREATER THAN OR EQUAL TO.
<= INDICATES LESS THAN OR EQUAL TO.

&&

...JUNE WAS DRIER THAN NORMAL IN NORFOLK...WITH ABOVE-NORMAL
TEMPERATURES

WITH ONLY SIX DAYS OF BELOW AVERAGE TEMPERATURES...THE OVERALL
TEMPERATURE FOR NORFOLK ENDED ABOVE NORMAL. THE AVERAGE TEMPERATURE
OF 73.8 DEGREES WAS 3.6 DEGREES ABOVE NORMAL...WHILE THE TOTAL
PRECIPITATION OF 3.21 INCHES WAS 1.05 INCHES BELOW NORMAL.

A NEAR AVERAGE BEGINNING OF THE MONTH TURNED WARM BY THE 8TH WHEN
THE FIRST 90 DEGREE DAY OCCURRED. THIS WARM STRETCH CONTINUED
THROUGH THE 19TH BEFORE TEMPERATURES RETURNED TO NEAR AVERAGE
VALUES. THROUGHOUT THE MONTH THERE WERE NINE DAYS WHERE THE HIGH
TEMPERATURE WAS AT LEAST 90 DEGREES OR HIGHER. THE HIGHEST
TEMPERATURE FOR THE MONTH WAS 95 DEGREES WHICH OCCURRED ON THE 17TH
AND THE COOLEST TEMPERATURE OF THE MONTH WAS 46 DEGREES ON THE 7TH.

THE MAJORITY OF THE OBSERVED PRECIPITATION CAME ON TWO DAYS...THE
14TH AND THE 17TH WHERE 1.61 AND 1.02 INCHES OF RAIN FELL
RESPECTIVELY.  THUNDER WAS REPORTED ON SIX DAYS WITH FOG OR MIST
REPORTED ON FOUR DAYS.

DAILY RECORDS SET IN JUNE 2016:
DATE         RECORD           READING  PREVIOUS RECORD
JUNE 10      WARM MIN TEMP     73      73 (TIES WITH 1946)
JUNE 11      WARM MIN TEMP     72      72 (TIES WITH 1952, 1933)
JUNE 12      WARM MIN TEMP     73      71 (1952)

$$
PEARSON
