000
CXUS56 KOTX 011130
CLMOMK


CLIMATE REPORT
NATIONAL WEATHER SERVICE SPOKANE, WA
420 AM PDT TUE SEP 1 2015

...................................

...THE OMAK WA AIRPORT CLIMATE SUMMARY FOR THE MONTH OF AUGUST 2015...

CLIMATE NORMAL PERIOD 1981 TO 2010
CLIMATE RECORD PERIOD 9999 TO 9999

WEATHER         OBSERVED          NORMAL  DEPART  LAST YEAR`S
                 VALUE   DATE(S)  VALUE   FROM    VALUE  DATE(S)
                                          NORMAL
................................................................
TEMPERATURE (F)
RECORD
 HIGH             106   08/01/2009
                        08/17/2008
                        08/05/1998
 LOW               34   08/30/1965
HIGHEST           104   08/12        MM      MM      101  08/05
                                                          08/04
LOWEST             47   08/23        MM      MM       47  08/30
AVG. MAXIMUM     89.0              87.9     1.1     89.7
AVG. MINIMUM     58.2              56.9     1.3     60.7
MEAN             73.6              72.4     1.2     75.2
DAYS MAX >= 90     16              12.9     3.1       17
DAYS MAX <= 32      0               0.0     0.0        0
DAYS MIN <= 32      0               0.0     0.0        0
DAYS MIN <= 0       0               0.0     0.0        0

PRECIPITATION (INCHES)
RECORD
 MAXIMUM         2.88   1951
 MINIMUM            T   2012
                        2011
                        1969
TOTALS           0.17              0.49   -0.32     0.85
DAILY AVG.       0.01              0.02   -0.01     0.03
DAYS >= .01         4                MM      MM        6
DAYS >= .10         0                MM      MM        3
DAYS >= .50         0                MM      MM        0
DAYS >= 1.00        0                MM      MM        0
GREATEST
 24 HR. TOTAL    0.08   08/30 TO 08/30           08/14 TO 08/15
                        08/29 TO 08/30                    08/15 TO 08/15
                        08/30 TO 08/30                    08/15 TO 08/15

SNOWFALL (INCHES)
RECORDS
 TOTAL              T   2000
TOTALS             MM                MM      MM       MM
SINCE 7/1          MM                MM      MM       MM
SNOWDEPTH AVG.     MM                MM      MM       MM
DAYS >= 1.0         0                MM      MM        0
GREATEST
 SNOW DEPTH        MM                                 MM  MM
 24 HR TOTAL       MM                                 MM

DEGREE_DAYS
HEATING TOTAL       3                16     -13        3
 SINCE 7/1          3                31     -28        5
COOLING TOTAL     277               245      32      328
 SINCE 1/1        951               606     345      824
......................................................

WIND (MPH)
AVERAGE WIND SPEED              9.0
HIGHEST WIND SPEED/DIRECTION    29/180    DATE  08/29
HIGHEST GUST SPEED/DIRECTION    38/210    DATE  08/29

SKY COVER
POSSIBLE SUNSHINE (PERCENT)   MM
AVERAGE SKY COVER           0.40
NUMBER OF DAYS FAIR           19
NUMBER OF DAYS PC              7
NUMBER OF DAYS CLOUDY          5

AVERAGE RH (PERCENT)     35

WEATHER CONDITIONS. NUMBER OF DAYS WITH
THUNDERSTORM              0     MIXED PRECIP               0
HEAVY RAIN                0     RAIN                       0
LIGHT RAIN                6     FREEZING RAIN              0
LT FREEZING RAIN          0     HAIL                       0
HEAVY SNOW                0     SNOW                       0
LIGHT SNOW                0     SLEET                      0
FOG                       0     FOG W/VIS <= 1/4 MILE      0
HAZE                     21

-  INDICATES NEGATIVE NUMBERS.
R  INDICATES RECORD WAS SET OR TIED.
MM INDICATES DATA IS MISSING.
T  INDICATES TRACE AMOUNT.

$$
