000
CXUS51 KAKQ 011628
CLMORF


CLIMATE REPORT
NATIONAL WEATHER SERVICE WAKEFIELD, VA
1128 AM EST SUN MAR 1 2015

...................................

...THE NORFOLK VA CLIMATE SUMMARY FOR THE MONTH OF FEBRUARY 2015...

CLIMATE NORMAL PERIOD 1981 TO 2010
CLIMATE RECORD PERIOD 1871 TO 2015

WEATHER         OBSERVED          NORMAL  DEPART  LAST YEAR`S
                 VALUE   DATE(S)  VALUE   FROM    VALUE  DATE(S)
                                          NORMAL
................................................................
TEMPERATURE (F)
RECORD
 HIGH              82   02/24/2012
                        02/27/1997
                        02/04/1890
 LOW                3   02/14/1899
                        02/08/1895
HIGHEST            70   02/08        50      20       79  02/21
LOWEST              9   02/20        32     -23       23  02/01
AVG. MAXIMUM     41.0              50.9    -9.9     49.8
AVG. MINIMUM     23.9              34.4   -10.5     33.1
MEAN             32.5              42.6   -10.1     41.4
DAYS MAX >= 90      0               0.0     0.0        0
DAYS MAX <= 32      8               0.6     7.4        1
DAYS MIN <= 32     24              10.7    13.3       14
DAYS MIN <= 0       0               0.0     0.0        0

PRECIPITATION (INCHES)
RECORD
 MAXIMUM         8.66   1945
 MINIMUM         0.26   1918
TOTALS           2.54              3.12   -0.58     3.06
DAILY AVG.       0.09              0.11   -0.02     0.11
DAYS >= .01        12               9.5     2.5        9
DAYS >= .10         6               6.1    -0.1        8
DAYS >= .50         2               2.1    -0.1        2
DAYS >= 1.00        0               0.6    -0.6        0
GREATEST
 24 HR. TOTAL    0.61   02/17 TO 02/17

SNOWFALL (INCHES)
RECORDS
 TOTAL           24.4   5
                        0
                        -26215
TOTALS           11.5
SINCE 7/1        12.5               5.6     6.9     13.2
SNOWDEPTH AVG.      1                MM      MM        0
DAYS >= 1.0         3               0.4     2.6        1
GREATEST
 SNOW DEPTH         5   02/26                          4  02/01
 24 HR TOTAL      5.5   02/26 TO 02/26           02/13 TO 02/13
                                                          02/13 TO 02/13
                                                          02/13 TO 02/13

DEGREE_DAYS
HEATING TOTAL     902
 SINCE 7/1       2836              2569     267     2611
COOLING TOTAL       0                 1      -1        0
 SINCE 1/1          0                 1      -1        0
....................................................

WIND (MPH)
AVERAGE WIND SPEED              11.0
HIGHEST WIND SPEED/DIRECTION    33/240    DATE  02/14
HIGHEST GUST SPEED/DIRECTION    52/240    DATE  02/14

SKY COVER
POSSIBLE SUNSHINE (PERCENT)   MM
AVERAGE SKY COVER           0.30

AVERAGE RH (PERCENT)     59

WEATHER CONDITIONS. NUMBER OF DAYS WITH
THUNDERSTORM              0     MIXED PRECIP               0
HEAVY RAIN                2     RAIN                       2
LIGHT RAIN                8     FREEZING RAIN              2
LT FREEZING RAIN          1     HAIL                       0
HEAVY SNOW                0     SNOW                       2
LIGHT SNOW                8     SLEET                      1
FOG                      12     FOG W/VIS <= 1/4 MILE      2
HAZE                      6

-  INDICATES NEGATIVE NUMBERS.
R  INDICATES RECORD WAS SET OR TIED.
MM INDICATES DATA IS MISSING.
T  INDICATES TRACE AMOUNT.

$$
