000
CXUS51 KBOX 011539 CCA
CLMORH

CLIMATE REPORT
NATIONAL WEATHER SERVICE TAUNTON MA
1008 AM EST THU FEB 1 2018

...................................

...THE WORCESTER MA CLIMATE SUMMARY FOR THE MONTH OF JANUARY 2018...

CLIMATE NORMAL PERIOD 1981 TO 2010
CLIMATE RECORD PERIOD 1892 TO 2018

WEATHER         OBSERVED          NORMAL  DEPART
                 VALUE   DATE(S)  VALUE   FROM
                                          NORMAL
................................................
TEMPERATURE (F)
RECORD
 HIGH              67   01/26/1950
                        01/15/1932
 LOW              -19   01/15/1957
HIGHEST            59   01/13
                        01/12
LOWEST             -9   01/07
AVG. MAXIMUM     31.7              31.3     0.4
AVG. MINIMUM     16.3              16.8    -0.5
MEAN             24.0              24.1    -0.1
DAYS MAX >= 90      0               0.0     0.0
DAYS MAX <= 32     18              16.6     1.4
DAYS MIN <= 32     28              28.5    -0.5
DAYS MIN <= 0       4               2.2     1.8

PRECIPITATION (INCHES)
RECORD
 MAXIMUM        11.16   1979
 MINIMUM         0.59   1955
TOTALS           3.62              3.49    0.13
DAYS >= .01         9              12.5    -3.5
DAYS >= .10         7               6.7     0.3
DAYS >= .50         3               2.4     0.6
DAYS >= 1.00        1               0.8     0.2
GREATEST
 24 HR. TOTAL    1.03   01/04 TO 01/04

SNOWFALL (INCHES)
RECORDS
 TOTAL           50.9   2005
 SNOW DEPTH        35   01/31/1966
TOTALS           22.1              17.1     5.0
SINCE 7/1        35.5              34.3     1.2
SNOWDEPTH AVG.     MM
GREATEST
 SNOW DEPTH        MM
 24 HR TOTAL     16.8   01/04 TO 01/04

DEGREE_DAYS
HEATING TOTAL    1262              1269      -7
 SINCE 7/1       3628              3773    -145
COOLING TOTAL       0                 0       0
 SINCE 1/1          0                 0       0
.................................................

WIND (MPH)
AVERAGE WIND SPEED              12.8
RESULTANT WIND SPEED/DIRECTION   8/269
HIGHEST WIND SPEED/DIRECTION    44/290    DATE  01/04
HIGHEST GUST SPEED/DIRECTION    57/310    DATE  01/04

SKY COVER
POSSIBLE SUNSHINE (PERCENT)   MM
AVERAGE SKY COVER           0.40
NUMBER OF DAYS FAIR           15
NUMBER OF DAYS PC              8
NUMBER OF DAYS CLOUDY          8

AVERAGE RH (PERCENT)     63

WEATHER CONDITIONS. NUMBER OF DAYS WITH
THUNDERSTORM              0     MIXED PRECIP               0
HEAVY RAIN                2     RAIN                       4
LIGHT RAIN                5     FREEZING RAIN              2
LT FREEZING RAIN          2     HAIL                       0
HEAVY SNOW                0     SNOW                       2
LIGHT SNOW                5     SLEET                      0
FOG                       8     FOG W/VIS <= 1/4 MILE      5
HAZE                      3

-  INDICATES NEGATIVE NUMBERS.
R  INDICATES RECORD WAS SET OR TIED.
MM INDICATES DATA IS MISSING.
T  INDICATES TRACE AMOUNT.

$$

SIPPRELL
