133
CXUS53 KPAH 010650
CLMPAH

SDFCLMPAA 000
TTAA00 KPAH 010647


CLIMATE REPORT
NATIONAL WEATHER SERVICE PADUCAH KY
145 AM CDT FRI SEP 1 2017

...................................

...THE PADUCAH ASOS CLIMATE SUMMARY FOR THE MONTH OF AUGUST 2017...

CLIMATE NORMAL PERIOD 1981 TO 2010
CLIMATE RECORD PERIOD 1937 TO 2017

WEATHER         OBSERVED          NORMAL  DEPART  LAST YEAR`S
                 VALUE   DATE(S)  VALUE   FROM    VALUE  DATE(S)
                                          NORMAL
................................................................
TEMPERATURE (F)
RECORD
 HIGH             106   08/04/1947
 LOW               44   08/29/1986
HIGHEST            95   08/19        87       8       96  08/05
LOWEST             52   08/05        66     -14       58  08/22
AVG. MAXIMUM     86.2              89.0    -2.8     88.3
AVG. MINIMUM     64.1              66.1    -2.0     70.8
MEAN             75.1              77.5    -2.4     79.6
DAYS MAX >= 90      7              13.3    -6.3       14
DAYS MAX <= 32      0               0.0     0.0        0
DAYS MIN <= 32      0               0.0     0.0        0
DAYS MIN <= 0       0               0.0     0.0        0

PRECIPITATION (INCHES)
RECORD
 MAXIMUM         9.60   2016
 MINIMUM         0.11   1996
TOTALS           1.96              2.76   -0.80     9.60
DAILY AVG.       0.06              0.09   -0.03     0.31
DAYS >= .01         7               6.9     0.1       12
DAYS >= .10         4               4.5    -0.5       11
DAYS >= .50         2               1.9     0.1        8
DAYS >= 1.00        0               0.8    -0.8        3
GREATEST
 24 HR. TOTAL    0.59   08/31 TO 08/31
 STORM TOTAL       MM
 (MM/DD(HH))            MM

DEGREE_DAYS
COOLING TOTAL     324               390     -66      459
 SINCE 1/1       1374              1313      61     1530

FREEZE DATES
RECORD
 EARLIEST     10/01/1984
 LATEST       04/28/1992
EARLIEST                        10/26
LATEST                          04/04
.................................................................

WIND (MPH)
AVERAGE WIND SPEED              4.2
HIGHEST WIND SPEED/DIRECTION    23/320    DATE  08/22
HIGHEST GUST SPEED/DIRECTION    29/300    DATE  08/22

SKY COVER
POSSIBLE SUNSHINE (PERCENT)   MM
AVERAGE SKY COVER           0.20
NUMBER OF DAYS FAIR           23
NUMBER OF DAYS PC              6
NUMBER OF DAYS CLOUDY          2

AVERAGE RH (PERCENT)     70

WEATHER CONDITIONS. NUMBER OF DAYS WITH
THUNDERSTORM              0     MIXED PRECIP               0
HEAVY RAIN                2     RAIN                       3
LIGHT RAIN                7     FREEZING RAIN              0
LT FREEZING RAIN          0     HAIL                       0
HEAVY SNOW                0     SNOW                       0
LIGHT SNOW                0     SLEET                      0
FOG                      14     FOG W/VIS <= 1/4 MILE      4
HAZE                      6

-  INDICATES NEGATIVE NUMBERS.
R  INDICATES RECORD WAS SET OR TIED.
MM INDICATES DATA IS MISSING.
T  INDICATES TRACE AMOUNT.

$$
