000
CXUS54 KLZK 020802
CLMPBF

CLIMATE REPORT
NATIONAL WEATHER SERVICE LITTLE ROCK AR
1206 AM CST SAT DEC 2 2017

...................................

...THE PINE BLUFF CLIMATE SUMMARY FOR THE MONTH OF NOVEMBER 2017...

CLIMATE NORMAL PERIOD 1981 TO 2010
CLIMATE RECORD PERIOD 1883 TO 2017

WEATHER         OBSERVED          NORMAL  DEPART  LAST YEAR`S
                 VALUE   DATE(S)  VALUE   FROM    VALUE  DATE(S)
                                          NORMAL
................................................................
TEMPERATURE (F)
RECORD
 HIGH              88   11/01/1938
 LOW               14   11/29/1976
                        11/19/1903
HIGHEST            85   11/03        63      22       85  11/01
LOWEST             24   11/23        42     -18       29  11/20
AVG. MAXIMUM     67.5              63.6     3.9     68.8
AVG. MINIMUM     42.8              42.7     0.1     43.6
MEAN             55.2              53.1     2.1     56.2
DAYS MAX >= 90      0               0.0     0.0        0
DAYS MAX <= 32      0               0.0     0.0        0
DAYS MIN <= 32      7               3.4     3.6        3
DAYS MIN <= 0       0               0.0     0.0        0

PRECIPITATION (INCHES)
RECORD
 MAXIMUM        12.18   2004
 MINIMUM         0.02   1910
TOTALS           0.25              4.83   -4.58     3.93
DAILY AVG.       0.01              0.16   -0.15     0.13
DAYS >= .01         6               9.1    -3.1        5
DAYS >= .10         1                                  3
DAYS >= .50         0                                  3
DAYS >= 1.00        0               1.4    -1.4        2
GREATEST
 24 HR. TOTAL    0.13   11/08 TO 11/08

SNOWFALL (INCHES)
RECORDS
 TOTAL            5.0   1929
 24 HR TOTAL      5.0   11/22/1929 TO 11/22/1929
 SNOW DEPTH         5   11/22/1929
TOTALS            0.0               0.0     0.0      0.0
 LIQUID EQUIV    0.00                 T    0.00     0.00
SINCE 7/1         0.0               0.0     0.0      0.0
 LIQUID 7/1      0.00              0.00    0.00     0.00
SNOWDEPTH AVG.      0
DAYS >= TRACE       0               0.0     0.0        0
DAYS >= 1.0         0                                  0
GREATEST
 SNOW DEPTH         0   MM
 24 HR TOTAL      0.0

DEGREE_DAYS
HEATING TOTAL     324               367     -43      269
 SINCE 7/1        463               504     -41      297
COOLING TOTAL      35                12      23       15
 SINCE 1/1       2094              2131     -37     2328

FREEZE DATES
RECORD
 EARLIEST     10/10/2000
 LATEST       04/25/1910
EARLIEST                        11/12
LATEST                          03/16
.........................................................

WIND (MPH)
AVERAGE WIND SPEED              6.8
HIGHEST WIND SPEED/DIRECTION    35/300    DATE  11/18
HIGHEST GUST SPEED/DIRECTION    45/290    DATE  11/18

SKY COVER
POSSIBLE SUNSHINE (PERCENT)   MM
AVERAGE SKY COVER           0.40
NUMBER OF DAYS FAIR           15
NUMBER OF DAYS PC              7
NUMBER OF DAYS CLOUDY          8

AVERAGE RH (PERCENT)     72

WEATHER CONDITIONS. NUMBER OF DAYS WITH
THUNDERSTORM              0     MIXED PRECIP               0
HEAVY RAIN                0     RAIN                       0
LIGHT RAIN                5     FREEZING RAIN              0
LT FREEZING RAIN          0     HAIL                       0
HEAVY SNOW                0     SNOW                       0
LIGHT SNOW                0     SLEET                      0
FOG                      11     FOG W/VIS <= 1/4 MILE      1
HAZE                      6

-  INDICATES NEGATIVE NUMBERS.
R  INDICATES RECORD WAS SET OR TIED.
MM INDICATES DATA IS MISSING.
T  INDICATES TRACE AMOUNT.

&&

...DATA FOR PINE BLUFF FOR NOVEMBER 2017...

.SUMMARY...

NOVEMBER 2017 AT PINE BLUFF WAS WARMER THAN THE 30-YEAR AVERAGE.
WHAT HELPED THE MONTH STAY ABOVE AVERAGE WAS THE HIGH TEMPERATURES
AT THE BEGINNING OF THE MONTH. THE WARMEST PERIOD WAS THE FIRST
WEEK, WHEN DAILY TEMPERATURES WERE 15 TO 20 DEGREES ABOVE AVERAGE.
DURING THAT WEEK, FOUR OUT OF SEVEN DAYS HAD HIGH TEMPERATURES OF 80
DEGREES OR HIGHER. THE COOLEST PERIOD OF THE MONTH WAS FROM THE 7TH
THROUGH THE 14TH, AND FROM THE 19TH THROUGH THE 24TH.

RAINFALL WAS SEVERELY LACKING THIS MONTH. MEASURABLE RAIN FELL ON
FIVE DAYS, BUT THIS AMOUNTED TO ONLY ONE QUARTER OF AN INCH. IT WAS
THE DRIEST NOVEMBER IN OVER A CENTURY, AND THE DRIEST MONTH IN TWO
YEARS.

NO SNOW FELL FOR THE THIRD NOVEMBER IN A ROW.

.MONTHLY TEMPERATURES...
THE AVERAGE HIGH TEMPERATURE WAS THE COOLEST SINCE 2015. THE AVERAGE
LOW TEMPERATURE WAS THE COOLEST SINCE 2014. THE AVERAGE MONTHLY
TEMPERATURE WAS THE COOLEST SINCE 2015.

.DAILY TEMPERATURES...
DAILY TEMPERATURES WERE ABOVE AVERAGE ON 16 DAYS, AVERAGE ON TWO
DAYS, AND BELOW AVERAGE ON 12 DAYS.

.DAILY RECORD TEMPERATURES TIED OR BROKEN DURING THE MONTH...
DATE   RECORD TYPE                     NEW RECORD    PREVIOUS RECORD
5TH   HIGHEST LOW TEMPERATURE         69 IN 2017     63 IN 2005, 1898

ON THE 5TH, THE LOW TEMPERATURE OF 69 DEGREES MOST RECENTLY TIED
NOVEMBER 14, 2011 FOR THE 3RD WARMEST LOW TEMPERATURE ON RECORD IN
THE MONTH OF NOVEMBER AT PINE BLUFF.

.MONTHLY RAINFALL...
RAINFALL WAS SIGNIFICANTLY BELOW AVERAGE. IT WAS THE DRIEST NOVEMBER
SINCE 1910, AND THE 2ND DRIEST ON RECORD. IT WAS ALSO THE DRIEST
MONTH SINCE SEPTEMBER OF 2015.

.DAILY RAINFALL RECORDS TIED OR BROKEN DURING THE MONTH...
NONE.

.MONTHLY SNOWFALL...
NO SNOW FELL FOR THE 3RD YEAR IN A ROW.

$$

57
