000
CXUS52 KMFL 011822
CLMPBI


CLIMATE REPORT
NATIONAL WEATHER SERVICE MIAMI, FL
118 PM EST SUN FEB 1 2015

...................................

...THE WEST PALM BEACH CLIMATE SUMMARY FOR THE MONTH OF JANUARY 2015...

CLIMATE NORMAL PERIOD 1981 TO 2010
CLIMATE RECORD PERIOD 1888 TO 2015

WEATHER         OBSERVED          NORMAL  DEPART  LAST YEAR`S
                 VALUE   DATE(S)  VALUE   FROM    VALUE
                                          NORMAL
.............................................................
TEMPERATURE (F)
RECORD
 HIGH              89   01/04/1942
 LOW               26   01/26/1905
HIGHEST            84   01/04                         86
LOWEST             47   01/25                         38
AVG. MAXIMUM     77.0              74.6     2.4     74.2
AVG. MINIMUM     61.2              56.8     4.4     56.9
MEAN             69.1              65.7     3.4     65.5
DAYS MAX >= 90      0                                  0
DAYS MAX <= 32      0                                  0
DAYS MIN <= 32      0                                  0
DAYS MIN <= 0       0                                  0

PRECIPITATION (INCHES)
RECORD
 MAXIMUM        11.18   1998
 MINIMUM         0.11   2009
TOTALS           1.05              3.13   -2.08    10.42
DAILY AVG.       0.03              0.10   -0.07     0.34
DAYS >= .01         9                                  9
DAYS >= .10         3                                  8
DAYS >= .50         0                                  4
DAYS >= 1.00        0                                  4
GREATEST
 24 HR. TOTAL    0.33   12/31 TO 01/01              4.27

DEGREE_DAYS
HEATING TOTAL      28                86     -58       98
 SINCE 7/1         70               157     -87      102
COOLING TOTAL     164               108      56      122
 SINCE 1/1        164               106      58      122
..............................................................

WIND (MPH)
AVERAGE WIND SPEED              9.7
HIGHEST WIND SPEED/DIRECTION    31/280    DATE  01/24
HIGHEST GUST SPEED/DIRECTION    41/260    DATE  01/26

SKY COVER
POSSIBLE SUNSHINE (PERCENT)   MM
AVERAGE SKY COVER           0.60
NUMBER OF DAYS FAIR            2
NUMBER OF DAYS PC             24
NUMBER OF DAYS CLOUDY          5

AVERAGE RH (PERCENT)     71

WEATHER CONDITIONS. NUMBER OF DAYS WITH
THUNDERSTORM              0     MIXED PRECIP               0
HEAVY RAIN                3     RAIN                       4
LIGHT RAIN               10     FREEZING RAIN              0
LT FREEZING RAIN          0     HAIL                       0
HEAVY SNOW                0     SNOW                       0
LIGHT SNOW                0     SLEET                      0
FOG                      10     FOG W/VIS <= 1/4 MILE      1
HAZE                      2

-  INDICATES NEGATIVE NUMBERS.
R  INDICATES RECORD WAS SET OR TIED.
MM INDICATES DATA IS MISSING.
T  INDICATES TRACE AMOUNT.

$$
