000
CXUS51 KPHI 011052
CLMPHL


CLIMATE REPORT
NATIONAL WEATHER SERVICE MOUNT HOLLY NJ
652 AM EDT FRI APR 1 2016

...................................

...THE PHILADELPHIA CLIMATE SUMMARY FOR THE MONTH OF MARCH 2016...

CLIMATE NORMAL PERIOD 1981 TO 2010
CLIMATE RECORD PERIOD 1872 TO 2016

WEATHER         OBSERVED          NORMAL  DEPART  LAST YEAR`S
                 VALUE   DATE(S)  VALUE   FROM    VALUE  DATE(S)
                                          NORMAL
................................................................
TEMPERATURE (F)
RECORD
 HIGH              87   03/29/1945
 LOW                5   03/05/1872
HIGHEST            82                73       9       68
LOWEST             27                19       8       11
AVG. MAXIMUM     60.7              52.7     8.0     47.8
AVG. MINIMUM     41.2              34.4     6.8     30.5
MEAN             51.0              43.5     7.5     39.1
DAYS MAX >= 90      0               0.0     0.0        0
DAYS MAX <= 32      0               0.6    -0.6        2
DAYS MIN <= 32      4              11.6    -7.6       19
DAYS MIN <= 0       0               0.0     0.0        0

PRECIPITATION (INCHES)
RECORD
 MAXIMUM         9.10   1912
 MINIMUM         0.38   1910
TOTALS           2.01              3.79   -1.78     5.52
DAILY AVG.       0.06              0.12   -0.06     0.18
DAYS >= .01        12              10.5     1.5       13
DAYS >= .10         3               6.7    -3.7        9
DAYS >= .50         1               2.6    -1.6        6
DAYS >= 1.00        1               1.0     0.0        0
GREATEST
 24 HR. TOTAL    1.09   03/13 TO 03/14              0.95

SNOWFALL (INCHES)
RECORDS
 TOTAL             MM   5
 24 HR TOTAL       MM
TOTALS            1.0               2.9    -1.9     12.0
SINCE 7/1        27.2              21.9     5.3     27.0
SNOWDEPTH AVG.      0                MM      MM        1
DAYS >= 1.0         0               0.7    -0.7        2
GREATEST
 SNOW DEPTH         T   03/04                          8  03/06
 24 HR TOTAL      0.9   MM                           7.5

DEGREE_DAYS
HEATING TOTAL     432               665    -233      793
 SINCE 7/1       3118              4147   -1029     4446
COOLING TOTAL       5                 1       4        0
 SINCE 1/1          5                 1       4        0
.................................................................

WIND (MPH)
AVERAGE WIND SPEED              10.1
HIGHEST WIND SPEED/DIRECTION    38/260    DATE  03/28
HIGHEST GUST SPEED/DIRECTION    47/270    DATE  03/28

SKY COVER
POSSIBLE SUNSHINE (PERCENT)   MM
AVERAGE SKY COVER           0.60
NUMBER OF DAYS FAIR            3
NUMBER OF DAYS PC             17
NUMBER OF DAYS CLOUDY         11

AVERAGE RH (PERCENT)     54

WEATHER CONDITIONS. NUMBER OF DAYS WITH
THUNDERSTORM              0     MIXED PRECIP               0
HEAVY RAIN                1     RAIN                       3
LIGHT RAIN               15     FREEZING RAIN              0
LT FREEZING RAIN          0     HEAVY SNOW                 0
SNOW                      2     LIGHT SNOW                 5
SLEET                     1     FOG                        9
FOG W/VIS <= 1/4 MILE     0     HAZE                       7

-  INDICATES NEGATIVE NUMBERS.
R  INDICATES RECORD WAS SET OR TIED.
MM INDICATES DATA IS MISSING.
T  INDICATES TRACE AMOUNT.

$$
