864
CXUS51 KPHI 031511
CLMPHL


CLIMATE REPORT
NATIONAL WEATHER SERVICE MOUNT HOLLY NJ
1011 AM EST WED FEB 3 2016

...................................

...THE PHILADELPHIA CLIMATE SUMMARY FOR THE MONTH OF JANUARY 2016...

CLIMATE NORMAL PERIOD 1981 TO 2010
CLIMATE RECORD PERIOD 1872 TO 2016

WEATHER         OBSERVED          NORMAL  DEPART  LAST YEAR`S
                 VALUE   DATE(S)  VALUE   FROM    VALUE  DATE(S)
                                          NORMAL
................................................................
TEMPERATURE (F)
RECORD
 HIGH              74   01/26/1950
 LOW               -7   01/22/1984
                        01/17/1982
HIGHEST            65                60       5       58
LOWEST             12                 9       3        9
AVG. MAXIMUM     42.3              40.3     2.0     37.8
AVG. MINIMUM     26.1              25.6     0.5     23.9
MEAN             34.2              33.0     1.2     30.9
DAYS MAX >= 90      0               0.0     0.0        0
DAYS MAX <= 32      6               6.7    -0.7        6
DAYS MIN <= 32     26              22.6     3.4       27
DAYS MIN <= 0       0               0.2    -0.2        0

PRECIPITATION (INCHES)
RECORD
 MAXIMUM         8.86   1978
 MINIMUM         0.45   1955
TOTALS           2.63              3.03   -0.40     4.52
DAILY AVG.       0.08              0.10   -0.02     0.15
DAYS >= .01         6              10.6    -4.6       11
DAYS >= .10         5               5.8    -0.8        7
DAYS >= .50         2               2.3    -0.3        4
DAYS >= 1.00        1               0.7     0.3        1
GREATEST
 24 HR. TOTAL    1.40   01/23 TO 01/23              1.84

SNOWFALL (INCHES)
RECORDS
 TOTAL             MM   5
 24 HR TOTAL       MM
TOTALS           22.9               6.5    16.4      4.3
SINCE 7/1        22.9              10.2    12.7      4.4
SNOWDEPTH AVG.      3                MM      MM        0
DAYS >= 1.0         2               1.6     0.4        1
GREATEST
 SNOW DEPTH        18   01/24                          1  01/27
                                                          01/24
                                                          01/22
 24 HR TOTAL     19.4   MM                           1.5

DEGREE_DAYS
HEATING TOTAL     947               993     -46     1048
 SINCE 7/1       1928              2663    -735     2560
COOLING TOTAL       0                 0       0        0
 SINCE 1/1          0                 0       0        0
.................................................................

WIND (MPH)
AVERAGE WIND SPEED              10.0
HIGHEST WIND SPEED/DIRECTION    38/040    DATE  01/23
HIGHEST GUST SPEED/DIRECTION    49/040    DATE  01/23

SKY COVER
POSSIBLE SUNSHINE (PERCENT)   MM
AVERAGE SKY COVER           0.50
NUMBER OF DAYS FAIR           10
NUMBER OF DAYS PC             13
NUMBER OF DAYS CLOUDY          8

AVERAGE RH (PERCENT)     56

WEATHER CONDITIONS. NUMBER OF DAYS WITH
THUNDERSTORM              0     MIXED PRECIP               0
HEAVY RAIN                1     RAIN                       1
LIGHT RAIN                7     FREEZING RAIN              0
LT FREEZING RAIN          0     HEAVY SNOW                 1
SNOW                      3     LIGHT SNOW                 5
SLEET                     0     FOG                        7
FOG W/VIS <= 1/4 MILE     0     HAZE                       1

-  INDICATES NEGATIVE NUMBERS.
R  INDICATES RECORD WAS SET OR TIED.
MM INDICATES DATA IS MISSING.
T  INDICATES TRACE AMOUNT.

$$
