000
CXUS53 KUNR 092059
CLMPHP


CLIMATE REPORT
NATIONAL WEATHER SERVICE RAPID CITY SD
159 PM MST THU MAR 9 2017

...................................

...THE PHILIP SD CLIMATE SUMMARY FOR THE MONTH OF FEBRUARY 2017...

CLIMATE NORMAL PERIOD 1981 TO 2010
CLIMATE RECORD PERIOD 9999 TO 9999

WEATHER         OBSERVED          NORMAL  DEPART  LAST YEAR`S
                 VALUE   DATE(S)  VALUE   FROM    VALUE  DATE(S)
                                          NORMAL
................................................................
TEMPERATURE (F)
HIGHEST            75   02/21                         73  02/18
LOWEST                  02/03                          8  02/03
AVG. MAXIMUM     44.1              38.6     5.5     47.7
AVG. MINIMUM     19.2              12.8     6.4     22.2
MEAN             31.7              25.7     6.0     35.0
DAYS MAX >= 90      0                                  0
DAYS MAX <= 32     10                                  3
DAYS MIN <= 32     24                                 28
DAYS MIN <= 0       1                                  0

PRECIPITATION (INCHES)
TOTALS           0.26              0.48   -0.22     0.47
DAILY AVG.       0.01              0.02   -0.01     0.02
DAYS >= .01         6                                  5
DAYS >= .10         1                                  2
DAYS >= .50         0                                  0
DAYS >= 1.00        0                                  0
GREATEST
 24 HR. TOTAL    0.10   02/27 TO 02/27              0.21

DEGREE_DAYS
HEATING TOTAL     926              1100    -174      863
 SINCE 7/1       5060              5365    -305     4812
COOLING TOTAL       0                 0       0        0
 SINCE 1/1          0                 0       0        0
.................................................................

WIND (MPH)
AVERAGE WIND SPEED              9.3
HIGHEST WIND SPEED/DIRECTION    31/320    DATE  02/22
HIGHEST GUST SPEED/DIRECTION    38/330    DATE  02/22

AVERAGE RH (PERCENT)     68

WEATHER CONDITIONS. NUMBER OF DAYS WITH
THUNDERSTORM              0     MIXED PRECIP               0
HEAVY RAIN                0     RAIN                       0
LIGHT RAIN                4     FREEZING RAIN              0
LT FREEZING RAIN          0     HAIL                       0
HEAVY SNOW                0     SNOW                       0
LIGHT SNOW                8     SLEET                      0
FOG                       8     FOG W/VIS <= 1/4 MILE      1
HAZE                      1

-  INDICATES NEGATIVE NUMBERS.
R  INDICATES RECORD WAS SET OR TIED.
MM INDICATES DATA IS MISSING.
T  INDICATES TRACE AMOUNT.

$$
