000
CXUS51 KPBZ 081329
CLMPIT

CLIMATE REPORT
NATIONAL WEATHER SERVICE PITTSBURGH PA
1220 PM EDT TUE AUG 1 2017

...................................

...THE PITTSBURGH PA CLIMATE SUMMARY FOR THE MONTH OF JULY 2017...

CLIMATE NORMAL PERIOD 1981 TO 2010
CLIMATE RECORD PERIOD 1871 TO 2017

WEATHER         OBSERVED          NORMAL  DEPART  LAST YEAR`S
                 VALUE   DATE(S)  VALUE   FROM    VALUE  DATE(S)
                                          NORMAL
................................................................
TEMPERATURE (F)
RECORD
 HIGH             103   07/16/1988
                        07/10/1881
 LOW               42   07/09/1963
HIGHEST            89   07/19        83     06        93  07/25
LOWEST             54   07/09        63    -09        55  07/03
                                                          07/02
AVG. MAXIMUM     82.5              82.5     0.0     85.4
AVG. MINIMUM     64.9              62.8     2.1     65.6
MEAN             73.7              72.6     1.1     75.5
DAYS MAX >= 90      0               3.0    -3.0        6
DAYS MAX <= 32      0               0.0     0.0        0
DAYS MIN <= 32      0               0.0     0.0        0
DAYS MIN <= 0       0               0.0     0.0        0

PRECIPITATION (INCHES)
RECORD
 MAXIMUM         9.51   1887
 MINIMUM         1.16   1894
TOTALS           6.42              3.83    2.59
DAILY AVG.       0.21              0.12    0.09     0.10
DAYS >= .01        17              10.2     6.8       13
DAYS >= .10        15               6.8     8.2        7
DAYS >= .50         6               2.6     3.4        2
DAYS >= 1.00        1               0.9     0.1        0
GREATEST
 24 HR. TOTAL    1.17   07/28 TO 07/28           07/30 TO 07/30
                                                          07/31 TO 07/31
                                                          07/31 TO 07/31

SNOWFALL (INCHES)
RECORDS
 TOTAL            0.0
 24 HR TOTAL      0.0   07/31/2002 TO 07/31/2002
                        07/01/2001 TO 07/01/2001
TOTALS            0.0               0.0     0.0      0.0
SINCE 7/1         0.0               0.0     0.0      0.0
SNOWDEPTH AVG.      0               0.0     0.0        0
DAYS >= TRACE       0
DAYS >= 1.0         0               0.0     0.0        0
GREATEST
 24 HR TOTAL      0.0   07/31 TO 07/31               0.0

DEGREE_DAYS
HEATING TOTAL       0                 4      -4        1
 SINCE 7/1          0                 4      -4        1
COOLING TOTAL     278               241      37      335
 SINCE 1/1        526               443      83      625
..................................................

WIND (MPH)
AVERAGE WIND SPEED              5.8
HIGHEST WIND SPEED/DIRECTION    32/250    DATE  07/11
HIGHEST GUST SPEED/DIRECTION    46/250    DATE  07/11

AVERAGE RH (PERCENT)     75

WEATHER CONDITIONS. NUMBER OF DAYS WITH
THUNDERSTORM              0     MIXED PRECIP               0
HEAVY RAIN                8     RAIN                       9
LIGHT RAIN               18     FREEZING RAIN              0
LT FREEZING RAIN          0     HAIL                       0
HEAVY SNOW                0     SNOW                       0
LIGHT SNOW                0     SLEET                      0
FOG                      18     FOG W/VIS <= 1/4 MILE      2
HAZE                      3

-  INDICATES NEGATIVE NUMBERS.
R  INDICATES RECORD WAS SET OR TIED.
MM INDICATES DATA IS MISSING.
T  INDICATES TRACE AMOUNT.

$$
