000
CXUS46 KLOX 011643
CLMPMD


CLIMATE REPORT
NATIONAL WEATHER SERVICE LOS ANGELES/OXNARD CA
842 AM PST MON FEB 1 2016

...................................

...THE PALMDALE AIRPORT CA CLIMATE SUMMARY FOR THE MONTH OF JANUARY 2016...

CLIMATE NORMAL PERIOD 1981 TO 2010
CLIMATE RECORD PERIOD 1931 TO 2016

WEATHER         OBSERVED          NORMAL  DEPART  LAST YEAR`S
                 VALUE   DATE(S)  VALUE   FROM    VALUE
                                          NORMAL
.............................................................
TEMPERATURE (F)
HIGHEST            74   01/29
LOWEST             17   01/01
AVG. MAXIMUM     56.9              58.6    -1.7
AVG. MINIMUM     34.5              31.4     3.1
MEAN             45.7              45.0     0.7
DAYS MAX >= 90      0
DAYS MAX <= 32      0
DAYS MIN <= 32     12
DAYS MIN <= 0       0

PRECIPITATION (INCHES)
TOTALS           1.36              1.57   -0.21
DAILY AVG.       0.04
DAYS >= .01         5
DAYS >= .10         3
DAYS >= .50         1
DAYS >= 1.00        0
GREATEST
 24 HR. TOTAL    0.75   01/05 TO 01/05
 STORM TOTAL       MM
 (MM/DD(HH))

DEGREE_DAYS
HEATING TOTAL     591               620     -29      519
 SINCE 7/1       1792              1784       8     1368
COOLING TOTAL       0                 0       0        0
 SINCE 1/1          0                 0       0        0
..............................................................

WIND (MPH)
AVERAGE WIND SPEED              8.7
HIGHEST WIND SPEED/DIRECTION    46/210    DATE  01/31
HIGHEST GUST SPEED/DIRECTION    54/210    DATE  01/31

SKY COVER
POSSIBLE SUNSHINE (PERCENT)   MM
AVERAGE SKY COVER           0.20
NUMBER OF DAYS FAIR           25
NUMBER OF DAYS PC              5
NUMBER OF DAYS CLOUDY          1

AVERAGE RH (PERCENT)     62

WEATHER CONDITIONS. NUMBER OF DAYS WITH
THUNDERSTORM              0     MIXED PRECIP               0
HEAVY RAIN                3     RAIN                       3
LIGHT RAIN                5     FREEZING RAIN              0
LT FREEZING RAIN          0     HAIL                       0
HEAVY SNOW                0     SNOW                       0
LIGHT SNOW                1     SLEET                      0
FOG                       8     FOG W/VIS <= 1/4 MILE      0
HAZE                      4

-  INDICATES NEGATIVE NUMBERS.
R  INDICATES RECORD WAS SET OR TIED.
MM INDICATES DATA IS MISSING.
T  INDICATES TRACE AMOUNT.

$$
