000
CXUS54 KMOB 012344
CLMPNS


CLIMATE REPORT
NATIONAL WEATHER SERVICE MOBILE AL
633 PM CDT WED NOV 1 2017

...................................

...THE PENSACOLA CLIMATE SUMMARY FOR THE MONTH OF OCTOBER 2017...

CLIMATE NORMAL PERIOD 1981 TO 2010
CLIMATE RECORD PERIOD 1879 TO 2017

WEATHER         OBSERVED          NORMAL  DEPART  LAST YEAR`S
                 VALUE   DATE(S)  VALUE   FROM    VALUE  DATE(S)
                                          NORMAL
................................................................
TEMPERATURE (F)
RECORD
 HIGH              95   10/08/1884
 LOW               32   10/31/1993
HIGHEST            92   10/12        79       3       92  10/08
                                                          10/07
LOWEST             41   10/29        60       5       51  10/23
AVG. MAXIMUM     82.2              78.9     3.3     85.2
AVG. MINIMUM     64.7              60.3     4.4     63.7
MEAN             73.5              69.6     3.9     74.4
DAYS MAX >= 90      3               0.1     2.9        4
DAYS MAX <= 32      0               0.0     0.0        0
DAYS MIN <= 32      0               0.0     0.0        0
DAYS MIN <= 0       0               0.0     0.0        0

PRECIPITATION (INCHES)
RECORD
 MAXIMUM           MM   MM
 MINIMUM           MM   MM
TOTALS          10.30              5.24    5.06        T
DAILY AVG.       0.33              0.17    0.16        T
DAYS >= .01        11               6.1     4.9        0
DAYS >= .10         7               4.3     2.7        0
DAYS >= .50         6               2.6     3.4        0
DAYS >= 1.00        5               1.7     3.3        0
GREATEST
 24 HR. TOTAL    2.57   10/28 TO 10/28

DEGREE_DAYS
HEATING TOTAL      33                37      -4        1
 SINCE 7/1         33                38      -5        1
COOLING TOTAL     304               180     124      302
 SINCE 1/1       3257              2550     707     3121
.................................................................

WIND (MPH)
AVERAGE WIND SPEED              8.1
HIGHEST WIND SPEED/DIRECTION    38/170    DATE  10/08
HIGHEST GUST SPEED/DIRECTION    53/150    DATE  10/07

SKY COVER
POSSIBLE SUNSHINE (PERCENT)   MM
AVERAGE SKY COVER           0.30
NUMBER OF DAYS FAIR           18
NUMBER OF DAYS PC              9
NUMBER OF DAYS CLOUDY          4

AVERAGE RH (PERCENT)     67

WEATHER CONDITIONS. NUMBER OF DAYS WITH
THUNDERSTORM              4     MIXED PRECIP               0
HEAVY RAIN                7     RAIN                       7
LIGHT RAIN               11     FREEZING RAIN              0
LT FREEZING RAIN          0     HAIL                       0
HEAVY SNOW                0     SNOW                       0
LIGHT SNOW                0     SLEET                      0
FOG                       9     FOG W/VIS <= 1/4 MILE      2
HAZE                     12

-  INDICATES NEGATIVE NUMBERS.
R  INDICATES RECORD WAS SET OR TIED.
MM INDICATES DATA IS MISSING.
T  INDICATES TRACE AMOUNT.

$$
