468
CXZS50 NSTU 052210
CLMPPG

CLIMATE REPORT
NATIONAL WEATHER SERVICE PAGO PAGO AS
1110 AM SST THU MAY 5 2016

.....................................

...THE PAGO PAGO AIRPORT CLIMATE SUMMARY FOR THE MONTH OF APRIL 2016...

CLIMATE NORMAL PERIOD 1981 TO 2010
CLIMATE RECORD PERIOD 1956 TO 2016

WEATHER ITEM      OBSERVED    DATES       NORMAL      DEPARTURE   LAST YEAR
                  VALUE                   VALUE       FROM        VALUE DATE(S)
                                                      NORMAL
.............................................................................
TEMPERATURE (F)
RECORD
 HIGH             95          04/14/1998
 LOW              68          04/22/1979

HIGHEST           90          04/07        88         2           90 04/12
                              04/05
                              04/02
LOWEST            76          04/30        77        -1           75 04/26
                              04/29                                  04/02
                              04/27
                              04/26
                              04/11

AVG. MAXIMUM      85.8                    87.5       -1.7         87.4
AVG. MINIMUM      78.5                    77.3        1.2         77.7
MEAN              82.4                    82.4        0.0         82.6
DAYS MAX >= 90     3                       2.9        0.1          1
DAYS MAX <= 32     0                       0.0        0.0          0
DAYS MIN <= 32     0                       0.0        0.0          0
DAYS MIN <= 0      0                       0.0        0.0          0

PRECIPITATION (INCHES)
RECORD
 MAXIMUM          30.87R     2016
 MINIMUM           0.74      1998
TOTALS            30.87                  11.02       19.85        14.35
DAILY AVG.         1.03                   0.37        0.66         0.48
DAYS >= .01       28                     22.1         5.9         22
DAYS >= .10       21                     14.6         6.4         15
DAYS >= .50       16                      6.8         9.2          8
DAYS >= 1.00      13                      3.4         9.6          3
GREATEST
 24 HR. TOTAL      6.68      04/29 TO 30                 5.32     04/22

DEGREE DAYS
HEATING TOTAL     000                     00          00          00
SINCE 1/1         000                     00          00          00
COOLING TOTAL     521                    522          -1         533
SINCE 1/1        2297                   2112         185        2151

WIND (MPH)
AVERAGE WIND SPEED 10.7
HIGHEST WIND SPEED/DIRECTION   30/090     DATE 04/11
HIGHEST GUST SPEED/DIRECTION   MM         DATE MM

SKY COVER
POSSIBLE SUNSHINE (PERCENT)    MM
AVERAGE SKY COVER               7.3
NUMBER OF DAYS FAIR            00
NUMBER OF DAYS PC              04
NUMBER OF DAYS CLOUDY          26

AVERAGE RH (PERCENT)           89

WEATHER CONDITIONS NUMBER OF DAYS WITH
THUNDERSTORM            12    MIXED PRECIP            00
HEAVY RAIN              19    RAIN                    01
LIGHT RAIN              29    FREEZING RAIN           00
LT FREEZING RAIN        00    HAIL                    00
HEAVY SNOW              00    SNOW                    00
LIGHT SNOW              00    SLEET                   00
FOG                     00    FOG W/VIS <= 1/4 MILE   00
HAZE                    00

- INDICATES NEGATIVE NUMBERS
R INDICATES RECORD WAS SET OR TIED
MM INDICATES DATA IS MISSING
T INDICATES TRACE AMOUNTTEMPERATURE (F)
