000
CXUS56 KPDT 011442 RRA
CLMPSC

CLIMATE REPORT
NATIONAL WEATHER SERVICE PENDLETON OREGON
726 AM PDT MON JUN 01 2015

....................................

...THE PASCO WA CLIMATE SUMMARY FOR THE MONTH OF MAY 2015...

CLIMATE NORMAL PERIOD 1981 TO 2010
CLIMATE RECORD PERIOD 1942 TO 2015

WEATHER         OBSERVED          NORMAL  DEPART  LAST YEAR`S
                 VALUE   DATE(S)  VALUE   FROM    VALUE  DATE(S)
                                          NORMAL

................................................................

TEMPERATURE (F)
RECORD
 HIGH             101   5/23/2001
 LOW               28   5/ 5/1999
HIGHEST            94   5/29       40        54            91   5/15
LOWEST             33   5/ 3       12        21            33   5/12
AVG. MAXIMUM     79.8            75.6       4.2          79.0
AVG. MINUMUM     48.2            45.8       2.4          46.6
MEAN             64.0            60.7       3.3          62.8


PRECIPITATION (INCHES)
RECORD
 MAXIMUM          1.40   2011
 MINIMUM          0.16   2001
TOTALS            1.28            0.73      0.55          0.29
DAILY AVG.        0.04            0.02      0.02          0.01
DAYS >=  0.01        6               3         3             6
DAYS >=  0.10        2               1         1             1
DAYS >=  0.50        2               0         2             0
DAYS >=  1.00        0               0         0             0
GREATEST
 24 HR. TOTAL     0.57   5/12



SNOWFALL (INCHES)
RECORD
 MAXIMUM           0.0   2014
 MINIMUM           0.0   2014
TOTALS             0.0             0.0       0.0           0.0
SINCE 7/1          0.9             0.0       0.9           4.7
DAYS >=  TRACE                       0         0
DAYS >=  1.0         0               0         0             0
GREATEST
 24 HR. TOTAL      0.0   5/31


DEGREE DAYS
HEATING TOTAL      107             164       -57            94
 SINCE 7/1        4391            4982      -591          5207
COOLING TOTAL       82              32        50            34
 SINCE 1/1          82              32        50            34

.............................................................

WIND (MPH)
AVERAGE WIND SPEED                     6.6
RESULTANT WIND SPEED/DIRECTION         4/245
HIGHEST WIND SPEED/DIRECTION          28/230      DATE          05/13
HIGHEST GUST SPEED/DIRECTION          35/250      DATE          05/13


WEATHER CONDITIONS. NUMBER OF DAYS WITH
THUNDERSTORM               3    MIXED PRECIP                           0
HEAVY RAIN                 3    RAIN                                   3
LIGHT RAIN                11    FREEZING RAIN                          0
LT FREEZING RAIN           0    HAIL                                   0
HEAVY SNOW                 0    SNOW                                   0
LIGHT SNOW                 0    SLEET                                  0
FOG                        2    FOG W/VIS <=1/4 MILE                   0
HAZE                       0

-  INDICATES NEGATIVE NUMBERS.
R  INDICATES RECORD WAS SET OR TIED.
MM INDICATES DATA IS MISSING.
T  INDICATES TRACE AMOUNT.

$$
