000
CXUS55 KPUB 011618
CLMPUB


CLIMATE REPORT
NATIONAL WEATHER SERVICE PUEBLO
1011 AM MDT TUE APR 1 2014

...................................

...THE PUEBLO CO CLIMATE SUMMARY FOR THE MONTH OF MARCH 2014...

CLIMATE NORMAL PERIOD 1981 TO 2010
CLIMATE RECORD PERIOD 1888 TO 2014

WEATHER         OBSERVED          NORMAL  DEPART  LAST YEAR`S
                 VALUE   DATE(S)  VALUE   FROM    VALUE  DATE(S)
                                          NORMAL
................................................................
TEMPERATURE (F)
RECORD
 HIGH              86   03/10/1989
                        03/31/1946
                        03/29/1943
 LOW              -20   03/05/1948
HIGHEST            77   03/10        61      16       80  03/15
LOWEST              6   03/02        22     -16        4  03/05
AVG. MAXIMUM     59.2              59.1     0.1     58.6
AVG. MINIMUM     27.0              25.6     1.4     23.4
MEAN             43.1              42.3     0.8     41.0
DAYS MAX >= 90      0               0.0     0.0
DAYS MAX <= 32      2               0.8     1.2
DAYS MIN <= 32     22              24.3    -2.3
DAYS MIN <= 0       0               0.1    -0.1

PRECIPITATION (INCHES)
RECORD
 MAXIMUM         3.06   1905
 MINIMUM         0.01   1893
TOTALS           0.76              0.93   -0.17     0.21
DAILY AVG.       0.02              0.03   -0.01
DAYS >= .01         4               6.3    -2.3
DAYS >= .10         2               3.0    -1.0
DAYS >= .50         1               0.2     0.8
DAYS >= 1.00        0               0.0     0.0
GREATEST
 24 HR. TOTAL    0.59   03/07 TO 03/08

SNOWFALL (INCHES)
RECORDS
 TOTAL           22.4   1948
TOTALS            2.4               5.7    -3.3      5.7
SINCE 7/1        21.0              27.5    -6.5     20.4
SNOWDEPTH AVG.      0
DAYS >= 1.0         1               1.8    -0.8
GREATEST
 SNOW DEPTH         1   03/02                          2
                        03/22
                        03/23
 24 HR TOTAL      1.4   03/22                        3.5

DEGREE_DAYS
HEATING TOTAL     672               702     -30      735
 SINCE 7/1       4877              5005    -128     4972
COOLING TOTAL       0                 0       0        0
 SINCE 1/1          0                 0       0        0
.................................................................

WIND (MPH)
AVERAGE WIND SPEED              10.2
HIGHEST WIND SPEED/DIRECTION    49/360    DATE  03/18
HIGHEST GUST SPEED/DIRECTION    59/010    DATE  03/18

SKY COVER
POSSIBLE SUNSHINE (PERCENT)   MM
AVERAGE SKY COVER           0.20
NUMBER OF DAYS FAIR           24
NUMBER OF DAYS PC              6
NUMBER OF DAYS CLOUDY          1

AVERAGE RH (PERCENT)     48

WEATHER CONDITIONS. NUMBER OF DAYS WITH
THUNDERSTORM              0     MIXED PRECIP               2
HEAVY RAIN                1     RAIN                       1
LIGHT RAIN                3     FREEZING RAIN              0
LT FREEZING RAIN          0     HAIL                       0
HEAVY SNOW                0     SNOW                       2
LIGHT SNOW                5     SLEET                      0
FOG                       5     FOG W/VIS <= 1/4 MILE      1
HAZE                      1

-  INDICATES NEGATIVE NUMBERS.
R  INDICATES RECORD WAS SET OR TIED.
MM INDICATES DATA IS MISSING.
T  INDICATES TRACE AMOUNT.

$$
