000
CXUS56 KOTX 011316
CLMPUW
CLIMATE REPORT
NATIONAL WEATHER SERVICE SPOKANE WA
516 AM PST FRI MAR 01 2024
...................................
...THE PULLMAN_MOSCOW AIRPORT CLIMATE SUMMARY FOR THE MONTH OF FEBRUARY 2024...
CLIMATE NORMAL PERIOD 1991 TO 2020
CLIMATE RECORD PERIOD 1893 TO 2024
WEATHER OBSERVED NORMAL DEPART LAST YEAR`S
VALUE DATE(S) VALUE FROM VALUE DATE(S)
NORMAL
................................................................
TEMPERATURE (F)
RECORD
HIGH 66 02/25/1986
LOW -19 02/01/1950
HIGHEST 52 02/01 MM MM 49 02/20
02/23
LOWEST 22 02/14 MM MM 2 02/24
AVG. MAXIMUM 42.4 41.6 0.8 40.4
AVG. MINIMUM 31.4 29.2 2.2 25.0
MEAN 36.9 35.4 1.5 32.7
DAYS MAX >= 90 0 0.0 0.0 0
DAYS MAX <= 32 0 3.3 -3.3 3
DAYS MIN <= 32 16 20.4 -4.4 24
DAYS MIN <= 0 0 0.4 -0.4 0
PRECIPITATION (INCHES)
RECORD
MAXIMUM 6.10 1961
MINIMUM T 1903
TOTALS 1.53 1.59 -0.06 0.80
DAILY AVG. 0.05 NAN NAN 0.03
DAYS >= .01 19 12.7 6.3 11
DAYS >= .10 5 5.5 -0.5 3
DAYS >= .50 0 0.4 -0.4 0
DAYS >= 1.00 0 0.1 -0.1 0
GREATEST
24 HR. TOTAL 0.46 02/25 TO 02/26 0.24
DEGREE DAYS
HEATING TOTAL 808 829 -21 895
SINCE 7/1 4178 4509 -331 MM
COOLING TOTAL 0 0 0 0
SINCE 1/1 0 0 0 MM
................................................................
WIND (MPH)
AVERAGE WIND SPEED 8.3
HIGHEST WIND SPEED/DIRECTION 30/240 DATE 02/25
HIGHEST GUST SPEED/DIRECTION 52/240 DATE 02/25
SKY COVER
POSSIBLE SUNSHINE (PERCENT) MM
AVERAGE SKY COVER 0.75
NUMBER OF DAYS FAIR 2
NUMBER OF DAYS PC 10
NUMBER OF DAYS CLOUDY 17
AVERAGE RH (PERCENT) 80
WEATHER CONDITIONS. NUMBER OF DAYS WITH
THUNDERSTORM 0 MIXED PRECIP 0
HEAVY RAIN 0 RAIN 1
LIGHT RAIN 16 FREEZING RAIN 0
LT FREEZING RAIN 0 HAIL 0
HEAVY SNOW 0 SNOW 3
LIGHT SNOW 11 SLEET 0
FOG 23 FOG W/VIS <= 1/4 MILE 5
HAZE 2
- INDICATES NEGATIVE NUMBERS.
R INDICATES RECORD WAS SET OR TIED.
MM INDICATES DATA IS MISSING.
T INDICATES TRACE AMOUNT.
$$