000
CXUS53 KLOT 011303
CLMPWK


CLIMATE REPORT
NATIONAL WEATHER SERVICE CHICAGO IL
659 AM CST MON FEB 1 2016

...................................

...THE CHICAGO EXECUTIVE CLIMATE SUMMARY FOR THE MONTH OF JANUARY 2016...

CLIMATE NORMAL PERIOD 1981 TO 2010
CLIMATE RECORD PERIOD 1996 TO 2016

WEATHER         OBSERVED          NORMAL  DEPART  LAST YEAR`S
                 VALUE   DATE(S)  VALUE   FROM    VALUE
                                          NORMAL
.............................................................
TEMPERATURE (F)
RECORD
 HIGH              65   01/07/2008
 LOW              -15   01/06/2014
HIGHEST            47   01/31        MM      MM       44
                        01/30
LOWEST             -4   01/18        MM      MM       -8
AVG. MAXIMUM     31.7              30.8     0.9     29.4
AVG. MINIMUM     17.8              16.6     1.2     15.5
MEAN             24.8              23.7     1.1     22.5

PRECIPITATION (INCHES)
RECORD
 MAXIMUM         5.02   2003
 MINIMUM         0.35   1999
TOTALS           0.38              1.63   -1.25     0.69

DEGREE_DAYS
HEATING TOTAL    1240              1280     -40     1314
 SINCE 7/1       3055              3697    -642     3735
COOLING TOTAL       0                 0       0        0
 SINCE 1/1          0                 0       0        0
..............................................................

WIND (MPH)
AVERAGE WIND SPEED              8.8
HIGHEST WIND SPEED/DIRECTION    28/320    DATE  01/10
HIGHEST GUST SPEED/DIRECTION    36/320    DATE  01/10

AVERAGE RH (PERCENT)     73


-  INDICATES NEGATIVE NUMBERS.
R  INDICATES RECORD WAS SET OR TIED.
MM INDICATES DATA IS MISSING.
T  INDICATES TRACE AMOUNT.

$$
