000
CXUS56 KSGX 021421
CLMRAL


CLIMATE REPORT
NATIONAL WEATHER SERVICE SAN DIEGO, CA
721 AM PDT SUN AUG 2 2015

...................................

...THE RIVERSIDE MUNI AIRPORT CA CLIMATE SUMMARY FOR THE MONTH OF JULY 2015...

CLIMATE NORMAL PERIOD 1981 TO 2010
CLIMATE RECORD PERIOD 1893 TO 2015

WEATHER         OBSERVED          NORMAL  DEPART  LAST YEAR`S
                 VALUE   DATE(S)  VALUE   FROM    VALUE  DATE(S)
                                          NORMAL
................................................................
TEMPERATURE (F)
RECORD
 HIGH             118   07/17/1925
 LOW               41   07/07/1948
HIGHEST            97   07/30        94       3      105  07/24
                        07/29
LOWEST             60   07/11        63      -3       61  07/18
AVG. MAXIMUM     90.0              92.9    -2.9     93.6
AVG. MINIMUM     65.6              63.9     1.7     66.5
MEAN             77.8              78.4    -0.6     80.0
DAYS MAX >= 90     18              21.7    -3.7       24
DAYS MAX <= 32      0               0.0     0.0        0
DAYS MAX >= 100     0                                  1
DAYS MAX >= 110     0                                  0
DAYS MIN <= 32      0               0.0     0.0        0

PRECIPITATION (INCHES)
RECORD
 MAXIMUM         1.26   1956
 MINIMUM         0.00   2007
                        2001
                        2000
TOTALS           1.94R             0.07    1.87        T
DAILY AVG.       0.06              0.00    0.06        T
DAYS >= .01         4                MM      MM        0
DAYS >= .10         2                MM      MM        0
DAYS >= .50         2                MM      MM        0
DAYS >= 1.00        1                MM      MM        0
DAYS >= 1.50        0                                  0
DAYS >= 2.00        0                                  0
GREATEST
 24 HR. TOTAL    1.37   07/19 TO 07/20           07/28 TO 07/28
                                                          07/27 TO 07/28
                                                          07/28 TO 07/28
 STORM TOTAL       MM                                 MM
 (MM/DD(HH))            MM                    07/28(00) TO 07/28(00)
                                                 07/28(00) TO 07/28(00)8
                                                 07/28(00) TO 07/28(00)8

DEGREE_DAYS
HEATING TOTAL       0                 0       0        0
 SINCE 7/1          0                 0       0        0
COOLING TOTAL     405               415     -10      476
 SINCE 1/1       1085               812     273     1141

FREEZE DATES
RECORD
 EARLIEST     10/21/1949
 LATEST       04/28/1894
EARLIEST                        12/04
LATEST                          02/24
.........................................................

WIND (MPH)
AVERAGE WIND SPEED              5.3
RESULTANT WIND SPEED/DIRECTION   4/269
HIGHEST WIND SPEED/DIRECTION    21/090    DATE  07/19
HIGHEST GUST SPEED/DIRECTION    28/100    DATE  07/19

SKY COVER
POSSIBLE SUNSHINE (PERCENT)   MM
AVERAGE SKY COVER           0.30
NUMBER OF DAYS FAIR           21
NUMBER OF DAYS PC             10
NUMBER OF DAYS CLOUDY          0

AVERAGE RH (PERCENT)     60

WEATHER CONDITIONS. NUMBER OF DAYS WITH
THUNDERSTORM              0     MIXED PRECIP               0
HEAVY RAIN                1     RAIN                       2
LIGHT RAIN                4     FREEZING RAIN              0
LT FREEZING RAIN          0     HAIL                       0
HEAVY SNOW                0     SNOW                       0
LIGHT SNOW                0     SLEET                      0
FOG                       7     FOG W/VIS <= 1/4 MILE      0
HAZE                      5

-  INDICATES NEGATIVE NUMBERS.
R  INDICATES RECORD WAS SET OR TIED.
MM INDICATES DATA IS MISSING.
T  INDICATES TRACE AMOUNT.

$$
