000
CXUS51 KPHI 040921
CLMRDG

CLIMATE REPORT
NATIONAL WEATHER SERVICE MOUNT HOLLY NJ
505 AM EDT TUE JUL 4 2017

...................................

...THE READING PA CLIMATE SUMMARY FOR THE MONTH OF JUNE 2017...

CLIMATE NORMAL PERIOD 1981 TO 2010
CLIMATE RECORD PERIOD 1869 TO 2017

WEATHER         OBSERVED          NORMAL  DEPART  LAST YEAR`S
                 VALUE   DATE(S)  VALUE   FROM    VALUE
                                          NORMAL
.............................................................
TEMPERATURE (F)
RECORD
 HIGH             102   06/26/1952
 LOW               36   06/11/1972
HIGHEST            96                MM      MM       92
LOWEST             48                MM      MM       51
AVG. MAXIMUM     82.6              81.2     1.4     82.7
AVG. MINIMUM     61.3              59.8     1.5     61.1
MEAN             72.0              70.5     1.5     71.9
DAYS MAX >= 90      5               2.6     2.4        3
DAYS MAX <= 32      0               0.0     0.0        0
DAYS MIN <= 32      0               0.0     0.0        0
DAYS MIN <= 0       0               0.0     0.0        0

PRECIPITATION (INCHES)
RECORD
 MAXIMUM        15.73   1972
 MINIMUM         0.54   1923
TOTALS           5.27              3.78    1.49     1.82
DAILY AVG.       0.18              0.13    0.05     0.06
DAYS >= .01        12                MM      MM       10
DAYS >= .10         7                MM      MM        7
DAYS >= .50         5                MM      MM        0
DAYS >= 1.00        2                MM      MM        0
GREATEST
 24 HR. TOTAL    1.35   06/24 TO 06/24              0.45

DEGREE_DAYS
HEATING TOTAL      16                24      -8        9
 SINCE 7/1       4581              5392    -811     4503
COOLING TOTAL     234               189      45      226
 SINCE 1/1        309               249      60      320
..............................................................

WIND (MPH)
AVERAGE WIND SPEED              5.8
HIGHEST WIND SPEED/DIRECTION    33/260    DATE  06/19
HIGHEST GUST SPEED/DIRECTION    55/280    DATE  06/19

SKY COVER
POSSIBLE SUNSHINE (PERCENT)   MM
AVERAGE SKY COVER           0.30
NUMBER OF DAYS FAIR           16
NUMBER OF DAYS PC             11
NUMBER OF DAYS CLOUDY          3

AVERAGE RH (PERCENT)     71

WEATHER CONDITIONS. NUMBER OF DAYS WITH
THUNDERSTORM              6     MIXED PRECIP               0
HEAVY RAIN                8     RAIN                       4
LIGHT RAIN               16     FREEZING RAIN              0
LT FREEZING RAIN          0     HEAVY SNOW                 0
SNOW                      0     LIGHT SNOW                 0
SLEET                     0     FOG                       18
FOG W/VIS <= 1/4 MILE     1     HAZE                       1

-  INDICATES NEGATIVE NUMBERS.
R  INDICATES RECORD WAS SET OR TIED.
MM INDICATES DATA IS MISSING.
T  INDICATES TRACE AMOUNT.

$$
